-- https://www.phpmyadmin.net/
--
-- Servidor: 127.0.0.1
-- Tiempo de generación: 14-11-2020 a las 19:07:44
-- Versión del servidor: 10.4.14-MariaDB
-- Versión de PHP: 7.3.22

START TRANSACTION;



--
-- Base de datos: `db_feriavirtual`
--

-- --------------------------------------------------------

--
-- Estructura de tabla para la tabla `clientes`
--

CREATE TABLE `clientes` (
  `idclientes` int(10) NOT NULL,
  `nombre` varchar(200) DEFAULT NULL,
  `hash_logo` varchar(200) DEFAULT NULL,
  `nombre_logo` varchar(200) DEFAULT NULL
) ENGINE=InnoDB DEFAULT CHARSET=utf8mb4;

--
-- Volcado de datos para la tabla `clientes`
--

INSERT INTO `clientes` (`idclientes`, `nombre`, `hash_logo`, `nombre_logo`) VALUES
(14, 'Camara Comercio de Lima', 'b65269ba83d1204380ad57660675dfba.svg', 'ccll.svg');

-- --------------------------------------------------------

--
-- Estructura de tabla para la tabla `conferencias`
--

CREATE TABLE `conferencias` (
  `idconferencias` int(10) NOT NULL,
  `titulo` varchar(200) DEFAULT NULL,
  `enlace` varchar(200) DEFAULT NULL,
  `hash_imagen` varchar(200) DEFAULT NULL,
  `nombre_imagen` varchar(200) DEFAULT NULL,
  `idferias` int(10) NOT NULL DEFAULT 0
) ENGINE=InnoDB DEFAULT CHARSET=utf8mb4;

-- --------------------------------------------------------

--
-- Estructura de tabla para la tabla `cronogramas`
--

CREATE TABLE `cronogramas` (
  `idcronogramas` int(10) NOT NULL,
  `titulo` varchar(250) DEFAULT NULL,
  `fecha` date DEFAULT NULL,
  `hora_inicio` time DEFAULT NULL,
  `hora_fin` time DEFAULT NULL,
  `idferias` int(10) NOT NULL DEFAULT 0,
  `idexpositores` int(10) NOT NULL DEFAULT 0,
  `hash_logo` varchar(250) DEFAULT NULL,
  `nombre_logo` varchar(11) DEFAULT NULL
) ENGINE=InnoDB DEFAULT CHARSET=utf8mb4;

-- --------------------------------------------------------

--
-- Estructura de tabla para la tabla `empresas`
--

CREATE TABLE `empresas` (
  `idempresas` int(11) NOT NULL,
  `idzonas` int(10) NOT NULL DEFAULT 0,
  `nombre` varchar(200) DEFAULT NULL,
  `hash_logo` varchar(200) DEFAULT NULL,
  `nombre_logo` varchar(200) DEFAULT NULL,
  `enlace_video` varchar(250) DEFAULT NULL,
  `idstand` int(10) NOT NULL DEFAULT 0
) ENGINE=InnoDB DEFAULT CHARSET=utf8mb4;

--
-- Volcado de datos para la tabla `empresas`
--

INSERT INTO `empresas` (`idempresas`, `idzonas`, `nombre`, `hash_logo`, `nombre_logo`, `enlace_video`, `idstand`) VALUES
(1, 4, 'Mased', '908cda37ad1399b2879a957994bd070f.jpg', 'logo-ejemplo.jpg', 'https://www.youtube.com/watch?v=wZDYqXYHXlE', 2),
(2, 4, 'Roker', '2a07078b793cf955bb45910a97b9eaa2.jpg', 'logo-ejemplo.jpg', 'https://www.youtube.com/watch?v=gUljYCLZpLQ', 3);

-- --------------------------------------------------------

--
-- Estructura de tabla para la tabla `expositores`
--

CREATE TABLE `expositores` (
  `idexpositores` int(10) NOT NULL,
  `idempresas` int(10) NOT NULL DEFAULT 0,
  `nombres` varchar(200) DEFAULT NULL,
  `apellido_paterno` varchar(200) DEFAULT NULL,
  `apellido_materno` varchar(200) DEFAULT NULL
) ENGINE=InnoDB DEFAULT CHARSET=utf8mb4;

--
-- Volcado de datos para la tabla `expositores`
--

INSERT INTO `expositores` (`idexpositores`, `idempresas`, `nombres`, `apellido_paterno`, `apellido_materno`) VALUES
(2, 0, 'Jhon Gonzalo', 'Gómez', 'Arce');

-- --------------------------------------------------------

--
-- Estructura de tabla para la tabla `expositores_conferencias`
--

CREATE TABLE `expositores_conferencias` (
  `idexpositoresconferencias` int(10) NOT NULL,
  `idexpositores` int(10) NOT NULL DEFAULT 0,
  `enlace` varchar(250) DEFAULT NULL
) ENGINE=InnoDB DEFAULT CHARSET=utf8mb4;

--
-- Volcado de datos para la tabla `expositores_conferencias`
--

INSERT INTO `expositores_conferencias` (`idexpositoresconferencias`, `idexpositores`, `enlace`) VALUES
(11, 2, 'fsfffffffffffffff');

-- --------------------------------------------------------

--
-- Estructura de tabla para la tabla `fd_modulos`
--

CREATE TABLE `fd_modulos` (
  `idmodulos` int(10) NOT NULL,
  `nombre` varchar(50) DEFAULT NULL,
  `ruta` varchar(50) DEFAULT NULL,
  `icono` varchar(50) DEFAULT NULL,
  `col_grupo_dash` int(11) DEFAULT NULL,
  `pos_grupo_dash` int(11) DEFAULT NULL
) ENGINE=MyISAM DEFAULT CHARSET=latin1;

--
-- Volcado de datos para la tabla `fd_modulos`
--

INSERT INTO `fd_modulos` (`idmodulos`, `nombre`, `ruta`, `icono`, `col_grupo_dash`, `pos_grupo_dash`) VALUES
(1, 'Sistema', 'sistema', 'fas fa-cog', 1, 1),
(24, 'Producto', 'producto', 'fas fa-box-open', 1, 4),
(23, 'Mantenimiento', 'mantenimiento', 'fas fa-cog', 1, 1),
(21, 'Cliente', 'cliente', 'fas fa-users', 1, 1),
(25, 'Promoción', 'promocion', 'fas fa-toolbox', 1, 5);

-- --------------------------------------------------------

--
-- Estructura de tabla para la tabla `fd_perfiles`
--

CREATE TABLE `fd_perfiles` (
  `idperfil` int(10) NOT NULL,
  `nombre` varchar(50) DEFAULT NULL,
  `descripcion` varchar(100) DEFAULT NULL
) ENGINE=MyISAM DEFAULT CHARSET=latin1;

--
-- Volcado de datos para la tabla `fd_perfiles`
--

INSERT INTO `fd_perfiles` (`idperfil`, `nombre`, `descripcion`) VALUES
(1, 'Administrador', 'Perfil principal del administrador'),
(7, 'TAIS REPRESENTACIONES', 'Eventos feriales Lima ');

-- --------------------------------------------------------

--
-- Estructura de tabla para la tabla `fd_perfiles_modulos`
--

CREATE TABLE `fd_perfiles_modulos` (
  `idperfilmodulo` int(10) NOT NULL,
  `idperfil` int(10) DEFAULT NULL,
  `idsubmodulo` int(10) DEFAULT NULL
) ENGINE=MyISAM DEFAULT CHARSET=latin1;

--
-- Volcado de datos para la tabla `fd_perfiles_modulos`
--

INSERT INTO `fd_perfiles_modulos` (`idperfilmodulo`, `idperfil`, `idsubmodulo`) VALUES
(1117, 1, 100),
(1116, 1, 99),
(1115, 1, 98),
(1114, 1, 89),
(1113, 1, 88),
(1112, 1, 87),
(1111, 1, 86),
(1110, 1, 81),
(1109, 1, 78),
(1108, 1, 84),
(1107, 1, 82),
(1106, 1, 83),
(1105, 1, 85),
(1104, 1, 51),
(1103, 1, 50),
(1102, 1, 1),
(1118, 1, 90),
(1119, 7, 85),
(1120, 7, 81),
(1121, 7, 86),
(1122, 7, 87),
(1123, 7, 88),
(1124, 7, 89),
(1125, 7, 98),
(1126, 7, 99),
(1127, 7, 100),
(1128, 7, 90);

-- --------------------------------------------------------

--
-- Estructura de tabla para la tabla `fd_submodulos`
--

CREATE TABLE `fd_submodulos` (
  `idsubmodulo` int(10) NOT NULL,
  `nombre` varchar(50) DEFAULT NULL,
  `ruta` varchar(50) DEFAULT NULL,
  `idmodulo` int(10) DEFAULT NULL,
  `icono` varchar(50) DEFAULT NULL,
  `visible_grupo_dash` int(1) DEFAULT NULL,
  `desc_grupo_dash` varchar(150) DEFAULT NULL
) ENGINE=MyISAM DEFAULT CHARSET=latin1;

--
-- Volcado de datos para la tabla `fd_submodulos`
--

INSERT INTO `fd_submodulos` (`idsubmodulo`, `nombre`, `ruta`, `idmodulo`, `icono`, `visible_grupo_dash`, `desc_grupo_dash`) VALUES
(1, 'Usuarios', 'usuarios', 1, 'fas fa-users', 1, 'Gestione los usuarios'),
(50, 'Perfiles', 'perfiles', 1, 'fas fa-key', 1, 'Gestione los perfiles'),
(51, 'Módulos', 'modulos', 1, 'fas fa-folder-open', 1, 'Gestione los módulos'),
(83, 'Stand', 'stand', 23, 'fas fa-home', 1, 'Gestione los stand'),
(78, 'Clientes', 'clientes', 21, 'fas fa-users', 1, 'Gestione los clientes'),
(81, 'Visitantes', 'visitantes', 21, 'fas fa-users-medical', 1, 'Gestione los visitantes'),
(82, 'Páginas', 'paginas', 23, 'fas fa-pager', 1, 'Gestione las páginas'),
(84, 'Planes', 'planes', 23, 'fas fa-toolbox', 1, 'Gestione los planes'),
(85, 'Productos', 'productos', 24, 'fas fa-box-open', 1, 'Gestione los productos'),
(86, 'Ferias', 'ferias', 21, 'fas fa-home-lg', 1, 'Gestione las ferias'),
(87, 'Cronogramas', 'cronogramas', 21, 'fas fa-calendar-alt', 1, 'Gestione los cronogramas'),
(88, 'Conferencias', 'conferencias', 21, 'fas fa-camera-movie', 1, 'Gestione las conferencias'),
(89, 'Empresas', 'empresas', 21, 'fas fa-building', 1, 'Gestione las empresas'),
(90, 'promociones', 'promociones', 25, 'fas fa-toolbox', 1, 'Gestione las promociones'),
(98, 'Zonas', 'zonas', 21, 'fas fa-box-open', 1, 'Gestione las zonas'),
(99, 'Expositores', 'expositores', 21, 'fas fa-users', 1, 'Gestione los expositores');

-- --------------------------------------------------------

--
-- Estructura de tabla para la tabla `ferias`
--

CREATE TABLE `ferias` (
  `idferias` int(10) NOT NULL,
  `nombre` varchar(250) DEFAULT NULL,
  `idclientes` int(10) NOT NULL DEFAULT 0,
  `idplanes` int(10) NOT NULL DEFAULT 0,
  `hash_logo` varchar(200) DEFAULT NULL,
  `nombre_logo` varchar(200) DEFAULT NULL
) ENGINE=InnoDB DEFAULT CHARSET=utf8mb4;

--
-- Volcado de datos para la tabla `ferias`
--

INSERT INTO `ferias` (`idferias`, `nombre`, `idclientes`, `idplanes`, `hash_logo`, `nombre_logo`) VALUES
(13, 'Tecnosalud', 14, 5, 'e4ea3b493f1025b95d57e0b5e5578bc1.svg', 'logo-ejemplo.svg'),
(15, 'Expohogar', 14, 7, 'e38e0fa81d6d530104e58679f4c58162.svg', 'logo-ejemplo.svg');

-- --------------------------------------------------------

--
-- Estructura de tabla para la tabla `paginas`
--

CREATE TABLE `paginas` (
  `idpaginas` int(11) NOT NULL,
  `nombre` varchar(200) DEFAULT NULL,
  `hash_url` char(30) DEFAULT NULL
) ENGINE=InnoDB DEFAULT CHARSET=utf8mb4;

--
-- Volcado de datos para la tabla `paginas`
--

INSERT INTO `paginas` (`idpaginas`, `nombre`, `hash_url`) VALUES
(9, 'Conferencias', 'conferencias'),
(10, 'Zonas', 'zonas'),
(11, 'Hall', 'hall'),
(12, 'Recepción', 'recepcion'),
(13, 'Registro', 'registro'),
(14, 'Home', 'home');

-- --------------------------------------------------------

--
-- Estructura de tabla para la tabla `paginas_ferias`
--

CREATE TABLE `paginas_ferias` (
  `idpaginasferias` int(11) NOT NULL,
  `idpaginas` int(10) NOT NULL DEFAULT 0,
  `idferias` int(10) NOT NULL DEFAULT 0,
  `configuracion` text DEFAULT NULL
) ENGINE=InnoDB DEFAULT CHARSET=utf8mb4;

--
-- Volcado de datos para la tabla `paginas_ferias`
--

INSERT INTO `paginas_ferias` (`idpaginasferias`, `idpaginas`, `idferias`, `configuracion`) VALUES
(68, 14, 13, '{\"imagen_tv\":{\"hash\":\"38af30a1766f81b37ac3e1f1fd1f4b2a.jpg\",\"nombre\":\"stand-dollar-house.jpg\"},\"imagen_derecha_3\":{\"hash\":\"5afc9375ede8b32d0233be66f1d60724.jpg\",\"nombre\":\"stand-7.jpg\"},\"imagen_derecha_2\":{\"hash\":\"a7f2b03da1989f616f860cc25ed4c415.jpg\",\"nombre\":\"IMG_20200815_173335.jpg\"},\"imagen_izquierda_1\":{\"hash\":\"f6fefb67dd265b377b65130a86820a90.png\",\"nombre\":\"areas-tv.png\"},\"imagen_izquierda_2\":{\"hash\":\"10753874b53e1f0bb9c8e9220dd462f1.jpg\",\"nombre\":\"ufc.jpg\"},\"imagen_izquierda_3\":{\"hash\":\"597c31a87437e1b46cef3fe8d6513791.jpg\",\"nombre\":\"Principal-01.jpg\"},\"imagen_derecha_1\":{\"hash\":\"4e1bd46475f5a4dd5465a006044409ab.jpg\",\"nombre\":\"IMG_20200815_173335.jpg\"}}'),
(71, 11, 13, '{\"imagen_izquierda_1\":{\"hash\":\"024b80b19a39e5f5768e37428ee572bd.jpg\",\"nombre\":\"IMG_20201005_110659.jpg\"},\"imagen_izquierda_2\":{\"hash\":\"b3567d7f4dab86614ab7ec8c0379f968.jpg\",\"nombre\":\"IMG_20201007_182859.jpg\"},\"imagen_zonas\":{\"hash\":\"4c9a3ae3fabecd41fe93ba00f0355269.png\",\"nombre\":\"areas-tv.png\"},\"imagen_fondo\":{\"hash\":\"24d61fec4392bf409a421ac7075ec769.jpg\",\"nombre\":\"hall-areas.jpg\"}}');

-- --------------------------------------------------------

--
-- Estructura de tabla para la tabla `planes`
--

CREATE TABLE `planes` (
  `idplanes` int(10) NOT NULL,
  `nombre` varchar(250) DEFAULT NULL,
  `cantidad_zonas` int(10) NOT NULL DEFAULT 0,
  `cantidad_empresas_zonas` int(10) NOT NULL DEFAULT 0
) ENGINE=InnoDB DEFAULT CHARSET=utf8mb4;

--
-- Volcado de datos para la tabla `planes`
--

INSERT INTO `planes` (`idplanes`, `nombre`, `cantidad_zonas`, `cantidad_empresas_zonas`) VALUES
(5, 'Básico', 12, 2),
(7, 'Avanzado', 10, 10);

-- --------------------------------------------------------

--
-- Estructura de tabla para la tabla `planes_paginas`
--

CREATE TABLE `planes_paginas` (
  `idplanespaginas` int(11) NOT NULL,
  `idplanes` int(10) NOT NULL DEFAULT 0,
  `idpaginas` int(10) NOT NULL DEFAULT 0
) ENGINE=InnoDB DEFAULT CHARSET=utf8mb4;

--
-- Volcado de datos para la tabla `planes_paginas`
--

INSERT INTO `planes_paginas` (`idplanespaginas`, `idplanes`, `idpaginas`) VALUES
(13, 5, 14),
(14, 5, 13),
(15, 5, 12),
(16, 5, 11),
(17, 7, 14),
(18, 7, 10),
(19, 7, 9);

-- --------------------------------------------------------

--
-- Estructura de tabla para la tabla `productos`
--

CREATE TABLE `productos` (
  `idproductos` int(10) NOT NULL,
  `idempresas` int(20) NOT NULL DEFAULT 0,
  `nombre` varchar(250) DEFAULT NULL,
  `enlace` varchar(200) DEFAULT NULL,
  `tipo_enlace` char(30) DEFAULT NULL,
  `idferias` int(10) NOT NULL DEFAULT 0,
  `hash_imagen` varchar(250) DEFAULT NULL,
  `nombre_imagen` varchar(250) DEFAULT NULL
) ENGINE=InnoDB DEFAULT CHARSET=utf8mb4;

-- --------------------------------------------------------

--
-- Estructura de tabla para la tabla `stand`
--

CREATE TABLE `stand` (
  `idstand` int(11) NOT NULL,
  `nombre` varchar(200) DEFAULT NULL
) ENGINE=InnoDB DEFAULT CHARSET=utf8mb4;

--
-- Volcado de datos para la tabla `stand`
--

INSERT INTO `stand` (`idstand`, `nombre`) VALUES
(2, 'ESTANDAR'),
(3, 'PREMIUM');

-- --------------------------------------------------------

--
-- Estructura de tabla para la tabla `zonas`
--

CREATE TABLE `zonas` (
  `idzonas` int(11) NOT NULL,
  `nombre` varchar(200) DEFAULT NULL,
  `imagen` varchar(200) DEFAULT NULL,
  `idferias` int(10) NOT NULL DEFAULT 0
) ENGINE=InnoDB DEFAULT CHARSET=utf8mb4;

--
-- Volcado de datos para la tabla `zonas`
--

INSERT INTO `zonas` (`idzonas`, `nombre`, `imagen`, `idferias`) VALUES
(4, 'Equipamiento Médico', NULL, 13),
(5, 'Material Médico', NULL, 13),
(6, 'Zona Conexas', NULL, 13),
(7, 'Zona Internacional', NULL, 13);

--
-- Índices para tablas volcadas
--

--
-- Indices de la tabla `clientes`
--
ALTER TABLE `clientes`
  ADD PRIMARY KEY (`idclientes`);

--
-- Indices de la tabla `conferencias`
--
ALTER TABLE `conferencias`
  ADD PRIMARY KEY (`idconferencias`);

--
-- Indices de la tabla `cronogramas`
--
ALTER TABLE `cronogramas`
  ADD PRIMARY KEY (`idcronogramas`);

--
-- Indices de la tabla `empresas`
--
ALTER TABLE `empresas`
  ADD PRIMARY KEY (`idempresas`);

--
-- Indices de la tabla `expositores`
--
ALTER TABLE `expositores`
  ADD PRIMARY KEY (`idexpositores`);

--
-- Indices de la tabla `expositores_conferencias`
--
ALTER TABLE `expositores_conferencias`
  ADD PRIMARY KEY (`idexpositoresconferencias`);

--
-- Indices de la tabla `fd_modulos`
--
ALTER TABLE `fd_modulos`
  ADD PRIMARY KEY (`idmodulos`);

--
-- Indices de la tabla `fd_perfiles`
--
ALTER TABLE `fd_perfiles`
  ADD PRIMARY KEY (`idperfil`);

--
-- Indices de la tabla `fd_perfiles_modulos`
--
ALTER TABLE `fd_perfiles_modulos`
  ADD PRIMARY KEY (`idperfilmodulo`),
  ADD KEY `sys_perfiles_modulos_fk0` (`idperfil`),
  ADD KEY `sys_perfiles_modulos_fk1` (`idsubmodulo`);

--
-- Indices de la tabla `fd_submodulos`
--
ALTER TABLE `fd_submodulos`
  ADD PRIMARY KEY (`idsubmodulo`),
  ADD KEY `sys_submodulos_fk0` (`idmodulo`);

--
-- Indices de la tabla `ferias`
--
ALTER TABLE `ferias`
  ADD PRIMARY KEY (`idferias`);

--
-- Indices de la tabla `paginas`
--
ALTER TABLE `paginas`
  ADD PRIMARY KEY (`idpaginas`);

--
-- Indices de la tabla `paginas_ferias`
--
ALTER TABLE `paginas_ferias`
  ADD PRIMARY KEY (`idpaginasferias`);

--
-- Indices de la tabla `planes`
--
ALTER TABLE `planes`
  ADD PRIMARY KEY (`idplanes`);

--
-- Indices de la tabla `planes_paginas`
--
ALTER TABLE `planes_paginas`
  ADD PRIMARY KEY (`idplanespaginas`);

--
-- Indices de la tabla `productos`
--
ALTER TABLE `productos`
  ADD PRIMARY KEY (`idproductos`);

--
-- Indices de la tabla `stand`
--
ALTER TABLE `stand`
  ADD PRIMARY KEY (`idstand`);

--
-- Indices de la tabla `zonas`
--
ALTER TABLE `zonas`
  ADD PRIMARY KEY (`idzonas`);

--
-- AUTO_INCREMENT de las tablas volcadas
--

--
-- AUTO_INCREMENT de la tabla `clientes`
--
ALTER TABLE `clientes`
  MODIFY `idclientes` int(10) NOT NULL AUTO_INCREMENT, AUTO_INCREMENT=19;

--
-- AUTO_INCREMENT de la tabla `conferencias`
--
ALTER TABLE `conferencias`
  MODIFY `idconferencias` int(10) NOT NULL AUTO_INCREMENT, AUTO_INCREMENT=3;

--
-- AUTO_INCREMENT de la tabla `cronogramas`
--
ALTER TABLE `cronogramas`
  MODIFY `idcronogramas` int(10) NOT NULL AUTO_INCREMENT, AUTO_INCREMENT=9;

--
-- AUTO_INCREMENT de la tabla `empresas`
--
ALTER TABLE `empresas`
  MODIFY `idempresas` int(11) NOT NULL AUTO_INCREMENT, AUTO_INCREMENT=3;

--
-- AUTO_INCREMENT de la tabla `expositores`
--
ALTER TABLE `expositores`
  MODIFY `idexpositores` int(10) NOT NULL AUTO_INCREMENT, AUTO_INCREMENT=3;

--
-- AUTO_INCREMENT de la tabla `expositores_conferencias`
--
ALTER TABLE `expositores_conferencias`
  MODIFY `idexpositoresconferencias` int(10) NOT NULL AUTO_INCREMENT, AUTO_INCREMENT=12;

--
-- AUTO_INCREMENT de la tabla `fd_modulos`
--
ALTER TABLE `fd_modulos`
  MODIFY `idmodulos` int(10) NOT NULL AUTO_INCREMENT, AUTO_INCREMENT=32;

--
-- AUTO_INCREMENT de la tabla `fd_perfiles`
--
ALTER TABLE `fd_perfiles`
  MODIFY `idperfil` int(10) NOT NULL AUTO_INCREMENT, AUTO_INCREMENT=8;

--
-- AUTO_INCREMENT de la tabla `fd_perfiles_modulos`
--
ALTER TABLE `fd_perfiles_modulos`
  MODIFY `idperfilmodulo` int(10) NOT NULL AUTO_INCREMENT, AUTO_INCREMENT=1129;

--
-- AUTO_INCREMENT de la tabla `fd_submodulos`
--
ALTER TABLE `fd_submodulos`
  MODIFY `idsubmodulo` int(10) NOT NULL AUTO_INCREMENT, AUTO_INCREMENT=101;

--
-- AUTO_INCREMENT de la tabla `ferias`
--
ALTER TABLE `ferias`
  MODIFY `idferias` int(10) NOT NULL AUTO_INCREMENT, AUTO_INCREMENT=16;

--
-- AUTO_INCREMENT de la tabla `paginas`
--
ALTER TABLE `paginas`
  MODIFY `idpaginas` int(11) NOT NULL AUTO_INCREMENT, AUTO_INCREMENT=16;

--
-- AUTO_INCREMENT de la tabla `paginas_ferias`
--
ALTER TABLE `paginas_ferias`
  MODIFY `idpaginasferias` int(11) NOT NULL AUTO_INCREMENT, AUTO_INCREMENT=72;

--
-- AUTO_INCREMENT de la tabla `planes`
--
ALTER TABLE `planes`
  MODIFY `idplanes` int(10) NOT NULL AUTO_INCREMENT, AUTO_INCREMENT=11;

--
-- AUTO_INCREMENT de la tabla `planes_paginas`
--
ALTER TABLE `planes_paginas`
  MODIFY `idplanespaginas` int(11) NOT NULL AUTO_INCREMENT, AUTO_INCREMENT=20;

--
-- AUTO_INCREMENT de la tabla `productos`
--
ALTER TABLE `productos`
  MODIFY `idproductos` int(10) NOT NULL AUTO_INCREMENT, AUTO_INCREMENT=32;

--
-- AUTO_INCREMENT de la tabla `stand`
--
ALTER TABLE `stand`
  MODIFY `idstand` int(11) NOT NULL AUTO_INCREMENT, AUTO_INCREMENT=4;

--
-- AUTO_INCREMENT de la tabla `zonas`
--
ALTER TABLE `zonas`
  MODIFY `idzonas` int(11) NOT NULL AUTO_INCREMENT, AUTO_INCREMENT=8;
COMMIT;

