-- https://www.phpmyadmin.net/
--
-- Servidor: 127.0.0.1
-- Tiempo de generación: 14-11-2020 a las 19:07:44
-- Versión del servidor: 10.4.14-MariaDB
-- Versión de PHP: 7.3.22

START TRANSACTION;



--
-- Base de datos: `db_feriavirtual`
--

-- --------------------------------------------------------

--
-- Estructura de tabla para la tabla `clientes`
--

CREATE TABLE `clientes` (
  `idclientes` int(10) NOT NULL,
  `nombre` varchar(200) DEFAULT NULL,
  `hash_logo` varchar(200) DEFAULT NULL,
  `nombre_logo` varchar(200) DEFAULT NULL
) ENGINE=InnoDB DEFAULT CHARSET=utf8mb4;

--
-- Volcado de datos para la tabla `clientes`
--

INSERT INTO `clientes` (`idclientes`, `nombre`, `hash_logo`, `nombre_logo`) VALUES
(14, 'Camara Comercio de Lima', 'b65269ba83d1204380ad57660675dfba.svg', 'ccll.svg');

-- --------------------------------------------------------

--
-- Estructura de tabla para la tabla `conferencias`
--

CREATE TABLE `conferencias` (
  `idconferencias` int(10) NOT NULL,
  `titulo` varchar(200) DEFAULT NULL,
  `enlace` varchar(200) DEFAULT NULL,
  `hash_imagen` varchar(200) DEFAULT NULL,
  `nombre_imagen` varchar(200) DEFAULT NULL,
  `idferias` int(10) NOT NULL DEFAULT 0
) ENGINE=InnoDB DEFAULT CHARSET=utf8mb4;

-- --------------------------------------------------------

--
-- Estructura de tabla para la tabla `cronogramas`
--

CREATE TABLE `cronogramas` (
  `idcronogramas` int(10) NOT NULL,
  `titulo` varchar(250) DEFAULT NULL,
  `fecha` date DEFAULT NULL,
  `hora_inicio` time DEFAULT NULL,
  `hora_fin` time DEFAULT NULL,
  `idferias` int(10) NOT NULL DEFAULT 0,
  `idexpositores` int(10) NOT NULL DEFAULT 0,
  `hash_logo` varchar(250) DEFAULT NULL,
  `nombre_logo` varchar(11) DEFAULT NULL
) ENGINE=InnoDB DEFAULT CHARSET=utf8mb4;

-- --------------------------------------------------------

--
-- Estructura de tabla para la tabla `empresas`
--

CREATE TABLE `empresas` (
  `idempresas` int(11) NOT NULL,
  `idzonas` int(10) NOT NULL DEFAULT 0,
  `nombre` varchar(200) DEFAULT NULL,
  `hash_logo` varchar(200) DEFAULT NULL,
  `nombre_logo` varchar(200) DEFAULT NULL,
  `enlace_video` varchar(250) DEFAULT NULL,
  `idstand` int(10) NOT NULL DEFAULT 0
) ENGINE=InnoDB DEFAULT CHARSET=utf8mb4;

--
-- Volcado de datos para la tabla `empresas`
--

INSERT INTO `empresas` (`idempresas`, `idzonas`, `nombre`, `hash_logo`, `nombre_logo`, `enlace_video`, `idstand`) VALUES
(1, 4, 'Mased', '908cda37ad1399b2879a957994bd070f.jpg', 'logo-ejemplo.jpg', 'https://www.youtube.com/watch?v=wZDYqXYHXlE', 2),
(2, 4, 'Roker', '2a07078b793cf955bb45910a97b9eaa2.jpg', 'logo-ejemplo.jpg', 'https://www.youtube.com/watch?v=gUljYCLZpLQ', 3);

-- --------------------------------------------------------

--
-- Estructura de tabla para la tabla `expositores`
--

CREATE TABLE `expositores` (
  `idexpositores` int(10) NOT NULL,
  `idempresas` int(10) NOT NULL DEFAULT 0,
  `nombres` varchar(200) DEFAULT NULL,
  `apellido_paterno` varchar(200) DEFAULT NULL,
  `apellido_materno` varchar(200) DEFAULT NULL
) ENGINE=InnoDB DEFAULT CHARSET=utf8mb4;

--
-- Volcado de datos para la tabla `expositores`
--

INSERT INTO `expositores` (`idexpositores`, `idempresas`, `nombres`, `apellido_paterno`, `apellido_materno`) VALUES
(2, 0, 'Jhon Gonzalo', 'Gómez', 'Arce');

-- --------------------------------------------------------

--
-- Estructura de tabla para la tabla `expositores_conferencias`
--

CREATE TABLE `expositores_conferencias` (
  `idexpositoresconferencias` int(10) NOT NULL,
  `idexpositores` int(10) NOT NULL DEFAULT 0,
  `enlace` varchar(250) DEFAULT NULL
) ENGINE=InnoDB DEFAULT CHARSET=utf8mb4;

--
-- Volcado de datos para la tabla `expositores_conferencias`
--

INSERT INTO `expositores_conferencias` (`idexpositoresconferencias`, `idexpositores`, `enlace`) VALUES
(11, 2, 'fsfffffffffffffff');

-- --------------------------------------------------------

--
-- Estructura de tabla para la tabla `fd_modulos`
--

CREATE TABLE `fd_modulos` (
  `idmodulos` int(10) NOT NULL,
  `nombre` varchar(50) DEFAULT NULL,
  `ruta` varchar(50) DEFAULT NULL,
  `icono` varchar(50) DEFAULT NULL,
  `col_grupo_dash` int(11) DEFAULT NULL,
  `pos_grupo_dash` int(11) DEFAULT NULL
) ENGINE=MyISAM DEFAULT CHARSET=latin1;

--
-- Volcado de datos para la tabla `fd_modulos`
--

INSERT INTO `fd_modulos` (`idmodulos`, `nombre`, `ruta`, `icono`, `col_grupo_dash`, `pos_grupo_dash`) VALUES
(1, 'Sistema', 'sistema', 'fas fa-cog', 1, 1),
(24, 'Producto', 'producto', 'fas fa-box-open', 1, 4),
(23, 'Mantenimiento', 'mantenimiento', 'fas fa-cog', 1, 1),
(21, 'Cliente', 'cliente', 'fas fa-users', 1, 1),
(25, 'Promoción', 'promocion', 'fas fa-toolbox', 1, 5);

-- --------------------------------------------------------

--
-- Estructura de tabla para la tabla `fd_perfiles`
--

CREATE TABLE `fd_perfiles` (
  `idperfil` int(10) NOT NULL,
  `nombre` varchar(50) DEFAULT NULL,
  `descripcion` varchar(100) DEFAULT NULL
) ENGINE=MyISAM DEFAULT CHARSET=latin1;

--
-- Volcado de datos para la tabla `fd_perfiles`
--

INSERT INTO `fd_perfiles` (`idperfil`, `nombre`, `descripcion`) VALUES
(1, 'Administrador', 'Perfil principal del administrador'),
(7, 'TAIS REPRESENTACIONES', 'Eventos feriales Lima ');

-- --------------------------------------------------------

--
-- Estructura de tabla para la tabla `fd_perfiles_modulos`
--

CREATE TABLE `fd_perfiles_modulos` (
  `idperfilmodulo` int(10) NOT NULL,
  `idperfil` int(10) DEFAULT NULL,
  `idsubmodulo` int(10) DEFAULT NULL
) ENGINE=MyISAM DEFAULT CHARSET=latin1;

--
-- Volcado de datos para la tabla `fd_perfiles_modulos`
--

INSERT INTO `fd_perfiles_modulos` (`idperfilmodulo`, `idperfil`, `idsubmodulo`) VALUES
(1117, 1, 100),
(1116, 1, 99),
(1115, 1, 98),
(1114, 1, 89),
(1113, 1, 88),
(1112, 1, 87),
(1111, 1, 86),
(1110, 1, 81),
(1109, 1, 78),
(1108, 1, 84),
(1107, 1, 82),
(1106, 1, 83),
(1105, 1, 85),
(1104, 1, 51),
(1103, 1, 50),
(1102, 1, 1),
(1118, 1, 90),
(1119, 7, 85),
(1120, 7, 81),
(1121, 7, 86),
(1122, 7, 87),
(1123, 7, 88),
(1124, 7, 89),
(1125, 7, 98),
(1126, 7, 99),
(1127, 7, 100),
(1128, 7, 90);

-- --------------------------------------------------------

--
-- Estructura de tabla para la tabla `fd_submodulos`
--

CREATE TABLE `fd_submodulos` (
  `idsubmodulo` int(10) NOT NULL,
  `nombre` varchar(50) DEFAULT NULL,
  `ruta` varchar(50) DEFAULT NULL,
  `idmodulo` int(10) DEFAULT NULL,
  `icono` varchar(50) DEFAULT NULL,
  `visible_grupo_dash` int(1) DEFAULT NULL,
  `desc_grupo_dash` varchar(150) DEFAULT NULL
) ENGINE=MyISAM DEFAULT CHARSET=latin1;

--
-- Volcado de datos para la tabla `fd_submodulos`
--

INSERT INTO `fd_submodulos` (`idsubmodulo`, `nombre`, `ruta`, `idmodulo`, `icono`, `visible_grupo_dash`, `desc_grupo_dash`) VALUES
(1, 'Usuarios', 'usuarios', 1, 'fas fa-users', 1, 'Gestione los usuarios'),
(50, 'Perfiles', 'perfiles', 1, 'fas fa-key', 1, 'Gestione los perfiles'),
(51, 'Módulos', 'modulos', 1, 'fas fa-folder-open', 1, 'Gestione los módulos'),
(83, 'Stand', 'stand', 23, 'fas fa-home', 1, 'Gestione los stand'),
(78, 'Clientes', 'clientes', 21, 'fas fa-users', 1, 'Gestione los clientes'),
(81, 'Visitantes', 'visitantes', 21, 'fas fa-users-medical', 1, 'Gestione los visitantes'),
(82, 'Páginas', 'paginas', 23, 'fas fa-pager', 1, 'Gestione las páginas'),
(84, 'Planes', 'planes', 23, 'fas fa-toolbox', 1, 'Gestione los planes'),
(85, 'Productos', 'productos', 24, 'fas fa-box-open', 1, 'Gestione los productos'),
(86, 'Ferias', 'ferias', 21, 'fas fa-home-lg', 1, 'Gestione las ferias'),
(87, 'Cronogramas', 'cronogramas', 21, 'fas fa-calendar-alt', 1, 'Gestione los cronogramas'),
(88, 'Conferencias', 'conferencias', 21, 'fas fa-camera-movie', 1, 'Gestione las conferencias'),
(89, 'Empresas', 'empresas', 21, 'fas fa-building', 1, 'Gestione las empresas'),
(90, 'promociones', 'promociones', 25, 'fas fa-toolbox', 1, 'Gestione las promociones'),
(98, 'Zonas', 'zonas', 21, 'fas fa-box-open', 1, 'Gestione las zonas'),
(99, 'Expositores', 'expositores', 21, 'fas fa-users', 1, 'Gestione los expositores');

-- --------------------------------------------------------

--
-- Estructura de tabla para la tabla `fd_usuarios`
--

CREATE TABLE `fd_usuarios` (
  `idusuario` int(10) NOT NULL,
  `token` varchar(32) DEFAULT NULL,
  `contrasena` varchar(64) DEFAULT NULL,
  `nombres` varchar(100) DEFAULT NULL,
  `apellido_paterno` varchar(100) DEFAULT NULL,
  `apellido_materno` varchar(250) DEFAULT NULL,
  `email` varchar(150) DEFAULT NULL,
  `sexo` varchar(1) DEFAULT NULL,
  `estado` char(1) DEFAULT 'A',
  `cambio_clave` char(1) DEFAULT 'N',
  `idperfil` int(10) DEFAULT NULL,
  `idgrupo` int(10) NOT NULL DEFAULT 0,
  `esadmin` char(1) DEFAULT 'N',
  `telefono` int(12) DEFAULT NULL,
  `usuario` char(30) DEFAULT NULL
) ENGINE=MyISAM DEFAULT CHARSET=latin1;

--
-- Volcado de datos para la tabla `fd_usuarios`
--

INSERT INTO `fd_usuarios` (`idusuario`, `token`, `contrasena`, `nombres`, `apellido_paterno`, `apellido_materno`, `email`, `sexo`, `estado`, `cambio_clave`, `idperfil`, `idgrupo`, `esadmin`, `telefono`, `usuario`) VALUES
(1, '68e15b51316dcb6f6e8c8b6c9e406cbf', '96eae1ea6b67630ae9622c968ea1a567', 'Jhon', 'Gómez', 'Arce', 'freedemou@gmail.com', 'M', 'A', 'N', 1, 0, 'N', 6666588, 'jgomez'),
(182, '3a98673b0ca889282252fd11c3414032', '12570d71c8e1b01760770db19f65e8ef', 'Mari', 'Gomero', '', 'mgomero@grupodragma.com', 'F', 'A', 'N', 2, 0, 'N', 0, 'mgomero'),
(193, NULL, '0462a61e7951e134945d999a5dac16c1', 'victor', 'timana', 'ugarte', 'victorraul@grupodragma.com', NULL, 'A', 'N', 7, 0, 'N', 959716260, 'DVictor');

-- --------------------------------------------------------

--
-- Estructura de tabla para la tabla `ferias`
--

CREATE TABLE `ferias` (
  `idferias` int(10) NOT NULL,
  `nombre` varchar(250) DEFAULT NULL,
  `idclientes` int(10) NOT NULL DEFAULT 0,
  `idplanes` int(10) NOT NULL DEFAULT 0,
  `hash_logo` varchar(200) DEFAULT NULL,
  `nombre_logo` varchar(200) DEFAULT NULL
) ENGINE=InnoDB DEFAULT CHARSET=utf8mb4;

--
-- Volcado de datos para la tabla `ferias`
--

INSERT INTO `ferias` (`idferias`, `nombre`, `idclientes`, `idplanes`, `hash_logo`, `nombre_logo`) VALUES
(13, 'Tecnosalud', 14, 5, 'e4ea3b493f1025b95d57e0b5e5578bc1.svg', 'logo-ejemplo.svg'),
(15, 'Expohogar', 14, 7, 'e38e0fa81d6d530104e58679f4c58162.svg', 'logo-ejemplo.svg');

-- --------------------------------------------------------

--
-- Estructura de tabla para la tabla `paginas`
--

CREATE TABLE `paginas` (
  `idpaginas` int(11) NOT NULL,
  `nombre` varchar(200) DEFAULT NULL,
  `hash_url` char(30) DEFAULT NULL
) ENGINE=InnoDB DEFAULT CHARSET=utf8mb4;

--
-- Volcado de datos para la tabla `paginas`
--

INSERT INTO `paginas` (`idpaginas`, `nombre`, `hash_url`) VALUES
(9, 'Conferencias', 'conferencias'),
(10, 'Zonas', 'zonas'),
(11, 'Hall', 'hall'),
(12, 'Recepción', 'recepcion'),
(13, 'Registro', 'registro'),
(14, 'Home', 'home');

-- --------------------------------------------------------

--
-- Estructura de tabla para la tabla `paginas_ferias`
--

CREATE TABLE `paginas_ferias` (
  `idpaginasferias` int(11) NOT NULL,
  `idpaginas` int(10) NOT NULL DEFAULT 0,
  `idferias` int(10) NOT NULL DEFAULT 0,
  `configuracion` text DEFAULT NULL
) ENGINE=InnoDB DEFAULT CHARSET=utf8mb4;

--
-- Volcado de datos para la tabla `paginas_ferias`
--

INSERT INTO `paginas_ferias` (`idpaginasferias`, `idpaginas`, `idferias`, `configuracion`) VALUES
(68, 14, 13, '{\"imagen_tv\":{\"hash\":\"38af30a1766f81b37ac3e1f1fd1f4b2a.jpg\",\"nombre\":\"stand-dollar-house.jpg\"},\"imagen_derecha_3\":{\"hash\":\"5afc9375ede8b32d0233be66f1d60724.jpg\",\"nombre\":\"stand-7.jpg\"},\"imagen_derecha_2\":{\"hash\":\"a7f2b03da1989f616f860cc25ed4c415.jpg\",\"nombre\":\"IMG_20200815_173335.jpg\"},\"imagen_izquierda_1\":{\"hash\":\"f6fefb67dd265b377b65130a86820a90.png\",\"nombre\":\"areas-tv.png\"},\"imagen_izquierda_2\":{\"hash\":\"10753874b53e1f0bb9c8e9220dd462f1.jpg\",\"nombre\":\"ufc.jpg\"},\"imagen_izquierda_3\":{\"hash\":\"597c31a87437e1b46cef3fe8d6513791.jpg\",\"nombre\":\"Principal-01.jpg\"},\"imagen_derecha_1\":{\"hash\":\"4e1bd46475f5a4dd5465a006044409ab.jpg\",\"nombre\":\"IMG_20200815_173335.jpg\"}}'),
(71, 11, 13, '{\"imagen_izquierda_1\":{\"hash\":\"024b80b19a39e5f5768e37428ee572bd.jpg\",\"nombre\":\"IMG_20201005_110659.jpg\"},\"imagen_izquierda_2\":{\"hash\":\"b3567d7f4dab86614ab7ec8c0379f968.jpg\",\"nombre\":\"IMG_20201007_182859.jpg\"},\"imagen_zonas\":{\"hash\":\"4c9a3ae3fabecd41fe93ba00f0355269.png\",\"nombre\":\"areas-tv.png\"},\"imagen_fondo\":{\"hash\":\"24d61fec4392bf409a421ac7075ec769.jpg\",\"nombre\":\"hall-areas.jpg\"}}');

-- --------------------------------------------------------

--
-- Estructura de tabla para la tabla `planes`
--

CREATE TABLE `planes` (
  `idplanes` int(10) NOT NULL,
  `nombre` varchar(250) DEFAULT NULL,
  `cantidad_zonas` int(10) NOT NULL DEFAULT 0,
  `cantidad_empresas_zonas` int(10) NOT NULL DEFAULT 0
) ENGINE=InnoDB DEFAULT CHARSET=utf8mb4;

--
-- Volcado de datos para la tabla `planes`
--

INSERT INTO `planes` (`idplanes`, `nombre`, `cantidad_zonas`, `cantidad_empresas_zonas`) VALUES
(5, 'Básico', 12, 2),
(7, 'Avanzado', 10, 10);

-- --------------------------------------------------------

--
-- Estructura de tabla para la tabla `planes_paginas`
--

CREATE TABLE `planes_paginas` (
  `idplanespaginas` int(11) NOT NULL,
  `idplanes` int(10) NOT NULL DEFAULT 0,
  `idpaginas` int(10) NOT NULL DEFAULT 0
) ENGINE=InnoDB DEFAULT CHARSET=utf8mb4;

--
-- Volcado de datos para la tabla `planes_paginas`
--

INSERT INTO `planes_paginas` (`idplanespaginas`, `idplanes`, `idpaginas`) VALUES
(13, 5, 14),
(14, 5, 13),
(15, 5, 12),
(16, 5, 11),
(17, 7, 14),
(18, 7, 10),
(19, 7, 9);

-- --------------------------------------------------------

--
-- Estructura de tabla para la tabla `productos`
--

CREATE TABLE `productos` (
  `idproductos` int(10) NOT NULL,
  `idempresas` int(20) NOT NULL DEFAULT 0,
  `nombre` varchar(250) DEFAULT NULL,
  `enlace` varchar(200) DEFAULT NULL,
  `tipo_enlace` char(30) DEFAULT NULL,
  `idferias` int(10) NOT NULL DEFAULT 0,
  `hash_imagen` varchar(250) DEFAULT NULL,
  `nombre_imagen` varchar(250) DEFAULT NULL
) ENGINE=InnoDB DEFAULT CHARSET=utf8mb4;

-- --------------------------------------------------------

--
-- Estructura de tabla para la tabla `stand`
--

CREATE TABLE `stand` (
  `idstand` int(11) NOT NULL,
  `nombre` varchar(200) DEFAULT NULL
) ENGINE=InnoDB DEFAULT CHARSET=utf8mb4;

--
-- Volcado de datos para la tabla `stand`
--

INSERT INTO `stand` (`idstand`, `nombre`) VALUES
(2, 'ESTANDAR'),
(3, 'PREMIUM');

-- --------------------------------------------------------

--
-- Estructura de tabla para la tabla `visitantes`
--

CREATE TABLE `visitantes` (
  `idvisitantes` int(10) NOT NULL,
  `nombres` varchar(250) DEFAULT NULL,
  `apellido_paterno` varchar(250) DEFAULT NULL,
  `apellido_materno` varchar(250) DEFAULT NULL,
  `correo` varchar(250) DEFAULT NULL,
  `telefono` char(30) DEFAULT NULL,
  `tipo_documento` char(30) DEFAULT NULL,
  `numero_documento` char(30) DEFAULT NULL,
  `idusuario` int(10) NOT NULL DEFAULT 0,
  `tipo_visitante` char(50) DEFAULT NULL,
  `terminos_condiciones` char(2) DEFAULT NULL,
  `fecha_creacion` datetime DEFAULT NULL,
  `fecha_actualizacion` datetime DEFAULT NULL,
  `contrasena` varchar(250) DEFAULT NULL
) ENGINE=InnoDB DEFAULT CHARSET=utf8mb4;

--
-- Volcado de datos para la tabla `visitantes`
--

INSERT INTO `visitantes` (`idvisitantes`, `nombres`, `apellido_paterno`, `apellido_materno`, `correo`, `telefono`, `tipo_documento`, `numero_documento`, `idusuario`, `tipo_visitante`, `terminos_condiciones`, `fecha_creacion`, `fecha_actualizacion`, `contrasena`) VALUES
(6, 'Rossanna', 'Ayasta', 'Vallejo', 'rosanaayasta@hotmail.com', '971146595', '', '25836396', 1, '', NULL, '2020-11-04 12:01:34', NULL, '31389747dcaf4f5f1ab44f0732832cba'),
(7, 'Liz', 'Ramos', 'Vargas', 'lizmar-34@hotmail.com', '964967572', '', '20072806', 1, '', NULL, '2020-11-04 12:01:34', NULL, 'a09570c9d53c1fd37962859d78fc9e47'),
(8, 'Efrain Jaime', 'Pavio', 'Almonte', 'jpavioa2@yahoo.es', '996823534', '', '1304571', 1, '', NULL, '2020-11-04 12:01:34', NULL, '704728ad3a9e5c15aa10e1289d98ec68'),
(9, 'Heydi', 'Diaz', 'Corimaya', 'heydi1809@gmail.com', '950938337', '', '46856040', 1, '', NULL, '2020-11-04 12:01:34', NULL, 'aad275fe9719316582d6cd2e6494e3f4'),
(10, 'hernan', 'espinoza', 'gallo', 'hernanespinoza_17@hotmail.com', '978084547', '', '45279197', 1, '', NULL, '2020-11-04 12:01:34', NULL, '18dde24cc040e76afbfd8460a0a9b969'),
(11, 'Pedro', 'Rodriguez', 'Durand', 'pepedent69@gmail.com', '952327567', '', '15356269', 1, '', NULL, '2020-11-04 12:01:34', NULL, '18767b2c808b33b1de2ef3a3dcb97d96'),
(12, 'juan', 'puente', 'farroñay', 'jepuentef@gmail.com', '921772210', '', '25837640', 1, '', NULL, '2020-11-04 12:01:34', NULL, '960c4babb763d200960686921c102205'),
(13, 'Marisol', 'Llamocca', 'Machuca', 'mllamocca69@hotmail.com', '999141692', '', '28283679', 1, '', NULL, '2020-11-04 12:01:34', NULL, '686c5f46b625ee36c49a45a73f10ed55'),
(14, 'Astrid Iris', 'ITA', 'Luna', 'irisastridi@gmail.com', '944982600', '', '41588429', 1, '', NULL, '2020-11-04 12:01:34', NULL, 'a4cfe0e5910a08c2ff0521c20074d726'),
(15, 'David diego', 'lucana', 'chancahuaña', 'dhiegolucana@gmail.com', '944206319', '', '44440379', 1, '', NULL, '2020-11-04 12:01:34', NULL, '41aaedc0dd2ad3fed452003ecb2dd58b'),
(16, 'Jhonny Marcelo', 'Astete', 'Torrejón', 'fvastete@hotmail.com', '991281478', '', '21133864', 1, '', NULL, '2020-11-04 12:01:34', NULL, '1ffb44a59a9bf5039e02e7d56997f71a'),
(17, 'Ronald David', 'Medrano', 'Villalta', 'rodamevi@gmail.com', '964648120', '', '47267820', 1, '', NULL, '2020-11-04 12:01:34', NULL, '1ee83e260ac0518a1c519a74a97a63c9'),
(18, 'Jeimy', 'Matumay', 'Espichán', 'jeimy88@hotmail.com', '991689009', '', '41825953', 1, '', NULL, '2020-11-04 12:01:34', NULL, '63aa6a407d651af876c4977394896ab0'),
(19, 'Elias', 'Cuarite', 'Dueñas', 'ecuarited@gmail.com', '959075741', '', '29738445', 1, '', NULL, '2020-11-04 12:01:34', NULL, '0b163516c32fb98dd5fdd525ef35b205'),
(20, 'Henry', 'Gómez', 'Vivas', 'cd.henry@outlook.es', '937625554', '', '47852768', 1, '', NULL, '2020-11-04 12:01:34', NULL, '290fb294fc910fa359b7cca74842ae4c'),
(21, 'john', 'apaza', 'valencia', 'john_apaza@hotmail.com', '959372615', '', '29588683', 1, '', NULL, '2020-11-04 12:01:34', NULL, '8fa3fbbc3d7e09a5bab93e625a942002'),
(22, 'Edgardo Francisco', 'Sánchez', 'Morales', 'edgardosanchez1@hotmail.com', '952534077', '', '795093', 1, '', NULL, '2020-11-04 12:01:34', NULL, 'b4a4d7d7df37ae8e0687cc84d48fb498'),
(23, 'Nancy Ruth', 'Elera', 'Cordova', 'nareco01@hotmail.com', '942616552', '', '40008562', 1, '', NULL, '2020-11-04 12:01:34', NULL, '1be549de688007a1e52b18122404c367'),
(24, 'Raul', 'Huamani', 'Sanchez', 'raulhuamani@yahoo.com', '990230090', '', '9262769', 1, '', NULL, '2020-11-04 12:01:34', NULL, '730a5f53bc68711150fadf2229073236'),
(25, 'rene', 'Roque', 'Esteba', 'renroes@hotmail.com', '999236925', '', '29403766', 1, '', NULL, '2020-11-04 12:01:34', NULL, '60bfb2ac9e505b11b398d70cfab6c98f'),
(26, 'Hernan', 'Padilla', 'Corcuera', 'hepacor@gmail.com', '987987042', '', '17908301', 1, '', NULL, '2020-11-04 12:01:34', NULL, '94c8bebf9180f669fb28399f888a92da'),
(27, 'julissa enid', 'lopez', 'arestegui', 'julissalopez.a@gmail.com', '943875668', '', '41765745', 1, '', NULL, '2020-11-04 12:01:34', NULL, '2959ba725e176d9fcb7cf2d23cad3e7a'),
(28, 'Juan Carlos', 'Luque', 'Ramos', 'juanc_luque@hotmail.com', '969521634', '', '3680092', 1, '', NULL, '2020-11-04 12:01:34', NULL, '9de150ae8dfc2086ca9543e777250bb7'),
(29, 'jose luis', 'calapuja', 'chura', 'dr.calapuja@gmail.com', '965798569', '', '45213610', 1, '', NULL, '2020-11-04 12:01:34', NULL, '38d77a3ab539703d9fd148804947fa58'),
(30, 'careca', 'santa cruz', 'carrasco', 'careca_12_22@hotmail.com', '996089304', '', '45546980', 1, '', NULL, '2020-11-04 12:01:34', NULL, 'c674acab5632c976b4737a4c07c77592'),
(31, 'victor', 'campos', 'sanchez', 'viccam750@gmail.com', '962650709', '', '22512696', 1, '', NULL, '2020-11-04 12:01:34', NULL, '423f6a7c276f20864e9548109a63c556'),
(32, 'Paola', 'Machado', 'Pereyra', 'plmp79@hotmail.com', '983716177', '', '40099373', 1, '', NULL, '2020-11-04 12:01:34', NULL, 'be4f0592ea667bba7802029ae9204e9b'),
(33, 'Cristina', 'Cuba', 'Rios', 'crysti_138@hotmail.com', '999278742', '', '10157923', 1, '', NULL, '2020-11-04 12:01:34', NULL, 'ad2374f8dba649e818785528c4cd53ed'),
(34, 'Jane Stefane', 'Sánchez', 'Espinoza', 'sjanestefane@gmail.com', '941287663', '', '46486290', 1, '', NULL, '2020-11-04 12:01:34', NULL, 'cc798860e61eb928e9dc8a6629aa219b'),
(35, 'segundo cesar', 'castillo', 'pichen', 'cesarcpma@hotmail.com', '964736471', '', '8124577', 1, '', NULL, '2020-11-04 12:01:34', NULL, '88ed2f4b5d44350f2b0d9d7f7bc8418b'),
(36, 'Pablo Wenceslao', 'Castillo', 'Caruz', 'pablowcc82@hotmail.com', '962371454', '', '41401370', 1, '', NULL, '2020-11-04 12:01:34', NULL, '7c581ebff1a24e4426a11a482aea50bb'),
(37, 'NESTOR FRANCISCO', 'GAMARRA', 'VILLANUEVA', 'nestorgam@gmail.com', '952227122', '', '422014', 1, '', NULL, '2020-11-04 12:01:34', NULL, '39f2da4cc515cd60c4ccda1a8195dc5e'),
(38, 'José', 'Solis', 'Villanueva', 'dr.jsolis24@gmail.com', '975229172', '', '45772175', 1, '', NULL, '2020-11-04 12:01:34', NULL, 'eeaf1e0166c5722fe50c940c65a9fb65'),
(39, 'Felix', 'Chávez', 'mer', 'fmchm2223@gmail.com', '999013260', '', '40637109', 1, '', NULL, '2020-11-04 12:01:34', NULL, 'bd8b38990b1fa3f22ceb73c160cc42f8'),
(40, 'adith', 'castillo', 'panduro', 'adithcp@hotmail.com', '996385602', '', '10577553', 1, '', NULL, '2020-11-04 12:01:34', NULL, '50fa1c017dc8e5b577aad985850e67af'),
(41, 'noe', 'castillo', 'anticona', 'braco-3000@hotmail.com', '951447059', '', '32541749', 1, '', NULL, '2020-11-04 12:01:34', NULL, '3cd0ebcffd736ec16928a9a34a0cf4ad'),
(42, 'jessica', 'palacin', 'rios', 'jeca000@hotmail.com', '997342997', '', '9584210', 1, '', NULL, '2020-11-04 12:01:34', NULL, '68079e1680be5de138203458c5d9b8bb'),
(43, 'Juan', 'Vernet', 'Vidal', 'hectorcastillomv@hotmail.com', '996013889', '', '896578', 1, '', NULL, '2020-11-04 12:01:34', NULL, '50500408fe556a298ecd3250d3f0465c'),
(44, 'marco', 'saba', 'portal', 'esthetics.bella@gmail.com', '984794113', '', '22310624', 1, '', NULL, '2020-11-04 12:01:34', NULL, 'a6074975ad5134f45d7dd9ebbfde4a45'),
(45, 'Cecilia', 'Bejar', 'Alagon', 'ceci_bejar2006@hotmail.com', '994661794', '', '46087190', 1, '', NULL, '2020-11-04 12:01:34', NULL, 'e563ddc7aa6e243c4606c3c3427c7b0a'),
(46, 'Jenny', 'zapana', 'Alarcón', 'jennyzapana@gmail.com', '958315967', '', '29557502', 1, '', NULL, '2020-11-04 12:01:34', NULL, '52f65d5464db641ff601375685c0b896'),
(47, 'Ramiro', 'Valdez', 'Gil', 'rvaldezgil@hotmail.com', '942120122-979133107', '', '17816671', 1, '', NULL, '2020-11-04 12:01:34', NULL, 'e54d939c869e4c8e57dc0e9ff1d57370'),
(48, 'WENCESLAO', 'VILLAFUERTE', 'CERÓN', 'wences56@hotmail.com', '999959937', '', '9643423', 1, '', NULL, '2020-11-04 12:01:34', NULL, '6da45318be57d11e42489ff9ca6f5cf8'),
(49, 'Pilar', 'Chuquillanqui', 'Mendoza', 'pilarchm2014@gmail.com', '993071000', '', '44284099', 1, '', NULL, '2020-11-04 12:01:34', NULL, 'd9a8e7dc6e1e1f9d9f78940a7380b6ba'),
(50, 'Danny Marcela', 'Aranzamendi', 'La Torre', 'dannyalt_26@hotmail.com', '953027731', '', '42515674', 1, '', NULL, '2020-11-04 12:01:34', NULL, '76f036e14919205a2a75246e6dbbed1a'),
(51, 'juan', 'Vásquez', 'torres', 'juanvasqueztorres@hotmail.com', '961043343', '', '20056143', 1, '', NULL, '2020-11-04 12:01:34', NULL, 'b72a026d4e148b01d93f63718ed60c65'),
(52, 'VICTOR', 'RODRIGUEZ', 'REYNA', 'virrey76@hotmail.com', '942625049', '', '18166340', 1, '', NULL, '2020-11-04 12:01:34', NULL, 'f17f84485d1ae651c40897b31dcace1d'),
(53, 'Isaac', 'Gutiérrez', 'Fernández', 'bicalibra@hotmail.com', '992478011', '', '8031025', 1, '', NULL, '2020-11-04 12:01:34', NULL, '065b1cffceb1e4a2d461ad681b29a16d'),
(54, 'yanet', 'Astete', 'Juarez', 'yajmed@hotmail.com', '952867770', '', '24001469', 1, '', NULL, '2020-11-04 12:01:34', NULL, '394ee4312ee6caee44a0dc6fbec92cfc'),
(55, 'Yam', 'yaranga', 'Abregu', 'yamyaranga@gmail.com', '966875081', '', '28296010', 1, '', NULL, '2020-11-04 12:01:34', NULL, '4fea764c386431dcc932045f63c2e4fa'),
(56, 'wilmer', 'gomez', 'quispe', 'wilmerrodrigogomezquispe@gmail.com', '914299978', '', '73148430', 1, '', NULL, '2020-11-04 12:01:34', NULL, '10836b01e7bf1372108d4a4582f4ab9a'),
(57, 'Julio', 'Torres', 'Avalos', 'odontosanjose@hotmail.com', '989389695', '', '21833940', 1, '', NULL, '2020-11-04 12:01:34', NULL, '7a7666d4bfd5af1f8d0107fe661228b8'),
(58, 'indira ninoska manrique duran', 'manrique', 'duran', 'manriqueduranindiraninoska', '973134577', '', '20103249', 1, '', NULL, '2020-11-04 12:01:34', NULL, 'dcf5aaf3f5b136d9f25d83746fcd1906'),
(59, 'Alex', 'Villacorta', 'Palacios', 'alexvillacorta@hotmail.com', '950618689', '', '40568050', 1, '', NULL, '2020-11-04 12:01:34', NULL, '06c63d1f26dbd56d5f93697a19efe199'),
(60, 'Hernan Luis', 'Zambrano', 'Castro', 'hernan_28_12@outlook.com', '927177008', '', '72450631', 1, '', NULL, '2020-11-04 12:01:34', NULL, '132c567a5c2fed22bae51fb27009982b'),
(61, 'Willyam', 'sosa', 'anahua', 'fairdent@hotmail.com', '929292587', '', '42707058', 1, '', NULL, '2020-11-04 12:01:34', NULL, 'c4df22e8499791a5f754e1d056dcebbc'),
(62, 'Berenice', 'Villegas', 'Hernández', 'bere_villega298@hotmail.com', '912685636', '', '2959081', 1, '', NULL, '2020-11-04 12:01:34', NULL, '4d11f3e91ff82c9a872acf665e75e251'),
(63, 'Carlos', 'Morales', 'Flores', 'jcarlosmoralesf@hotmail.com', '943621041', '', '32762358', 1, '', NULL, '2020-11-04 12:01:34', NULL, '2941fdb838ee6b8282653b888d9efb7b'),
(64, 'Jesus', 'Marreros', 'Grados', 'drmarrerosxl@hotmail.com', '996990414', '', '42832052', 1, '', NULL, '2020-11-04 12:01:34', NULL, '5fe6f6c36e35f9fe7b1d9beb116a61cf'),
(65, 'Adderly', 'alvino', 'cardenas', 'adderlyac@gmail.com', '946576802', '', '45803957', 1, '', NULL, '2020-11-04 12:01:34', NULL, 'b4b9a6d0c1c2198c4250a5489e7f85f1'),
(66, 'Isabel Eveling', 'Castillo', 'Coaquira', 'eveling.castilloc@gmail.com', '995777776', '', '42690154', 1, '', NULL, '2020-11-04 12:01:34', NULL, 'c53a1cba297b147b149ef2f9dd0b5218'),
(67, 'Adolfo', 'Daga', 'Gonzales', 'adolfo.daga@gmail.com', '948589285', '', '15450378', 1, '', NULL, '2020-11-04 12:01:34', NULL, '4c049f2c5c827337b76b43bd7b902da0'),
(68, 'Jhoel', 'Torres', 'Muñoz', 'torres._10@hotmail.com', '944620258', '', '44589366', 1, '', NULL, '2020-11-04 12:01:34', NULL, 'b4826dcd585e66de112762c7c0087ac1'),
(69, 'César', 'Zárate', 'Asmat', 'servisaludvasuncion@gmail.com', '961841836', '', '40817572', 1, '', NULL, '2020-11-04 12:01:34', NULL, 'aa7854a3ca103a8012953c39c5118fef'),
(70, 'gustavo', 'monge', 'macarlupu', 'gmonge70@gmail.com', '993842738', '', '9799661', 1, '', NULL, '2020-11-04 12:01:34', NULL, 'ca6be4cab64ffe0e4905296199f53286'),
(71, 'VIOLETA', 'DE LA FLOR', 'Diaz', 'Viodlaflor@gmail.com', '947891745', '', '33401060', 1, '', NULL, '2020-11-04 12:01:34', NULL, '61aff1a4b3371f29832084068f9ba3d8'),
(72, 'edgar', 'puño', 'cornejo.', 'e-punoc@hotmail.com', '959303383', '', '29324873', 1, '', NULL, '2020-11-04 12:01:34', NULL, 'e666a4df3c7d84e8122a32178a5d191c'),
(73, 'Carolina', 'Guerra', 'Pimentel', 'guepi04@gmail.com', '956103118', '', '41345797', 1, '', NULL, '2020-11-04 12:01:34', NULL, 'f2587ccc2428ef799a6ae01b5965ea01'),
(74, 'Juan Carlos Marcell', 'Rojas', 'Moreno', 'juancarlosrojasmoreno14@gmail.com', '923625226', '', '9277624', 1, '', NULL, '2020-11-04 12:01:34', NULL, '66aff042ce6b72a53e51a80e8a64e78c'),
(75, 'edgard', 'soto', 'buitron', 'renzo.soto.b@gmail.com', '930348895', '', '76850671', 1, '', NULL, '2020-11-04 12:01:34', NULL, '19833d6698d2c167dba4c62c3e535a51'),
(76, 'armando', 'VASQUEZ', 'OLORTEGUI', 'armandovas@gmail.com', '959741379', '', '7635079', 1, '', NULL, '2020-11-04 12:01:34', NULL, 'caf780e00c6cd4a6ef72ea7fc4392730'),
(77, 'wilder', 'Cruz', 'Ticona', 'wcruztmd_900009@hotmail.com', '999330035', '', '1316593', 1, '', NULL, '2020-11-04 12:01:34', NULL, 'a2623fa6928b8bb87e5f5299c3c7bfe5'),
(78, 'Fernando', 'Cauvi', 'Roedel', 'fercauvi@yahoo.com', '992785442', '', '7574203', 1, '', NULL, '2020-11-04 12:01:34', NULL, '2ca3d262cc8f57fb304c4bda0110007e'),
(79, 'Christian Jesús', 'Risco', 'Quezada', 'cjrisc2@hotmail.com', '952660056', '', '43992982', 1, '', NULL, '2020-11-04 12:01:34', NULL, '4f24da6f72bcf762cf80b5dc9e6ca5ba'),
(80, 'Marita', 'Dávila', 'llanos', 'geriatriccare06@gmail.com', '980738000', '', '43581652', 1, '', NULL, '2020-11-04 12:01:34', NULL, '96eab2775c66eade286d6f4bae33577f'),
(81, 'Reina Gudelia', 'Mamani', 'Meza', 'reinablanca4.4@hotmail.com', '971490698', '', '20096076', 1, '', NULL, '2020-11-04 12:01:34', NULL, '223096b9e5ccd5aa18ed30ed85c11370'),
(82, 'Cinthya Priscila', 'Garcia', 'Moran', 'priscilagarciamoran.11@gmail.com', '965470288', '', '72178903', 1, '', NULL, '2020-11-04 12:01:34', NULL, 'e5966c326cb667124ab47c2c11d192b6'),
(83, 'walter ivan', 'sotomayor', 'walde', 'ivansotomayorw@gmail.com', '993393059', '', '42665454', 1, '', NULL, '2020-11-04 12:01:34', NULL, '960460126db3cd9817f98d433cdddd8d'),
(84, 'Jooel', 'Fernández', 'Pérez', 'jlfernandez_77@hotmail.com', '980709994', '', '27436062', 1, '', NULL, '2020-11-04 12:01:34', NULL, '26fdaf393acd5074d77c03a5463b43c2'),
(85, 'Giuliana', 'Tassara', 'Taco', 'giulianatassar@hotmail.com', '959300536', '', '10567895', 1, '', NULL, '2020-11-04 12:01:34', NULL, '4960120588c0073d393932ae8ea7ac3e'),
(86, 'yhasser', 'montero', 'pacora', 'yhasser29@hotmail.com', '989003765', '', '40694956', 1, '', NULL, '2020-11-04 12:01:34', NULL, '89068c8b22334c79a82c1f6a86a7edf7'),
(87, 'Roberto Carlos', 'Lozano', 'Placencia', 'insumedsac@gmail.com', '952668207', '', '10126831', 1, '', NULL, '2020-11-04 12:01:34', NULL, 'd9f37fd2cff1465ae57b6e944525d0b7'),
(88, 'Eliana', 'Medina', 'Sanchez', 'eliana_3001@hotmail.com', '974250683', '', '29262909', 1, '', NULL, '2020-11-04 12:01:34', NULL, 'e17634fee9b8eb8fdf0fdecf4d41b7c8'),
(89, 'victor luis', 'ponce', 'mendoza', 'elvimedicperu@hotmail.com', '955872270', '', '7250413', 1, '', NULL, '2020-11-04 12:01:34', NULL, 'a327eb4a7ed41edcf907298c3d63b1da'),
(90, 'maria teresa', 'paredes', 'olivares', 'mpc2000lima@gmail.com', '939525200', '', '6461931', 1, '', NULL, '2020-11-04 12:01:34', NULL, '56c00dcb2da2e21949512eff3ef9908c'),
(91, 'Claudia', 'Begazo', 'Velásquez', 'Claudiabv.md@gmail.com', '958536584', '', '45079748', 1, '', NULL, '2020-11-04 12:01:34', NULL, '0ec28274262c8becaf5149c6cbb7fc73'),
(92, 'Reyna', 'Huamán', 'Quispe', 'kerylabmedic17@gmail.com', '967698700', '', '23270807', 1, '', NULL, '2020-11-04 12:01:34', NULL, '9cb0e50ac80fae2ec8d37acd706f5721'),
(93, 'carlos', 'chavez', 'del Aguila', 'beto80_2@yahoo.es', '968099777', '', '41022597', 1, '', NULL, '2020-11-04 12:01:34', NULL, 'a14095cd17043979592a19f6734ef540'),
(94, 'marco', 'purizaca', 'pareja', 'mpurizaca_pareja@hotmail.com', '964810372', '', '7863922', 1, '', NULL, '2020-11-04 12:01:34', NULL, '40e3f75f3a8c683b6d04d7d9c120c5c7'),
(95, 'henry paul', 'paredes', 'chuquillanqui', 'benryh@hotmail.com', '959808069', '', '20105254', 1, '', NULL, '2020-11-04 12:01:34', NULL, '4df8824dd1a79d66a8eb3d5f2bdac880'),
(96, 'Eric', 'Mananita', 'Terrones', 'biomanatec@gmail.com', '942428763', '', '42251957', 1, '', NULL, '2020-11-04 12:01:34', NULL, 'cbb3b3ed64fc42c37abb810f855ebe2e'),
(97, 'nickyta', 'padilla', 'carrascal', 'doc22_56@hotmail.com', '915207118', '', '41912910', 1, '', NULL, '2020-11-04 12:01:34', NULL, 'aa78fdd40465264f900854209bd4152f'),
(98, 'Sharol', 'Zuñiga', 'Martinez', 'Sharol.zm2901@gmail.com', '947515118', '', '46162096', 1, '', NULL, '2020-11-04 12:01:34', NULL, 'a260f770fc4cb9e6c7efacb3c1086b80'),
(99, 'Segundo Eduardo', 'Requelme', 'Lulichac', 'edurequelme@hotmail.com', '947449017', '', '19327263', 1, '', NULL, '2020-11-04 12:01:34', NULL, '3abd5e01d68fca7bbb10a07e8e5b8e83'),
(100, 'HENRY EDUARDO', 'GUANILO', 'CHE', 'chinoguanilo@hotmail.com', '948663608', '', '19320401', 1, '', NULL, '2020-11-04 12:01:34', NULL, 'f260ab6a2003ca7d94bfbf69fce524ae'),
(101, 'elizabeth', 'zevallos', 'aranda', 'elizabethzevallos1960@gmail.com', '960113523', '', '8223974', 1, '', NULL, '2020-11-04 12:01:34', NULL, '6cb9ff501dd95130fe16e92805c6d021'),
(102, 'Luis', 'Villanueva', 'Cusihuallpa', 'gerencia@villagroupsac.com', '932245994', '', '8625550', 1, '', NULL, '2020-11-04 12:01:34', NULL, '494d8f9a7a359737e673f7964be98498'),
(103, 'Israel', 'Triveños', 'Felix', 'Medicinaantioxidante@gmail.com', '941090055', '', '24003539', 1, '', NULL, '2020-11-04 12:01:34', NULL, '4cce2a862ea0a3bd7ab4bd091646a3e1'),
(104, 'carlos', 'Salinas', 'del Aguila', 'pochosalinas221@gmail.com', '959834790', '', '29225284', 1, '', NULL, '2020-11-04 12:01:34', NULL, 'e4e06f8ed56943a4a15e70163fbeb97b'),
(105, 'Emilio', 'Hinojosa', 'Caceres', 'hinojosa201@hotmail.com', '959799028', '', '29225600e', 1, '', NULL, '2020-11-04 12:01:34', NULL, 'def6e801f57ecfdbb725980c21e2f4d3'),
(106, 'Manuel', 'Quiroz', 'Yerrén', 'manuel_qy@hotmail.com', '978936006', '', '17445853', 1, '', NULL, '2020-11-04 12:01:34', NULL, 'f4ab85fff4fa0f14facef3a2168f42ea'),
(107, 'edu', 'sarmiento', 'caruajulca', 'edusarmientoc@gmail.com', '992331030', '', '70553934', 1, '', NULL, '2020-11-04 12:01:34', NULL, '4d784e613f8912e2a1b448433fe98659'),
(108, 'Ramiro', 'Salazar', 'Guipan', 'rsalcarrion@hotmail.com', '957980053', '', '805802', 1, '', NULL, '2020-11-04 12:01:34', NULL, '783f2c005e2d61c61785e1f1875eb2eb'),
(109, 'Alberto Sidney', 'Crespo', 'Paiva', 'crespoalberto@hotmail.com', '994060417', '', '7764981', 1, '', NULL, '2020-11-04 12:01:34', NULL, 'f1a1d163451ee76e7dc4eae134650da3'),
(110, 'Hildebrando', 'Pacheco', 'Carrasco', 'hildebrandopachecocarrasco@gmail.com', '979157756', '', '16793880', 1, '', NULL, '2020-11-04 12:01:34', NULL, '72260c031de80f0f99e06c634ae9e9cb'),
(111, 'Cesar', 'Igreda', 'Quintana', 'drigredaq@gmail.com', '987737814', '', '10598253', 1, '', NULL, '2020-11-04 12:01:34', NULL, '1de045adc143a11a8bd80bd32650783e'),
(112, 'James', 'Curi', 'Prado', 'curipradoj@gmail.com', '999113901', '', '42875862', 1, '', NULL, '2020-11-04 12:01:34', NULL, '4d50cc2510bbd717eee8ab6fba9f1a8f'),
(113, 'JORGE', 'RAMIREZ', 'LARRIVIERY', 'jorgelarry50@hotmail.com', '984552307', '', '18131030', 1, '', NULL, '2020-11-04 12:01:34', NULL, '58f4d65f3f82434e05c578e274367c39'),
(114, 'José Antonio', 'Gutiérrez', 'Agramonte', 'ingjgutierrez@hotmail.com', '951634393', '', '1308919', 1, '', NULL, '2020-11-04 12:01:34', NULL, '37bcff659617d4a7c2f962fc010018fb'),
(115, 'Ofelia', 'Torres', 'Cotrina', 'ofeliatorresc@gmail.com', '997000101', '', '8142013', 1, '', NULL, '2020-11-04 12:01:34', NULL, '11cb389e45e90e7928fa7a52022228f2'),
(116, 'victor', 'cieza', 'mestanza', 'ciezavictor2@gmail.com', '976615151', '', '40715427', 1, '', NULL, '2020-11-04 12:01:34', NULL, 'ce2665d28b194457ef7c5de29abada8d'),
(117, 'Wilfredo', 'Gogny', 'Villanueva', 'wgogny@yahoo.com', '984179657', '', '25506287', 1, '', NULL, '2020-11-04 12:01:34', NULL, 'd0acfdec9127c9b191c5420a1d8ae0ea'),
(118, 'MARLENY', 'ORE', 'ECHEVARRIA', 'marle8480@hotmail.com', '910861989', '', '40562296', 1, '', NULL, '2020-11-04 12:01:34', NULL, 'c09a32356a6787c512f787a3a621ac6d'),
(119, 'Roberto', 'Pilco', 'Luque', 'ropilcoluque@gmail.com', '950361198', '', '6293878', 1, '', NULL, '2020-11-04 12:01:34', NULL, '58b58ecca510086e2a91c57401168b4d'),
(120, 'Eliana', 'Ccama', 'Quispe', 'evivicq@hotmail.com', '996008129', '', '29308279', 1, '', NULL, '2020-11-04 12:01:34', NULL, '7760df811ae7c5c2362e6b998d2aa7dc'),
(121, 'Jossimar', 'Arredondo', 'Huaman', 'josimar90@hotmail.com', '988037029', '', '44149615', 1, '', NULL, '2020-11-04 12:01:34', NULL, 'a6b42d8af334c428036aeca246e3c264'),
(122, 'Dino', 'Calcina', 'Jaen', 'calcinadino@gmail.com', '951511039', '', '6294414', 1, '', NULL, '2020-11-04 12:01:34', NULL, '870239a491581813df8c45c17c8c1a74'),
(123, 'jorge', 'valdivia', 'gasco', 'doctorvaldiviagasco@gmail.com', '984983305', '', '41008755', 1, '', NULL, '2020-11-04 12:01:34', NULL, '90474a3d7fd72d2a24c2adb14a79dc0f'),
(124, 'Anthony Christian', 'Rivera', 'Sánchez', 'anthonycrivera12@gmail.com', '935991240', '', '47481596', 1, '', NULL, '2020-11-04 12:01:34', NULL, 'b92d2fb3b79067b2ad7bc33d4238a41d'),
(125, 'HENRY', 'MONROY', 'MONTESINOS', 'hmo.nroy@hotmail.com', '959953392', '', '29639995', 1, '', NULL, '2020-11-04 12:01:34', NULL, '7a1d61e35dd9e6033bcdddb91b9dc6b7'),
(126, 'Pável', 'Quispe', 'Arana', 'pavel196@gmail.com', '988218620', '', '42744628', 1, '', NULL, '2020-11-04 12:01:34', NULL, '202755f6f7967e5376e6e487f7b3c743'),
(127, 'Daniel', 'Choque', 'Subia', 'dantecirujano@hotmail.es', '975950093', '', '10028674', 1, '', NULL, '2020-11-04 12:01:34', NULL, '3cfd5e854e2625d0d52a96c7ca6d40ef'),
(128, 'Stefani', 'Espinoza', 'Gutiérrez', 'jesmaline@gmail.com', '990949478', '', '46131167', 1, '', NULL, '2020-11-04 12:01:34', NULL, 'f85d96660eda652613da053eec1640db'),
(129, 'MANUEL', 'PILCO', 'RIOS', 'manuelpilco12345@gmail.com', '970562382', '', '10126458', 1, '', NULL, '2020-11-04 12:01:34', NULL, '428d2389a9b2194cf708cb823811b0a8'),
(130, 'Percy', 'Rojas', 'Salazar', 'percy.vitalecorp@gmail.com', '963730552', '', '4071562', 1, '', NULL, '2020-11-04 12:01:34', NULL, '58a247db2db4734588ce6d4f4bb98ad6'),
(131, 'Miriam', 'Quinto', 'Cahuana', 'vannemiriam@gmail.com', '938262929', '', '40291918', 1, '', NULL, '2020-11-04 12:01:34', NULL, '285eae9bf5c8d55e0f59a4728e88f40b'),
(132, 'RAUL HENDERSON', 'Socualays', 'samaritano', 'rsocualayasamaritano@gmail.com', '988392009', '', '44830794', 1, '', NULL, '2020-11-04 12:01:34', NULL, '86d82c7c236c302ea47e47a82ba735b3'),
(133, 'Cesar', 'Torres', 'Cabezas', 'cesarin32397@gmail.com', '987776893', '', '41164836', 1, '', NULL, '2020-11-04 12:01:34', NULL, '370db911cf380e6a1a253f1111747fef'),
(134, 'fernando', 'marino', 'aguilar', 'feruma2518@gmail.com', '949400959', '', '44523422', 1, '', NULL, '2020-11-04 12:01:34', NULL, '0f5dfe52eaf9357c241ab3261a84feb3'),
(135, 'Julio Cesar', 'Robles', 'Zanelli', 'jcrz32@hotmail.com', '953525381', '', '41413544', 1, '', NULL, '2020-11-04 12:01:34', NULL, '59e14a6008e47fe2e610e81006495228'),
(136, 'Juan', 'López', 'Ricra', 'drjlr2016@gmail.com', '965389495', '', '9169497', 1, '', NULL, '2020-11-04 12:01:34', NULL, 'df947cb95e2906938ef5f73c0293170e'),
(137, 'henry', 'jimenez', 'sotelo', 'gerencia.jiso@gmail.com', '940645992', '', '44412205', 1, '', NULL, '2020-11-04 12:01:34', NULL, 'd070b653c4608016e8daa5f42ef3f630'),
(138, 'karen Elizabeth', 'Linarez', 'Medina', 'karelm_20@hotmail.com', '947530979', '', '42988516', 1, '', NULL, '2020-11-04 12:01:34', NULL, '2a0b174fec8bdbb64ae3d2ef7c3b7458'),
(139, 'Maria', 'Milla', 'Fernández', 'esthermfer@hotmail.com', '981561028', '', '10393110', 1, '', NULL, '2020-11-04 12:01:34', NULL, '54ab4cf2cf078ef9ef1ef17c20fe5fdd'),
(140, 'talia', 'Fernández', 'villaorduña', 'yfernandez2929@gmail.com', '977373311', '', '47538776', 1, '', NULL, '2020-11-04 12:01:34', NULL, 'f18d9d861c7cb0d2f8fd7c3ea4ae8480'),
(141, 'Luz Cristina', 'Reyes', 'Aybar', 'rolandoperez802@hotmail.com', '994552520', '', '15431238', 1, '', NULL, '2020-11-04 12:01:34', NULL, '9395937ae73498fb4383aa84567e3f27'),
(142, 'Yuri Irwin', 'Jaime', 'Gamboa', 'yurigamboa666@gmail.com', '990531142', '', '45609229', 1, '', NULL, '2020-11-04 12:01:34', NULL, '393683b480b68b2f4e18fa759aecb775'),
(143, 'Artemio', 'Flores', 'Fernandez', 'temoflores535@gmail.com', '997009251', '', '10308864', 1, '', NULL, '2020-11-04 12:01:34', NULL, '6a2facc81e2a61d8c1040941df05fb1d'),
(144, 'carmen edith', 'caycho', 'chigne', 'carmen_caychoch@yahoo.es', '999251130', '', '8677829', 1, '', NULL, '2020-11-04 12:01:34', NULL, '48e7edd1d5979d61d5e2b263fa5ade3f'),
(145, 'Carlota', 'Camacho', 'Tello', 'carlotaemperatrizcamachotell@gmail.com', '990386976', '', '40189231', 1, '', NULL, '2020-11-04 12:01:34', NULL, 'af5010538e5380518eefd8676961feb1'),
(146, 'Mey', 'Palomino', 'Villafuerte', 'meyvi13@hotmail.com', '959367355', '', '41346834', 1, '', NULL, '2020-11-04 12:01:34', NULL, '4b9fffecee87655ca596dabfaad939b0'),
(147, 'César', 'Ramirez', 'Cotrina', 'cramirez4242@gmail.com', '980535542', '', '6254336', 1, '', NULL, '2020-11-04 12:01:34', NULL, 'efe3b485cb95c5263a24bad8196e25fc'),
(148, 'Mayra', 'Manchego', 'De La Cruz', 'maymid9@hotmail.com', '994641622', '', '42810112', 1, '', NULL, '2020-11-04 12:01:34', NULL, '470516230b294634bf9e55462454c5e1'),
(149, 'graciela', 'Antonio', 'pimentel', 'amlivg@hotmail.com', '964419490', '', '19818118', 1, '', NULL, '2020-11-04 12:01:34', NULL, '60710b9d868e37369b5db81766aeb0b4'),
(150, 'gianina', 'rodriguez', 'revollar', 'gianinarodriguez@gmail.com', '980447199', '', '6862128', 1, '', NULL, '2020-11-04 12:01:34', NULL, '1c1b963735a9a22b39d122791a6a1fab'),
(151, 'john', 'vargas', 'luna', 'mpg1489@gmail.com', '967261737', '', '70360927', 1, '', NULL, '2020-11-04 12:01:34', NULL, '02acb8fdbb78f63c23654491349cd8cf'),
(152, 'fernando enrique', 'cabrera', 'nuñez', 'ecolabsm@gmail.com', '993909080', '', '6217419', 1, '', NULL, '2020-11-04 12:01:34', NULL, '63a2a3ab6465b9d26adaf2bc5bc6db84'),
(153, 'Roberto', 'Huamán', 'Gutiérrez', 'roberto.huaman.gutierrez@gmail.com', '968140675', '', '73204300', 1, '', NULL, '2020-11-04 12:01:34', NULL, '21e81c5176c94241db312e097173dfcb'),
(154, 'Doris', 'Vilca', 'Barrantes', 'palomavilcabarrantes@gmail.com', '910670566', '', '41382261', 1, '', NULL, '2020-11-04 12:01:34', NULL, '205a8171f4af0673454edb046afc899d'),
(155, 'glenny', 'dueñas', 'cespedes', 'glennyrita@gmail.com', '986770405', '', '42095609', 1, '', NULL, '2020-11-04 12:01:34', NULL, '73cfab914cfe0f312fdaa0e8066d261e'),
(156, 'Emanuel', 'Martel', 'Bueno', 'jim2513@hotmail.com', '959546622', '', '10688519', 1, '', NULL, '2020-11-04 12:01:34', NULL, '6b97901eb85ed02cec368e0e0c0c5ea4'),
(157, 'Paula', 'Quispe', 'Muñoz', 'rosapblgo@hotmail.com', '956642170', '', '21498415', 1, '', NULL, '2020-11-04 12:01:34', NULL, '76ebcafadab206e535e665ef870ed158'),
(158, 'Pedro Edgar', 'Carhuancho', 'González', 'folyn_lab@hotmail.com', '940252007', '', '40886777', 1, '', NULL, '2020-11-04 12:01:34', NULL, '67f0d0912e58c097b4147faf581ca27d'),
(159, 'jhony', 'Quichiz', 'Carlos', 'jhony0275@hotmail.com', '939108390', '', '15298171', 1, '', NULL, '2020-11-04 12:01:34', NULL, 'cb0ef9b37793b67d30589c19ef18a30d'),
(160, 'Fernando', 'Alva', 'Ruiz', 'biofar29@yahoo.com', '975148486', '', '6164689', 1, '', NULL, '2020-11-04 12:01:34', NULL, 'ae0fdf1b1e67bde6559bb209306bb75b'),
(161, 'Rossmery', 'Rojas', 'Sirlopú', 'rossy2106@hotmail.com', '931402430', '', '46418238', 1, '', NULL, '2020-11-04 12:01:34', NULL, '44d470498e947767323ed29dc25109cf'),
(162, 'Ericson Alexander', 'Juarez', 'Navarro', 'alexanderjuarez.n@gmail.com', '968985373', '', '47316330', 1, '', NULL, '2020-11-04 12:01:34', NULL, '022f32e1467eb7502a5c9a9c7f05701c'),
(163, 'Miguel Armando', 'Cunias', 'Reyes', 'miguel_armando19@hotmail.com', '925641866', '', '42712796', 1, '', NULL, '2020-11-04 12:01:34', NULL, '390f81c1026daf9dfa6cd78bccf9b7d0'),
(164, 'carlos ysaias', 'ORIA', 'MACEDO-', 'cyom_14@hotmail.com', '993651852', '', '9029164', 1, '', NULL, '2020-11-04 12:01:34', NULL, '864fe9960edf4a158e72fbc1167bed8e'),
(165, 'Cesar', 'Pescetto', 'Salazar', 'julpess@yahoo.com.pe', '999364249', '', '15856030', 1, '', NULL, '2020-11-04 12:01:34', NULL, '0c4e78be3319e32fd02eb178e9d7d6b0'),
(166, 'Karina Tamara', 'Pastrana', 'Orejuela', 'karipo0102@gmail.com', '993144265', '', '44700069', 1, '', NULL, '2020-11-04 12:01:34', NULL, '5c806f8620f8565a8eddb0ed5c16de1b'),
(167, 'Richard', 'Patricio', 'Villanueva', 'medipav@hotmail.com', '982276868', '', '40660120', 1, '', NULL, '2020-11-04 12:01:34', NULL, '622382f2c66a13a87fb00e39e2f331f7'),
(168, 'juan Daniel', 'Mauricio', 'robladillo', 'jumaro_01@hotmail.com', '929477763', '', '40082088', 1, '', NULL, '2020-11-04 12:01:34', NULL, '148b94046c7bc53094aef6f146daaecd'),
(169, 'Benjamin', 'Muñoz', 'Vasquez', 'benjamin_med@hotmail.com', '978421515', '', '10476542', 1, '', NULL, '2020-11-04 12:01:34', NULL, '40664420e4a2a9e850cac846b9e920b9'),
(170, 'patricia', 'canchari', 'paitan', 'pame_29_12@hotmail.com', '939547336', '', '44189598', 1, '', NULL, '2020-11-04 12:01:34', NULL, '5115d1499e6c080ce662487c0867ac27'),
(171, 'Artemio', 'Calderon', 'Davila', 'labsanlorenzo2008@hotmail.com', '973399970', '', '16795334', 1, '', NULL, '2020-11-04 12:01:34', NULL, 'b01e433be6da9676facb91ee03f70b40'),
(172, 'Maribel', 'Ore', 'Echevarria', 'hector_edgar@hotmail.com', '984024593', '', '21134559', 1, '', NULL, '2020-11-04 12:01:34', NULL, '976247814ea7d7176f4cf1002fcd7d8b'),
(173, 'Victor luis', 'Sotomayor', 'romero', 'luvictorv40_18@hotmail.com', '901795001', '', '43582393', 1, '', NULL, '2020-11-04 12:01:34', NULL, 'c36f16fbee8e16979e93ad51506ad5c7'),
(174, 'Pablo', 'Ramos', 'Ari', 'pabloramosari@gmail.com', '959261772', '', '29436526', 1, '', NULL, '2020-11-04 12:01:34', NULL, 'cf752c6467c1e651f9a6efe765efa61f'),
(175, 'Gustavo', 'de la torre', 'bocanegra', 'delatorrebgustavo@gmail.com', '960834615', '', '72871208', 1, '', NULL, '2020-11-04 12:01:34', NULL, 'b90897c42eda09883d99814542ebb054'),
(176, 'Zenaida Gloria', 'Soto', 'Meza', 'zenaidasotomeza@gmail.com', '977630072', '', '9480761', 1, '', NULL, '2020-11-04 12:01:34', NULL, 'fe0726fb5d12a95155e119539e3d5cf4'),
(177, 'Johnanthony', 'Bendezu', 'Ramos', 'jhober20@gmail.com', '977425908', '', '42004273', 1, '', NULL, '2020-11-04 12:01:34', NULL, 'a01d89a2e023418ebc0585061c66597a'),
(178, 'IRINA', 'QUIROZ', 'URURE', 'iquirozu@saludarequipa.gob.pe', '940416396', '', '29653562', 1, '', NULL, '2020-11-04 12:01:34', NULL, 'b4aef0d9ac3f27fe7fbea962146740b9'),
(179, 'Luz Yrene', 'Pineda', 'Moreno', 'pinedamorenoluz@hotmail.com', '990066998', '', '45301311', 1, '', NULL, '2020-11-04 12:01:34', NULL, 'fa366fa332697441a8dded3c2f62bab9'),
(180, 'CESAR AUGUSTO', 'DE LA CRUZ', 'RODRIGUEZ', 'caldero0007@gmail.com', '960355008', '', '8329512', 1, '', NULL, '2020-11-04 12:01:34', NULL, '49c683edd5d1970944928da5427eac1e'),
(181, 'Blanca', 'Baldeón', 'Córdova', 'blancabaldeon80@gmail.com', '948537222', '', '8086158', 1, '', NULL, '2020-11-04 12:01:34', NULL, 'aefd57cfe3e5d60c7e0447227174d5b4'),
(182, 'Janeth', 'Montalvo', 'Pecho', 'janethmontalvo.pe@gmail.com', '965084886', '', '40712628', 1, '', NULL, '2020-11-04 12:01:34', NULL, '512db28a7de1348245acf95c8abab065'),
(183, 'Celinda', 'Usquiano', 'Marquez', 'celindau77@gmail.com', '956120937', '', '16643503', 1, '', NULL, '2020-11-04 12:01:34', NULL, 'b1003ef7e88112005ae9bf1f662c35ce'),
(184, 'milagritos katia', 'Ayasta', 'Urrutia', 'milagrosau@hotmail.com', '978900865', '', '16669403', 1, '', NULL, '2020-11-04 12:01:34', NULL, 'e9d102b966342fa4a5dea365c3a39855'),
(185, 'yolanda', 'Vilca', 'Queque', 'luzecita_mila@hotmail.com', '980801260', '', '48054901', 1, '', NULL, '2020-11-04 12:01:34', NULL, 'ecfaef0465d663fb6c290e7333b902ca'),
(186, 'jorge', 'lopez', 'claros', 'jorgelopezclaros@yahoo.com', '952657575', '', '7588631', 1, '', NULL, '2020-11-04 12:01:34', NULL, '774b080ac5f5fd09091170c501bd3f27'),
(187, 'Mariuxia', 'Chilet', 'Tijero', 'pilar_13_90@hotmail.com', '969677779', '', '46626377', 1, '', NULL, '2020-11-04 12:01:34', NULL, '502135f275fb5dab8e7806729cba9002'),
(188, 'Edwin', 'Ardiles', 'Abanto', 'eardilesa@hotmail.com', '920657384', '', '17844416', 1, '', NULL, '2020-11-04 12:01:34', NULL, '97881f255879c301573df9dad4a869bf'),
(189, 'luis Miguel', 'carapi', 'salas', 'luiyi_864@hotmail.com', '962038393', '', '43851693', 1, '', NULL, '2020-11-04 12:01:34', NULL, '4a550b8f7866cf737e2c09ab8ab5e6ca'),
(190, 'Silvia', 'Giron', 'Malpartida', 'gmsl12@hotmail.com', '963913316', '', '4083118', 1, '', NULL, '2020-11-04 12:01:34', NULL, 'd9bc52ccf98756148fb617504d6ed2e5'),
(191, 'Adán', 'Villanueva', 'Sosa', 'adanjoelvillanuevasosa@gmail.com', '943247606', '', '43896767', 1, '', NULL, '2020-11-04 12:01:34', NULL, 'cb846e3c5885c8e1559f597a41006986'),
(192, 'rosa', 'callata', 'velarde', 'rosacallatav@gmail.com', '959113451', '', '40728791', 1, '', NULL, '2020-11-04 12:01:34', NULL, '9e986018c8622644d5b2c0d7aa4b6461'),
(193, 'maria', 'vega', 'neyra', 'marifarma.t-14@hotmail.com', '950695014', '', '10034318', 1, '', NULL, '2020-11-04 12:01:34', NULL, '7e9c7c3447cf8af1de12eeacbb6c5ac2'),
(194, 'Teresa de Jesús', 'Tapia', 'Schwarz', 'teresatapia45@hotmail.com', '941046500', '', '25787714', 1, '', NULL, '2020-11-04 12:01:34', NULL, 'a526496e31ee0176e0a6c242c0db07b2'),
(195, 'Manuel Eugenio', 'Virú', 'Chávez', 'medisalud685@msn.com', '999412715', '', '7595674', 1, '', NULL, '2020-11-04 12:01:34', NULL, '66ebb5391334a328b92b46a924ae3888'),
(196, 'Lily', 'Ramirez', 'Arostegui', 'Lilymarlen9@hotmail.com', '994885878', '', '42125138', 1, '', NULL, '2020-11-04 12:01:34', NULL, 'f61aabbd747b7d9054a578214a0f8f3c'),
(197, 'Patricia', 'Salazar', 'Aguirre', 'psalazar.aguirre@gmail.com', '977154015', '', '9722340', 1, '', NULL, '2020-11-04 12:01:34', NULL, '62583683d20215bfad264ed27c48cdc1'),
(198, 'ANTHONY', 'CALDERON', 'SALAZAR', 'anthony_calderon@hotmail.com', '964874686', '', '9858493', 1, '', NULL, '2020-11-04 12:01:34', NULL, '4ac5431ea7d9e5907139c7ee20087f09'),
(199, 'William', 'Martinez', 'Espinoza', 'wrme@hotmail.com', '990102796', '', '32404431', 1, '', NULL, '2020-11-04 12:01:34', NULL, '1df07aa3cdd7b33b4526d75538d3d1fb'),
(200, 'EVERT ANTONIO', 'TITO', 'MAMANI', 'evanto10s@hotmail.com', '990803767', '', '42853961', 1, '', NULL, '2020-11-04 12:01:34', NULL, '93f22908e3d2d506fe3e6188447fc847'),
(201, 'Pamela', 'Cajahuanca', 'Arauzo', 'jheidypamelaarauzo@gmail.com', '997773824', '', '45477248', 1, '', NULL, '2020-11-04 12:01:34', NULL, 'ef15e1406b57dd0d85307419a2a222f8'),
(202, 'diana', 'paz', 'mendoza', 'alma2dpm@gmail.com', '956004585', '', '43486639', 1, '', NULL, '2020-11-04 12:01:34', NULL, 'a09afc931569bb7622ddfa42d5586c08'),
(203, 'Miller', 'Casiano', 'Rueda', 'nicoppsac@hotmail.com', '935036946', '', '46513073', 1, '', NULL, '2020-11-04 12:01:34', NULL, '213b9963b837ed4104289f04507723da'),
(204, 'Georgia', 'Pacheco', 'Torreblanca', 'georgiapachecotorreblanca@gmail.com', '987367398', '', '70308486', 1, '', NULL, '2020-11-04 12:01:34', NULL, '0c4f77972479ff9d859ed004cc19f75e'),
(205, 'jose Antonio', 'bernaola', 'perea', 'antonpereab@gmail.com', '918269778', '', '42234311', 1, '', NULL, '2020-11-04 12:01:34', NULL, '4cc42583fb8b597ac23c18221ce5b0fc'),
(206, 'Max Hansel', 'De La Cruz', 'Perez', 'maxhansel_5@hotmail.com', '990842333', '', '45300031', 1, '', NULL, '2020-11-04 12:01:34', NULL, '94926ff7c477d4726153b13a60bf5d5f'),
(207, 'alejandrina', 'Gómez', 'Chávez', 'algch_15@hotmail.com', '995353297', '', '45145408', 1, '', NULL, '2020-11-04 12:01:34', NULL, '246d58db275c577c1eecf3eff8a8a9c4'),
(208, 'Alden', 'Radas', 'Barbié', 'aradasbar@hotmail.com', '995550740', '', '41416907', 1, '', NULL, '2020-11-04 12:01:34', NULL, 'e0e7024ac796478e1e4384775a902f1c'),
(209, 'Luz Antonia', 'Quiroz', 'Pedemonte', 'antonia404@hotmail.com', '976994893', '', '27743006', 1, '', NULL, '2020-11-04 12:01:34', NULL, '418f2e25efd409050317ade843fa7855'),
(210, 'Andrés', 'Horna', 'Abril', 'aehorn7@gmail.com', '942800473', '', '8872528', 1, '', NULL, '2020-11-04 12:01:34', NULL, '95baf6a84a8e1362cff5602e4a152da6'),
(211, 'Alicia', 'BARQUINERO', 'Fernández', 'aliciabarquinero@hotmail.com', '970158767', '', '10587074', 1, '', NULL, '2020-11-04 12:01:34', NULL, '2b0fde5cf8d6136a17faf84cc163a8f6'),
(212, 'Zolania Aracelly', 'Chachi', 'Vicuña', 'zolania01@gmail.com', '964668592', '', '41492319', 1, '', NULL, '2020-11-04 12:01:34', NULL, 'bd7dfaa3c8e1b77401d2c2095e383705'),
(213, 'kathya', 'yabar', 'bornaz', 'lucianaestrella2015@gmail.com', '998707608', '', '6414372', 1, '', NULL, '2020-11-04 12:01:34', NULL, 'f08c07aab265cebe9450466fd0aceff5'),
(214, 'zeyla', 'vivanco', 'peña', 'zeylavivanco@hotmail.com', '950801575', '', '40469169', 1, '', NULL, '2020-11-04 12:01:34', NULL, '71ab4f6e337f106a5f4d1af06241e242'),
(215, 'José Antonio', 'Martinez', 'Olivares', 'Kenmerja@gmail.com', '982742131', '', '46452457', 1, '', NULL, '2020-11-04 12:01:35', NULL, 'd50b28c604a58665a5c50b15b481dfad'),
(216, 'Marysol Elena', 'León', 'Larico', 'marisol_leon2111@hotmail.com', '997747393', '', '10206316', 1, '', NULL, '2020-11-04 12:01:35', NULL, '46c255207bafb75a81ced5b529f9682a'),
(217, 'Catalina', 'Balbin', 'Méndez', 'caba_od72@hotmail.com', '981621927', '', '20063721', 1, '', NULL, '2020-11-04 12:01:35', NULL, 'a399b4c54f17e1fb9e5c167317de54f8'),
(218, 'Cris', 'Revilla', 'Melendez', 'revilla_2895@hotmail.com', '952803174', '', '74348636', 1, '', NULL, '2020-11-04 12:01:35', NULL, '91068653e5e78707be126e2364c4e53d'),
(219, 'Abelardo', 'Araujo', 'Cano', 'aa_araujo@yahoo.es', '964834888', '', '8174991', 1, '', NULL, '2020-11-04 12:01:35', NULL, '5ad5d6143c9335de0bf4af1b5ed47174'),
(220, 'Estefani', 'Gutierrez', 'Vergaray', 'estefanigv777@gmail.com', '999347773', '', '43577167', 1, '', NULL, '2020-11-04 12:01:35', NULL, '33542c70294ef3177b90bf8492979acf'),
(221, 'Yadira', 'Palomino', 'Soto', 'yadira.palomino@gmail.com', '987218999', '', '41386425', 1, '', NULL, '2020-11-04 12:01:35', NULL, 'b3da654bb165ce43bb150e10963e2902'),
(222, 'Rosario Del Pilar', 'Muñante', 'Neyra', 'ropimune_1986@hotmail.com', '999113609', '', '43540130', 1, '', NULL, '2020-11-04 12:01:35', NULL, '0e91e75240a2db325307992df8a01753'),
(223, 'yanpier', 'reynoso', 'janampa', 'botica.fvyp@gmail.com', '984618455', '', '43657771', 1, '', NULL, '2020-11-04 12:01:35', NULL, '5dd9a45a1563a3fdd5cc16df407774fb'),
(224, 'Juvenal', 'Mendoza', 'Sánchez', 'juvenalmendoza00@gmail.com', '996872797', '', '18017698', 1, '', NULL, '2020-11-04 12:01:35', NULL, 'c889b5fb481c0c235dbe99b595397278'),
(225, 'jheyson David', 'uchuypoma', 'ñahui', 'jdjheysonodonto@gmail.com', '964809174', '', '45214473', 1, '', NULL, '2020-11-04 12:01:35', NULL, '52e50430a81fbd8b1396b2632d822a00'),
(226, 'Giovana', 'Barriga', 'Tello', 'giovibarriga@gmail.com', '951115153', '', '1316960', 1, '', NULL, '2020-11-04 12:01:35', NULL, 'cb6e6db1c23c6553dbbf2954015749ad'),
(227, 'alejandrina', 'Quispe', 'callañaupa', 'aqc16@hotmail.com', '975598134', '', '42640725', 1, '', NULL, '2020-11-04 12:01:35', NULL, '4c5d3ac6d8bd0f99022fdf39f4ee0a7e'),
(228, 'elizabett', 'terrones', 'quispe', 'qf.elytq@gmail.com', '915373917', '', '44076324', 1, '', NULL, '2020-11-04 12:01:35', NULL, 'b6abdf67b296e855db9ca5f7d205ac21'),
(229, 'michael', 'Yaber', 'Perez', 'michael051209@hotmail.com', '958349129', '', '41616796', 1, '', NULL, '2020-11-04 12:01:35', NULL, 'dfd91acc6c54a36d0b6f7bf4f4f6a944'),
(230, 'Geraldine', 'Villegas', 'Jara', 'geraldinevillegas@emedicsac.com', '959121202', '', '48024963', 1, '', NULL, '2020-11-04 12:01:35', NULL, 'bc8c3e6e11abf414bbdacc2141c5c9aa'),
(231, 'edison lizardo', 'barzola', 'Amorin', 'lizardobarzolaa@gmail.com', '999727221', '', '45430378', 1, '', NULL, '2020-11-04 12:01:35', NULL, '8abcc485efa31ab42eebad174313dde5'),
(232, 'Magaly', 'Aquino', 'Meza', 'maguuss@gmail.com', '984119034', '', '42487234', 1, '', NULL, '2020-11-04 12:01:35', NULL, '07f4379d874a51cd818cac709471a829'),
(233, 'Claudia', 'Delgado', 'Delgado', 'Claudicientacj@gmail.com', '980727888', '', '43479268', 1, '', NULL, '2020-11-04 12:01:35', NULL, 'ad8515e4f7ffd2141c71ed12c69913a6'),
(234, 'enrique', 'valdez', 'huaman', 'enriquevaldezhuaman1988@gmail.com', '986752120', '', '45139825', 1, '', NULL, '2020-11-04 12:01:35', NULL, 'd9d08aefa39454deab3ef17e0a84adb2'),
(235, 'victor', 'pretell', 'obando', 'victorpretell@hotmail.com', '995646652', '', '18839776', 1, '', NULL, '2020-11-04 12:01:35', NULL, '330be2c183d8fb24ee55a39d50e6870d'),
(236, 'Rut Pamela', 'Basilio', 'Astorayme', 'pamela_cristel@hotmail.com', '947387296', '', '75416266', 1, '', NULL, '2020-11-04 12:01:35', NULL, 'f51db880bff64e2bbf47e12ff782cb0b'),
(237, 'jhon Williams', 'rutti', 'alonzo', 'widelu_607@hotmail.com', '952595612', '', '70115272', 1, '', NULL, '2020-11-04 12:01:35', NULL, '97e70b5b91e217e9358457c618b0e864'),
(238, 'Héctor', 'Azabache', 'Laureano', 'klarh041162@hotmail.com', '984177962', '', '18116854', 1, '', NULL, '2020-11-04 12:01:35', NULL, '49dd24267214a81f58570b8713f1dd03'),
(239, 'Shirley', 'Martinez', 'López', 'shirleyxml@gmail.com', '987735310', '', '29626797', 1, '', NULL, '2020-11-04 12:01:35', NULL, '376a345e14aab0009ec87d2251a0cb05'),
(240, 'jose eliud', 'zapata', 'carazas', 'eliut3008@gmail.com', '993697184', '', '42444598', 1, '', NULL, '2020-11-04 12:01:35', NULL, 'b8daacde561e36deedf14d5805f22654'),
(241, 'Jose', 'Hernandez', 'Campos', 'josehernandezcampos19@gmail.com', '955236761', '', '2555197', 1, '', NULL, '2020-11-04 12:01:35', NULL, 'aede7978e81d6404b589a9905d75ac74'),
(242, 'Félix Jesús', 'Machado', 'Huayanca', 'felixmachado1967@gmail.com', '959512181', '', '21460448', 1, '', NULL, '2020-11-04 12:01:35', NULL, 'a46dc77104415bad792d4b491a073c57'),
(243, 'eluzabeth', 'becerra', 'hermoza', 'elizabethperu7@gmail.com', '930324352', '', '8675712', 1, '', NULL, '2020-11-04 12:01:35', NULL, 'b1e266aa38b54a4e7585bb93bcee1848'),
(244, 'José Luis', 'Santisteban', 'Moscoso', 'jsantisteban1302_mos@hotmail.com', '997941875', '', '9400695', 1, '', NULL, '2020-11-04 12:01:35', NULL, '47a3a744ac94c4e4f8f3732bb43abe2a'),
(245, 'Vladimir', 'Castillo', 'Reyes', 'vladisud1@gmail.com', '960226871', '', '43964500', 1, '', NULL, '2020-11-04 12:01:35', NULL, '6e7e6cc20dce93eba694b66a55d75311'),
(246, 'Felicita', 'Chero', 'Pisfil', 'felichero@hotmail.com', '996431331', '', '6193499', 1, '', NULL, '2020-11-04 12:01:35', NULL, 'd0eaeedfb70139544f2c83165303bdaf'),
(247, 'florentina Morales Damián', 'Morales', 'Damian', 'FloryMorales@yahoo.es', '997295060', '', '8077822', 1, '', NULL, '2020-11-04 12:01:35', NULL, '27eef44c168054127e6a56eb32af1019'),
(248, 'ANTONIO', 'MENDOZAB', 'BREGANTE', 'bregme@hotmail.com', '998062426', '', '7921532', 1, '', NULL, '2020-11-04 12:01:35', NULL, '27f63e985c062019cd9e97a91c0d46fe'),
(249, 'cender', 'quispe', 'juli', 'cender.quispe@upch.pe', '950853190', '', '72451422', 1, '', NULL, '2020-11-04 12:01:35', NULL, '865d12867da32436044308563094528f'),
(250, 'Janet', 'Guerrero', 'Salcedo', 'janet_g71@hotmail.com', '998807677', '', '10495725', 1, '', NULL, '2020-11-04 12:01:35', NULL, '7873d2daeccd63aef326b397d55bcbfd'),
(251, 'carlos', 'garcia', 'zavaleta', 'carlos.garcia.z@upch.pe', '997259984', '', '6620257', 1, '', NULL, '2020-11-04 12:01:35', NULL, 'd79328013b31815e9e9fecdb879cf67a'),
(252, 'DORIS LUPE', 'CABALLERO', 'AQUIÑO', 'dolucaballero@hotmail.com.9751276789', '975127678', '', '8530910', 1, '', NULL, '2020-11-04 12:01:35', NULL, 'c6614c9d5ce34969d201d52ff0b3f31a'),
(253, 'Rosalyn Maribel', 'Cabrera', 'Rodriguez', 'maribel_cabrera248@hotmail.com', '950678774', '', '21574614', 1, '', NULL, '2020-11-04 12:01:35', NULL, '7feb2327c27e39c436245fb3ccc11f30'),
(254, 'MARIELA', 'LAVA', 'SOLANO', 'mlava_86@hotmail.com', '934457089', '', '44118821', 1, '', NULL, '2020-11-04 12:01:35', NULL, 'cb44e51cfac5c4fe7fef4b063ed4927e'),
(255, 'Roger Hugo', 'Briceño', 'Mendoza', 'rogerhugobrimen@yahoo.es', '985020086', '', '43370958', 1, '', NULL, '2020-11-04 12:01:35', NULL, 'c0a7a06a74a8a7ebec33bc357bf6a4c8'),
(256, 'Jimmy', 'Guere', 'Chuquillanqui', 'cdjimmyhugo@gmail.com', '910445448', '', '40633641', 1, '', NULL, '2020-11-04 12:01:35', NULL, '5c7fc24d2af93c987fca07341d40548d'),
(257, 'Luis Miguel', 'Pezet', 'Coronado', 'luismiguel_pc@hotmail.com', '933448207', '', '6244723', 1, '', NULL, '2020-11-04 12:01:35', NULL, '6bb71cbf87ce511237d3b9385ac56952'),
(258, 'Mazzieli', 'Olivares', 'Herrera', 'mazzieliolivares2020@gmail.com', '938272961', '', '40105257', 1, '', NULL, '2020-11-04 12:01:35', NULL, '01c3875cd61886c5513d4deef9e47e71'),
(259, 'José', 'Pérez', 'Montes', 'joz.ant.perez@gmail.com', '935334171', '', '44656652', 1, '', NULL, '2020-11-04 12:01:35', NULL, '7a6e95b2c8164f772980e6b60763fde6'),
(260, 'Yovanna', 'Palomino', 'Rosales', 'yo.rosal@hotmail.com', '998849335', '', '6785031', 1, '', NULL, '2020-11-04 12:01:35', NULL, '76457d72d3079a731ec4a615d079fb49'),
(261, 'karina jeanette', 'centeno', 'ñaña', 'karina_jeanette_2008@hotmail.com', '942658192', '', '15430686', 1, '', NULL, '2020-11-04 12:01:35', NULL, 'ba882283b82f3420a313d21ed69cee35'),
(262, 'Simón Alejandro', 'Marcalaya', 'Isuhuaylas', 'smarcalaya@hotmail.com', '967980437', '', '15381037', 1, '', NULL, '2020-11-04 12:01:35', NULL, '8b281b5145cfdf6333325c297de6a7ea'),
(263, 'Betty', 'Paucar', 'Farfan', 'betty_pafa@hotmail.com', '986312214', '', '8148527', 1, '', NULL, '2020-11-04 12:01:35', NULL, '44c8a413db6456b61cf7589e9f62d24d'),
(264, 'guisela', 'solis', 'puente', 'guisela_sp01@hotmail.com', '932840951', '', '42754311', 1, '', NULL, '2020-11-04 12:01:35', NULL, 'cec6049300ddc8f11650803b0730a27d'),
(265, 'bertha edith', 'Ortiz', 'albino', 'berthao70@hotmail.com', '951567172', '', '21815583', 1, '', NULL, '2020-11-04 12:01:35', NULL, 'efd1b916011b16317e74a651340952ad'),
(266, 'Juan', 'vasquez', 'vargas', 'soluzioni2021@gmail.com', '941692947', '', '21139662', 1, '', NULL, '2020-11-04 12:01:35', NULL, '822ec69a7842b702bc89a0e6af7c917b'),
(267, 'Roberto', 'Jáuregui', 'Santa Cruz', 'jauregui1618@gmail.com', '976790475', '', '6846511', 1, '', NULL, '2020-11-04 12:01:35', NULL, '911f6d940df25cf1b13d4c1015f6bb18'),
(268, 'Lizbeth', 'Ramos', 'Urbina', 'rulvi3008@gmail.com', '955736153', '', '44549554', 1, '', NULL, '2020-11-04 12:01:35', NULL, 'f9c6c6c5ab1223aa7645ab1f29ab4821'),
(269, 'Richard', 'Morcillo', 'Ordoñez', 'r-morcillo@outlook.com', '996411166', '', '8631991', 1, '', NULL, '2020-11-04 12:01:35', NULL, '1eaa811aae2533ebcfbe0043abcbea00'),
(270, 'Miriam Alejandrina', 'Arnao', 'Martinez', 'mifi_17@hotmail.com', '994883705', '', '10329569', 1, '', NULL, '2020-11-04 12:01:35', NULL, 'f0a46163152cb0d0ce818243310b3bce'),
(271, 'Bryan', 'Terrones', 'Chumpitaz', 'Lbterrones@hotmail.com', '989424329', '', '45294882', 1, '', NULL, '2020-11-04 12:01:35', NULL, 'abfbb3b92dd6989a8649c6e405372f22'),
(272, 'Marlene', 'silva', 'sepulveda', 'marlenepilarsilva1968@gmail.com', '936508872', '', '25779538', 1, '', NULL, '2020-11-04 12:01:35', NULL, '526d67b5471001151f0a911f4f87ad5b'),
(273, 'Luis Alberto', 'Espinoza', 'Aramburú', 'luisensap@hotmail.com', '940347416', '', '15728621', 1, '', NULL, '2020-11-04 12:01:35', NULL, 'ba760ac0ec4a208b96137c7afc3c29aa'),
(274, 'Álvaro', 'Basurco', 'Mendoza', 'albasurco@gmail.com', '945016606', '', '6462461', 1, '', NULL, '2020-11-04 12:01:35', NULL, '38207b82757a25714af063ae1b927bd7'),
(275, 'liliana', 'Vásquez', 'Castillo', 'livascaseirl@gmail.com', '947212936', '', '8671091', 1, '', NULL, '2020-11-04 12:01:35', NULL, '02e59c28c1c93e50adbc8fd1b83a239e'),
(276, 'Ely', 'Paye', 'Luna', 'elma_16_9@hotmail.com', '945368638', '', '72158457', 1, '', NULL, '2020-11-04 12:01:35', NULL, '899b7c4074b5a679935579085796a065'),
(277, 'Noemi', 'Medina', 'Melendez', 'noemedinam@hotmail.com', '948952887', '', '9066849', 1, '', NULL, '2020-11-04 12:01:35', NULL, '356c9005610635888d15b261f1800b02'),
(278, 'Mary', 'Mejia', 'Guizado', 'marymegui@yahoo.com', '999926967', '', '8887549', 1, '', NULL, '2020-11-04 12:01:35', NULL, '89a3ec38b360349d0df43ab920024fce'),
(279, 'Miriam', 'Anchante', 'Saravia', 'miriam_mas@hotmail.com', '996151972', '', '9955162', 1, '', NULL, '2020-11-04 12:01:35', NULL, '8bc34f6d5b3f6a62de9bac1b4a5e75c4'),
(280, 'Raquel', 'Mejia', 'Lopez', 'rashel_13_ml@hotmail.com', '964838253', '', '47216078', 1, '', NULL, '2020-11-04 12:01:35', NULL, 'c89daf3af6acf123674370fcda74bc5e'),
(281, 'yanet', 'Gutierrez', 'cirilo', 'yan.gutierrez@hotmail.com', '973433447', '', '40644993', 1, '', NULL, '2020-11-04 12:01:35', NULL, 'bd43b71f42b4903dbf15feae6fb0140b'),
(282, 'Tania', 'Vela', 'Cerron', 'Tannyvell@gmail.com', '981519011', '', '43180638', 1, '', NULL, '2020-11-04 12:01:35', NULL, '13eedd0a2764667300b0b5086cca6d75'),
(283, 'GISSELA ROCIO', 'PANIAGUA', 'ALVARADO', 'gisselapaniagua@hotmail.com', '993488434', '', '10327737', 1, '', NULL, '2020-11-04 12:01:35', NULL, 'f514ce9b377ce0e0042ddda8dba374dc'),
(284, 'Lourdes Rosario', 'Ramos', 'Carbajal', 'gramos89@hotmail.com', '959141235', '', '40155782', 1, '', NULL, '2020-11-04 12:01:35', NULL, 'ff1730aaf499a7dd8b8e78a9dcca8ce4'),
(285, 'Carolina', 'Rayme', 'Torres', 'crayt0411@hotmail.com', '946319056', '', '9101391', 1, '', NULL, '2020-11-04 12:01:35', NULL, '8a98860da35580c627bf2ece18d97b7f'),
(286, 'carmen', 'huamanñahui', 'avalos', 'kamy12_91@hotmail.com', '922049553', '', '46852209', 1, '', NULL, '2020-11-04 12:01:35', NULL, 'c79df0b0ef78617de57eb8bbdac1386a'),
(287, 'Mónica Cecilia', 'Cuentas', 'Yabar', 'mccuentasy@hotmail.com', '959370768', '', '43535246', 1, '', NULL, '2020-11-04 12:01:35', NULL, '9900663de3e089639d7648362b616f0b'),
(288, 'Walter Eduardo', 'Arizmendi', 'Berrocal', 'walterarizmendi@gmail.com', '980545113', '', '9610553', 1, '', NULL, '2020-11-04 12:01:35', NULL, 'c986e203854a67f591cf10341e020daa'),
(289, 'Ana Cecilia Matilde.', 'casas', 'Del Ben', 'anacasasd@hotmail.com', '943488868', '', '32976429', 1, '', NULL, '2020-11-04 12:01:35', NULL, 'd5beb246a365c70e72f5903a189d96a0'),
(290, 'Magali', 'Diaz', 'Mamani', 'dimaz8702@gmail.com', '933460093', '', '44087136', 1, '', NULL, '2020-11-04 12:01:35', NULL, 'c0953f417448a7df3b04d5bc6d5e7076'),
(291, 'MARIA ESTHER', 'CALDERON', 'OSORIO', 'saida017@hotmail.com', '996490833', '', '15961817', 1, '', NULL, '2020-11-04 12:01:35', NULL, '782f12bef95d9ded3a225815b4ddb369'),
(292, 'Herlinda', 'Vasquez', 'Zamora', 'herlivasquez@gmail.com', '996935114', '', '7589729', 1, '', NULL, '2020-11-04 12:01:35', NULL, 'a16ac455cff581bb38c87519dc4a66a1'),
(293, 'Luis Enrique', 'Ortiz', 'Cama', 'leoc_8d@hotmail.com', '962782028', '', '46610957', 1, '', NULL, '2020-11-04 12:01:35', NULL, '6659effb6fa0583e28192bfa79fae0d9'),
(294, 'zinializ', 'vivanco', 'trinidad', 'lion1924@hotmail.com', '967590998', '', '10347910', 1, '', NULL, '2020-11-04 12:01:35', NULL, 'fa80ecf9d35660c9ee0d2c2ffb1761f8');
INSERT INTO `visitantes` (`idvisitantes`, `nombres`, `apellido_paterno`, `apellido_materno`, `correo`, `telefono`, `tipo_documento`, `numero_documento`, `idusuario`, `tipo_visitante`, `terminos_condiciones`, `fecha_creacion`, `fecha_actualizacion`, `contrasena`) VALUES
(295, 'SILVIA', 'LIZANO', 'OCHOA', 'silvia_19licen@hotmail.com', '949329069', '', '9346506', 1, '', NULL, '2020-11-04 12:01:35', NULL, '150535033d8abc7b375174605853f3cb'),
(296, 'patricia', 'Atapoma', 'Sáenz', 'pasyvonnes@hotmail.com', '992807610', '', '8127235', 1, '', NULL, '2020-11-04 12:01:35', NULL, 'acc7055fb86540e172f2083bb910245f'),
(297, 'maria', 'mayori', 'romero', 'farmahm3d@gmail.com', '998901144', '', '29575520', 1, '', NULL, '2020-11-04 12:01:35', NULL, 'fbcc1f33d008de50346fc63fedc1b284'),
(298, 'Maria', 'Ormeño', 'Atuncar', 'noemi1276@hotmail.com', '974635632', '', '45487654', 1, '', NULL, '2020-11-04 12:01:35', NULL, '841403c6f932dcb437f80bbeafb6fcb7'),
(299, 'Brenda', 'Querevalu', 'Calle', 'brenda88_@hotmail.com', '981370390', '', '44861944', 1, '', NULL, '2020-11-04 12:01:35', NULL, '56fff31474e53918ff9c23e84258bbf6'),
(300, 'Lucinda', 'Concepcion', 'Javier', 'l.concepcion1210@gmail.com', '947510277', '', '45350256', 1, '', NULL, '2020-11-04 12:01:35', NULL, '5748bebc2ff4629d62c8b42181c1f2c0'),
(301, 'Marcela', 'Baldeos', 'Espinoza', 'criogenicajcb@hotmail.com', '981627758', '', '44332948', 1, '', NULL, '2020-11-04 12:01:35', NULL, '8f68ad42dfdf19191e133198f6da7887'),
(302, 'Adriana', 'Milla', 'Loloy', 'Uniformesmedicosperusac@gmail.com', '975140170', '', '43752267', 1, '', NULL, '2020-11-04 12:01:35', NULL, '283a9064a8b13181987ad72a8809b8eb'),
(303, 'edwin', 'flore', 'espinoza', 'eflores@hkpharma.pe', '991405722', '', '41562177', 1, '', NULL, '2020-11-04 12:01:35', NULL, '8c3ae3a551658d82c035c8b9b0dda0a7'),
(304, 'Soledad', 'Figueroa', 'Muñoz', 'magda_soledad18@hotmail.com', '985653005', '', '8283773', 1, '', NULL, '2020-11-04 12:01:35', NULL, '8924c685d7323db3f11b53a443f22e20'),
(305, 'Carmen Rosa', 'Guevara', 'Bregante', 'cguevarabregante@gmail.com', '999104713', '', '10136340', 1, '', NULL, '2020-11-04 12:01:35', NULL, 'ee1f03162341a9a753d11f70c249427e'),
(306, 'si', 'Ramos', 'Lévano', 'danelli_2@hotmail.com', '938359588', '', '15436455', 1, '', NULL, '2020-11-04 12:01:35', NULL, 'd4d85894b9ff14546dce3bdcc5538264'),
(307, 'Alan', 'Fermin', 'Contreras', 'Contacto@alanfermin.com', '992912010', '', '1768843', 1, '', NULL, '2020-11-04 12:01:35', NULL, '17491c7ed31b34a8ade5d80cec36689a'),
(308, 'Javier', 'Cardenas', 'Arevalo', 'jav_c92@hotmail.com', '987483950', '', '46825860', 1, '', NULL, '2020-11-04 12:01:35', NULL, '4e6fa9e4ddd33a614e0413aacbdef939'),
(309, 'Enrique', 'Li', 'Tam', 'Erric1983@hotmail.com', '980687984', '', '47659303', 1, '', NULL, '2020-11-04 12:01:35', NULL, '5d6484a722b0b032e7258508d309bb0c'),
(310, 'sandra', 'chura', 'borda', 'csandra_mariela@hotmail.com', '942030479', '', '41700787', 1, '', NULL, '2020-11-04 12:01:35', NULL, '76269d7443f2a5420bd53ee21aaa9768'),
(311, 'Elisa Jeovana', 'Gálvez', 'Dávila', 'elisagalvez2603@gmail.com', '983704729', '', '41249414', 1, '', NULL, '2020-11-04 12:01:35', NULL, 'b77b1a4e0399e1fd97519fa279d0c0d7'),
(312, 'Bethzabe', 'Gallegos', 'Urbina', 'gallegos.86@hotmail.com', '993397491', '', '43873114', 1, '', NULL, '2020-11-04 12:01:35', NULL, '4f2a30aa467369bf45e8e177a8aba38b'),
(313, 'cecilia', 'patiño', 'gomez', 'ceciliaesther-68@hotmail.com', '996043803', '', '8873069', 1, '', NULL, '2020-11-04 12:01:35', NULL, '2d5c259b7776260f7de028caa095cdf4'),
(314, 'Ysabel', 'Cruz', 'Liberato', 'Ycruz.2014@hotmail.com', '944270761', '', '41188678', 1, '', NULL, '2020-11-04 12:01:35', NULL, 'e6faf379dad5b8c6aeb17ae74281b88d'),
(315, 'ELIZABETH', 'PASTRANA', 'GAMARRA', 'elypg.37@gmail.com', '949279681', '', '40270471', 1, '', NULL, '2020-11-04 12:01:35', NULL, '6d7c2974b21f0551ec48fe17e983932e'),
(316, 'Franco', 'Rojas', 'Mesias', 'jfbeto@gmail.com', '996411617', '', '9870728', 1, '', NULL, '2020-11-04 12:01:35', NULL, '74bd7089c3b85251da24076f99fb74cc'),
(317, 'Flor', 'Cabrera', 'Yaguno', 'Fcabrera.04@hotmail.com', '978214272', '', '45028272', 1, '', NULL, '2020-11-04 12:01:35', NULL, 'a1b806a4c42028c7ab039f3c4477255d'),
(318, 'Alonso', 'Arizola', 'Munive', 'imp.arizmunperu@gmail.com', '967948525', '', '21526818', 1, '', NULL, '2020-11-04 12:01:35', NULL, 'fd8f1dc1a2ea5dfb7da87730b0f15006'),
(319, 'Tania', 'roldan', 'Ramos', 'taniaroldanramos@gmail.com', '998427977', '', '40327757', 1, '', NULL, '2020-11-04 12:01:35', NULL, 'e7be2028d6b01df3b256268759e137d8'),
(320, 'Miriam', 'Guevara', 'Robles', 'mirguevara@hotmail.com', '945872232', '', '6594334', 1, '', NULL, '2020-11-04 12:01:35', NULL, 'e4921fe5636906b97192aaddd084fa08'),
(321, 'Carlos', 'Porlles', 'Ancalla', 'Porlles2021@gmail.com', '99999999', '', '72491695', 1, '', NULL, '2020-11-04 12:01:35', NULL, '67eb993476af4d329599c862fbd3a0c0'),
(322, 'Andrea liz', 'Mitma', 'Urbano', 'Andrea.mi153@gmail.com', '980870149', '', '44997071', 1, '', NULL, '2020-11-04 12:01:35', NULL, '345dd7ad30f9becf8fafe90506b3ab00'),
(323, 'Karina', 'Flores', 'Araujo', 'Anirakvfa@gmail.com', '951524477', '', '40300474', 1, '', NULL, '2020-11-04 12:01:35', NULL, 'c34cc67f8bf24596a38b270e883f6430'),
(324, 'jose carlos', 'vertiz', 'cayo', 'jvertizcayo@gmail.com', '985332173', '', '40613000', 1, '', NULL, '2020-11-04 12:01:35', NULL, '5c47302b3d8a2ae0734bbda60302a6a5'),
(325, 'Katherine Susan', 'Cano', 'Salvador', 'keyvi84.kcs@gmail.com', '945950172', '', '40615948', 1, '', NULL, '2020-11-04 12:01:35', NULL, 'a4b2f48829dcef35d4f14990e4c008c4'),
(326, 'Gustavo', 'Cárdenas', 'La Madrid', 'guscarperu@gmail.com', '975113853', '', '8255591', 1, '', NULL, '2020-11-04 12:01:35', NULL, 'b40acb4e6143789765c18cf643057918'),
(327, 'Rolando', 'Delgado', 'Dávila', 'rdelgado@crecemas.pe', '992404464', '', '9737207', 1, '', NULL, '2020-11-04 12:01:35', NULL, '714fcd24e754795065efe8024a435e37'),
(328, 'Noemi', 'Chumbiriza', 'Manzo', 'noemigissela_chm@hotmail.com', '986718037', '', '41022477', 1, '', NULL, '2020-11-04 12:01:35', NULL, 'd21ab76a2763b19f2cb6dba743768a5d'),
(329, 'james', 'Valenzuela', 'Martinez', 'jjvm9@hotmail.com', '969788971', '', '43747447', 1, '', NULL, '2020-11-04 12:01:35', NULL, 'bb36b088a1f9c9ad683cfbc9fea411fd'),
(330, 'Marco Antonio', 'Guzmán', 'Adriano', 'mguzman20252025@gmail.com', '992554342', '', '44144234', 1, '', NULL, '2020-11-04 12:01:35', NULL, '2fe0ad786fabfec90ab2692b25f1eda3'),
(331, 'victor alexander', 'chacaltana', 'espino', 'alex_farmac@hotmail.com', '950771148', '', '21574661', 1, '', NULL, '2020-11-04 12:01:35', NULL, '2dc66ed099c717f8ea6e8006dfbe2eec'),
(332, 'Liliana', 'Ccarhuarupay', 'Barriga', 'lily_giov195@hotmail.com', '958179832', '', '44731746', 1, '', NULL, '2020-11-04 12:01:35', NULL, 'd2650ce52d250adab0dbf958b5b7b9ca'),
(333, 'Cyntia', 'Medina', 'Escalante', 'doctoracyntiecita@gmail.com', '987787932', '', '42960827', 1, '', NULL, '2020-11-04 12:01:35', NULL, '98d93ee955ce58fbe155666f09bf0030'),
(334, 'Delver', 'Ventura', 'Vásquez', 'ctbhperu@hotmail.com', '945700167', '', '44244279', 1, '', NULL, '2020-11-04 12:01:35', NULL, 'becbf66959d8db3bf859f5fd62cf2c44'),
(335, 'wilmer', 'villafuerte', 'huamani', 'pablovillafuertehuamani@gmail.com', '950979627', '', '7172341', 1, '', NULL, '2020-11-04 12:01:35', NULL, '4102c81955f6cd744e74a042e86d1079'),
(336, 'Ruth Liliana', 'Carpio', 'Boggiano', 'Enfermeraliliana@hotmail.com', '995533751', '', '9937074', 1, '', NULL, '2020-11-04 12:01:35', NULL, '9668409e7c4d17fd1911f74a71cc4a66'),
(337, 'Ciro', 'Neira', 'Tacuri', 'Ventas@emomedic.com', '990133888', '', '41090287', 1, '', NULL, '2020-11-04 12:01:35', NULL, 'f14c19e48bd888ef34ab629f840091c3'),
(338, 'pedro', 'lopez', 'herrera', 'pitercitofree@gmail.com', '984477961', '', '45640231', 1, '', NULL, '2020-11-04 12:01:35', NULL, 'bab94cdcf1a56887b318e23b266633fb'),
(339, 'yodiel', 'suarez', 'loardo', 'yidiels@hotmail.com', '955668897', '', '40226752', 1, '', NULL, '2020-11-04 12:01:35', NULL, '949e77c1dd0810bc9c615b8a8ebec6d0'),
(340, 'laura', 'visaico', 'gomez', 'lvisaico@gmail.com', '973538581', '', '46481862', 1, '', NULL, '2020-11-04 12:01:35', NULL, '216d89c6cf16b952b99225f41d05a886'),
(341, 'Jose Luis', 'Mamani', 'Tturo', 'jtturo25@gmail.com', '997518003', '', '42056451', 1, '', NULL, '2020-11-04 12:01:35', NULL, 'dc7b0786f4ff4b0007878f534a222db0'),
(342, 'Luis Wilson', 'Ilasaca', 'Cahuata', 'wilsonilasaca@gmail.com', '950828057', '', '1235691', 1, '', NULL, '2020-11-04 12:01:35', NULL, 'a69b6029fa472d5a99f87865c4dc935a'),
(343, 'Alexander', 'Pereda', 'Lozano', 'alexanderpereda@hotmail.com', '934852047', '', '41517026', 1, '', NULL, '2020-11-04 12:01:35', NULL, '435a6b232bd4eec6ddac0aa43b83c4c0'),
(344, 'lucia', 'Vizcarra', 'hidalgo', 'luciavizcarra2425@gmail.com', '977841424', '', '10824042', 1, '', NULL, '2020-11-04 12:01:35', NULL, 'c1a9ac0b61719b2e798cfa103a18bf2f'),
(345, 'Mary', 'Vilchez', 'Túpac', 'macevitu@hotmail.com', '959387912', '', '42497938', 1, '', NULL, '2020-11-04 12:01:35', NULL, 'c595f3a1a94ee6615a0782e7ef6b701e'),
(346, 'Martin', 'Adrianzen', 'Peralta', 'adrianzn_70@hotmail.com', '920049267', '', '8068199', 1, '', NULL, '2020-11-04 12:01:35', NULL, 'f70d34c8d112298134153aad4fa91eb1'),
(347, 'rosa', 'castillo', 'ponciano', 'marurosacastillo@hotmail.com', '995022436', '', '9082481', 1, '', NULL, '2020-11-04 12:01:35', NULL, '37c0d0b9d47465df4e009ce83622dc28'),
(348, 'jose', 'chafloque', 'capuñay', 'josechafloque4@hotmail.com', '996646543', '', '40254728', 1, '', NULL, '2020-11-04 12:01:35', NULL, 'afe3473cd5202d5ed2d92e6b7cf78209'),
(349, 'willian', 'dominguez', 'paredes', 'willian_dp89@hotmail.com', '992710559', '', '45926053', 1, '', NULL, '2020-11-04 12:01:35', NULL, '77b5f84cd9120f585719e182851508e2'),
(350, 'Joan Fredd', 'Flores', 'Taquia', 'jofrefo@hotmail.com', '982905524', '', '43123830', 1, '', NULL, '2020-11-04 12:01:35', NULL, 'b1937a06bdb588346342b3f7240eb748'),
(351, 'vianny', 'flores', 'mamani', 'viannyfloresmamani@gmail.com', '961307171', '', '41403048', 1, '', NULL, '2020-11-04 12:01:35', NULL, 'cc96eceb687ccbcfba212042b321998b'),
(352, 'Beto Carlos', 'Alcantara', 'Illesca', 'carlosalcantaraillesca@gmail.com', '999697344', '', '6794887', 1, '', NULL, '2020-11-04 12:01:35', NULL, '264d38a1f38c044487b2422ee69c42dc'),
(353, 'juliana lisset', 'grau', 'dios', 'julianagrd1501@hotmail.com', '942694878', '', '41903989', 1, '', NULL, '2020-11-04 12:01:35', NULL, 'a5fe18e3c1f1cd39d2795cff7739323d'),
(354, 'Teresa Giuliana', 'Calero', 'Gómez', 'tgiulianacalero1980@gmail.com', '939741252', '', '40847392', 1, '', NULL, '2020-11-04 12:01:35', NULL, '262d06e1f4a52304083faa8e64658d06'),
(355, 'luis emilio', 'garnique', 'arias', 'luis.emilio.garnique.arias@gmail.com', '966629747', '', '45447896', 1, '', NULL, '2020-11-04 12:01:35', NULL, '9f952d08a0871429b3018d6235ffed24'),
(356, 'Tania', 'Moran', 'Soto', 'clinicamedilab@hotmail.com', '982130806', '', '41697426', 1, '', NULL, '2020-11-04 12:01:35', NULL, 'fe6b1e555afca2d543793d0146b53258'),
(357, 'Angel Ramiro', 'Feliciano', 'Retuerto', 'angelfeliciano.r.11@gmail.com.', '997724293', '', '10448022', 1, '', NULL, '2020-11-04 12:01:35', NULL, '8512ed624d20bf5bfb633d008cc4f19b'),
(358, 'Pedro Antonio', 'Llancarri', 'Melendes', 'pedrollancari@gmail.com', '965633596', '', '44152647', 1, '', NULL, '2020-11-04 12:01:35', NULL, '490eec9f273200a6d08a1b487ae14883'),
(359, 'JULIO CÉSAR', 'RIVERA DEL CARPIO', 'RUIZ', 'dr.riveradelcarpio@gmail.com', '940256170', '', '41919631', 1, '', NULL, '2020-11-04 12:01:35', NULL, '8e8a7c5b3e6f80c79b8896230cf4dc11'),
(360, 'carlos Alberto', 'Asenjo', 'Fernández', 'rojo53.2018@gmail.com', '995005025', '', '16651295', 1, '', NULL, '2020-11-04 12:01:35', NULL, '0d2882d8f5404db998c380428a3d1646'),
(361, 'Myrian', 'Rios', 'Celis', 'myrice2002@hotmail.com', '999663354', '', '9033242', 1, '', NULL, '2020-11-04 12:01:35', NULL, '322676a15c493efebb7c2d8253239bd0'),
(362, 'Walter', 'Pando', 'Rojas', 'walterpando@gmail.com', '944828131', '', '8034548', 1, '', NULL, '2020-11-04 12:01:35', NULL, 'c36ed4d5496f4c2f49b1816b70b1da29'),
(363, 'Esther', 'Punchin', 'Garcia', 'epunchin@lscdiagnostics.com', '993557796', '', '6163424', 1, '', NULL, '2020-11-04 12:01:35', NULL, 'a5593e719f5c4ff0a5beb682643cdade'),
(364, 'Cecilia', 'Florez', 'Córdova', 'cflorezdej@hotmail.com', '995868146', '', '6253569', 1, '', NULL, '2020-11-04 12:01:35', NULL, '12502411d2f996d4d421365a65d9899a'),
(365, 'addherly', 'quispe', 'huayllapuma', 'tobhars_ad@hotmail.com', '986985286', '', '46344625', 1, '', NULL, '2020-11-04 12:01:35', NULL, 'f6e32742bf6158eb9ea71fc3df3b5e46'),
(366, 'Melissa', 'Bislao', 'Aquino', 'melissa.bislao@gmail.com', '965419671', '', '47173185', 1, '', NULL, '2020-11-04 12:01:35', NULL, 'b6394dac2921c28892f687ef5c6055c0'),
(367, 'Carlos', 'Adavila', 'Tello', 'cardate@gmail.com', '965887399', '', '7763425', 1, '', NULL, '2020-11-04 12:01:35', NULL, '331e379744f6ccc8e5c76f99a405faab'),
(368, 'Roger', 'Alejo', 'Flores', 'baixo619@hotmail.com', '950896231', '', '29723569', 1, '', NULL, '2020-11-04 12:01:35', NULL, '3492081535254bd8d1c70e1fbe983ecf'),
(369, 'Edith', 'Zegarra', 'Tejada', 'zegarraedith@gmail.com', '999205734', '', '29447136', 1, '', NULL, '2020-11-04 12:01:35', NULL, 'd9fc38c00ee4efb6b7ec3a9f7289497b'),
(370, 'genaro', 'paredes', 'garcia', 'gpg38150@hotmail.com', '961001730', '', '18140977', 1, '', NULL, '2020-11-04 12:01:35', NULL, '9a6668641fd77007a1462eb931286d7f'),
(371, 'David', 'GUTIERREZ', 'Martinez', 'deip20@hotmail.com', '925553226', '', '41950428', 1, '', NULL, '2020-11-04 12:01:35', NULL, '57fd29d3b0151c07179ef72c6272cd8a'),
(372, 'Pedro', 'Salomé', 'Gamarra', 'pedrosalomeg@hotmail.com', '996233999', '', '7344910', 1, '', NULL, '2020-11-04 12:01:35', NULL, 'f0176041cc8272ce311f6b2eb05e3ac0'),
(373, 'Jimmy Damián', 'Mateo', 'Pacora', 'jimmy_23_03_92@hotmail.com', '948515484', '', '46972536', 1, '', NULL, '2020-11-04 12:01:35', NULL, '250496218cab8ddecea7f03e73f3d7a7'),
(374, 'Manuel eduardo', 'jarama', 'paredes', 'manueleduardoj@yahoo.es', '900405261', '', '5359220', 1, '', NULL, '2020-11-04 12:01:35', NULL, '38d155bbf68987e807ae56cba7743e7b'),
(375, 'Gloria', 'Vivar', 'Ramirez', 'gloriavivar@gmail.com', '985367141', '', '9995752', 1, '', NULL, '2020-11-04 12:01:35', NULL, '1b1061fbfbe66e00fc4fb75f9bab3b84'),
(376, 'Telma', 'Avalos', 'Aspajo', 'telmaavalos@hotmail.com', '950970859', '', '8142601', 1, '', NULL, '2020-11-04 12:01:35', NULL, '3c505b2d1f3c183921e57ab104dde3cc'),
(377, 'LIZ AMPARO', 'BULLÓN', 'MATOS', 'libuma970@yahoo.es', '962884422', '', '20030248', 1, '', NULL, '2020-11-04 12:01:35', NULL, 'aae67c3dc664243651435f82268c86f4'),
(378, 'Gilbert', 'Begazo', 'Velásquez', 'gilbert.bgvl@gmail.com', '944200622', '', '43020056', 1, '', NULL, '2020-11-04 12:01:35', NULL, '56223d391833d9bb8dc3375a42668325'),
(379, 'juan', 'torres', 'giraldo', 'jmtorresg@hotmail.com', '999969867', '', '15606052', 1, '', NULL, '2020-11-04 12:01:35', NULL, 'a69744423d4a391e1395c370d4995ee1'),
(380, 'felix manuel', 'Romero', 'Palacios', 'rompala4@hotmail.com', '949072989', '', '8393024', 1, '', NULL, '2020-11-04 12:01:35', NULL, '4e7362dac9d0fc61740fa72d732da356'),
(381, 'alexander', 'mamani', 'ninaja', 'tisaman@hotmail.com', '952852813', '', '43058396', 1, '', NULL, '2020-11-04 12:01:35', NULL, '78d7eed9eafc87f76cd2f72c146b1eeb'),
(382, 'PUKAATIQ', 'DIONISIO', 'MINAYA', 'pdionisiom@gmail.com', '997134651', '', '25772605', 1, '', NULL, '2020-11-04 12:01:35', NULL, '414b7bbf12fb9818a4ccc68ce453ec68'),
(383, 'willie', 'gonzales', 'peña', 'Willie_gonzales@usmp.pe', '953723133', '', '44556884', 1, '', NULL, '2020-11-04 12:01:35', NULL, 'cf1f60f12a77c6b0c664ac99230d7869'),
(384, 'Rosa violeta', 'Flores', 'Villegas', 'lochi76_6@hotmail.com', '957408503', '', '3672727', 1, '', NULL, '2020-11-04 12:01:35', NULL, 'da82f05c5ab5ca397b23f77c2d39d5d6'),
(385, 'Betty Elena', 'De Paz', 'Matias de Ruiz', 'bettydepazm@yahoo.es', '994785648', '', '156775725', 1, '', NULL, '2020-11-04 12:01:35', NULL, 'ed67d5bb5aab834db8e619272344982b'),
(386, 'Mary', 'Taipe', 'Tica', 'tai_ti22@hotmail.com', '985530756', '', '10442363', 1, '', NULL, '2020-11-04 12:01:35', NULL, 'd04d7efeb75dde35e855cadde6744e97'),
(387, 'ROCÍO DEL PILAR', 'DIAZ', 'ALEJO', 'rociodiazalejo@hotmail.com', '969902364', '', '41590755', 1, '', NULL, '2020-11-04 12:01:35', NULL, '5f8ee9dfe365c069e41d07e69c496bfa'),
(388, 'maritza', 'caballero', 'tenazoa', 'maritzacaballero1615@gmail.com', '936822460', '', '10225189', 1, '', NULL, '2020-11-04 12:01:35', NULL, '7cad57d33a206bcca3141ade1e23b68d'),
(389, 'Lourdes', 'Yanac', 'Acedo', 'lourdes.yanac@upagu.edu.pe', '976839916', '', '6781841', 1, '', NULL, '2020-11-04 12:01:35', NULL, 'c9fabbe029e41053fb5e2fd18f9dbc76'),
(390, 'karina Julissa', 'Rosas', 'Santos', 'karinajulissar@gmail.com', '941461722', '', '43308371', 1, '', NULL, '2020-11-04 12:01:35', NULL, '4bb21a7a7a894f190f4f5f26d2d880d5'),
(391, 'Ana', 'Herrera', 'Bonilla', 'amherrerab@hotmail.com', '999095954', '', '20039910', 1, '', NULL, '2020-11-04 12:01:35', NULL, '762ec0b5cc06a424398f814bcf27564a'),
(392, 'edwin', 'vilca', 'rosalino', 'drvilca57@gmail.com', '975813552', '', '6727940', 1, '', NULL, '2020-11-04 12:01:35', NULL, '8a38360ae78a671365840d95cc4c22ad'),
(393, 'Victor', 'Guerrero', 'Bohórquez', 'zvico39@hotmail.com', '986764577', '', '42153859', 1, '', NULL, '2020-11-04 12:01:35', NULL, '58fd64a8d1db2ef837dc200b08a2d56f'),
(394, 'Mario', 'Torres', 'Garcia', 'mariojtorresg@hotmail.com', '984447419', '', '29278239', 1, '', NULL, '2020-11-04 12:01:35', NULL, '723eefec7c910a78e4137050975b8239'),
(395, 'Raul Mariano', 'Vargas', 'Fiestas', 'raulmariano.vargas@gmail.com', '943229808', '', '3503982', 1, '', NULL, '2020-11-04 12:01:35', NULL, '03c283749cfc76aa13c20908c90a0bb2'),
(396, 'Mercedes Esther', 'Sánchez', 'Guando', 'mercedesesther@hotmail.com', '987146402', '', '8746540', 1, '', NULL, '2020-11-04 12:01:35', NULL, 'd0bb87a710fe24256e299356fbe6c8d1'),
(397, 'luis', 'yamunaque', 'castro', 'luisyamunaquecastro@gmail.com', '996484081', '', '76298211', 1, '', NULL, '2020-11-04 12:01:35', NULL, '69c1f55a3ddd4974ce3be7df3dc32ead'),
(398, 'Martin', 'Silva', 'Romero', 'martin_0312@hotmail.com', '931443467', '', '18143400', 1, '', NULL, '2020-11-04 12:01:35', NULL, 'f20a588bf1ae22f6d3309c338a508e12'),
(399, 'Manuel Edver', 'Chumbes', 'Herrera', 'manuedver@gmail.com', '927971625', '', '48224473', 1, '', NULL, '2020-11-04 12:01:35', NULL, '75feb2c33a19be37543f38a9ecb9827a'),
(400, 'Alexander', 'Ospino', 'Dávila', 'alexospinod@hotmail.com', '964632473', '', '20721992', 1, '', NULL, '2020-11-04 12:01:35', NULL, 'e2206bdc1b71e306ebb05cadffae9db5'),
(401, 'Maribel', 'Anglas', 'Peña', 'maribelanglas.pe@gmail.com', '943443243', '', '8636560', 1, '', NULL, '2020-11-04 12:01:35', NULL, '414d441c03165c9dab72d44aa7213a87'),
(402, 'Azucena', 'Sandoval', 'Basilio', 'labjavsan07@hotmail.com', '917826028', '', '18150966', 1, '', NULL, '2020-11-04 12:01:35', NULL, '40ab1a43e2d187177fdc484f7df54a19'),
(403, 'Julio', 'Peralta', 'Rodriguez', 'ccvjepr@gmail.com', '999369427', '', '29271578', 1, '', NULL, '2020-11-04 12:01:35', NULL, '66820c83d569a8e06d9561f86bfd3309'),
(404, 'walter', 'yañez', 'vivanco', 'dicardio@hotmail.com', '999046008', '', '9997394', 1, '', NULL, '2020-11-04 12:01:35', NULL, '4b193ce4b981a09e6073af5cc5b3ec54'),
(405, 'Paul', 'Altamirano', 'Reyes', 'paul.0293ar@gmail.com', '991377718', '', '72012772', 1, '', NULL, '2020-11-04 12:01:35', NULL, '07eaa6cabacc711e7c52e5891cb8206a'),
(406, 'Fiorella', 'Orrego', 'Tejada', 'wefpr@hotmail.com', '942723763', '', '40563556', 1, '', NULL, '2020-11-04 12:01:35', NULL, '133750a49e765c856e0f0969cd5f94c0'),
(407, 'Luis Ignacio J.', 'Burger', 'Málaga', 'nburgerm@gmail.com', '949833142', '', '7866303', 1, '', NULL, '2020-11-04 12:01:35', NULL, 'f2e2c7d08482353dfc2d76f289db0c18'),
(408, 'Fiorella', 'acuña', 'Román', 'franchesca.acuna@gmail.com', '977961695', '', '44797662', 1, '', NULL, '2020-11-04 12:01:35', NULL, 'ce41ea334291303778d8a3d874383dbd'),
(409, 'jenny', 'morante', 'soto', 'jennymorante@hotmail.com', '954632551', '', '32135313', 1, '', NULL, '2020-11-04 12:01:35', NULL, '1f53f8fe3d63cf77396771df2b03eacb'),
(410, 'evelyn lizbeth', 'nolasco', 'luyo', 'nolascoluyo@outlook.com', '948938699', '', '42404349', 1, '', NULL, '2020-11-04 12:01:35', NULL, 'eac528721ce136022cbf9d4d530e2aad'),
(411, 'jean franco', 'cuba', 'santillan', 'jfcuba2018@gmail.com', '988557232', '', '43155545', 1, '', NULL, '2020-11-04 12:01:35', NULL, '524acfe20eb4fb4b45a900dce632b930'),
(412, 'carlos eduardo', 'saavedra', 'rojas', 'cesr4724@hotmail.com', '980042207', '', '15843723', 1, '', NULL, '2020-11-04 12:01:35', NULL, '4b688149638e66e289253f5de7c19a4a'),
(413, 'Yover Emiliano', 'Huarca', 'Pajuelo', 'huarca_10_06@hotmail.com', '921851856', '', '46644791', 1, '', NULL, '2020-11-04 12:01:35', NULL, 'b3c7b20a5f6eda506c24bd1c2c87fae8'),
(414, 'Alejandro Antonio', 'Bocanegra', 'Agapito', 'jjbocalex@hotmail.com', '999772594', '', '8760841', 1, '', NULL, '2020-11-04 12:01:35', NULL, '809f050591d708c6448bc85ec3c6aded'),
(415, 'Javier', 'Figueroa', 'Tataje', 'javierft15@hotmail.com', '945068749', '', '44780742', 1, '', NULL, '2020-11-04 12:01:35', NULL, 'ca461fedb7811f699d9e16fd7c46f63a'),
(416, 'ALCI WILLIAM', 'ESPICHAN', 'FERNANDEZ', 'espichanf@yahoo.es', '984937991', '', '25742742', 1, '', NULL, '2020-11-04 12:01:35', NULL, '7bfecd5a386ba53283284beaaa6ee5e2'),
(417, 'Carlos oswaldo', 'vasquez', 'chero', 'carvasche12345@hotmail.com', '914285995', '', '80640314', 1, '', NULL, '2020-11-04 12:01:35', NULL, '5955cd305e205d656b8e62d5edf6998d'),
(418, 'Segundo Martin', 'Chumpén', 'Zamora', 'martinchumpen1@gmail.com', '917900450', '', '16698787', 1, '', NULL, '2020-11-04 12:01:35', NULL, 'a04e2053f9f3067cb96d8465df7898f8'),
(419, 'ruth', 'Huaman', 'pillco', 'Ruthhuaman21p@gmail.com', '971871248', '', '47825716', 1, '', NULL, '2020-11-04 12:01:35', NULL, '0d9e3d520c91e47bea4636ac8a8fd1cb'),
(420, 'servio', 'balarezo', 'gutierrez', 'laboratoriobalarezo@hotmail.com', '945100643', '', '80192870', 1, '', NULL, '2020-11-04 12:01:35', NULL, '5f8cb70cd3920850ce7ec3a623f5d773'),
(421, 'sigrid marjorie', 'saenz', 'capdevila', 'lizigridcapdevils@hotmail.com', '994796646', '', '42422520', 1, '', NULL, '2020-11-04 12:01:35', NULL, '181d0974781839d112725f9b9bc4d0dd'),
(422, 'lucia del Carmen', 'Rosado', 'Ramos', 'lu_rosado16@hotmail.com', '941015269', '', '71043549', 1, '', NULL, '2020-11-04 12:01:35', NULL, '6a20222cad94d4a0a3045ad82cb0f623'),
(423, 'miguel', 'Sánchez', 'Aliaga', 'miguel.angel2010@hotmail.com', '985362891', '', '4070566', 1, '', NULL, '2020-11-04 12:01:35', NULL, '7671487260b7f547670cb5bcdda98bd7'),
(424, 'Gilmer Manuel', 'Paredes', 'Guillen', 'gilmerpg21@gmail.com', '978733199', '', '48122327', 1, '', NULL, '2020-11-04 12:01:35', NULL, '43f06ef5f80a5e3425ad05c76cdfe1ca'),
(425, 'Junior jonnathan', 'Olaya', 'silva', 'jumiher16@hotmail.com', '942823722', '', '47486719', 1, '', NULL, '2020-11-04 12:01:35', NULL, 'eb03710bc70e78cba67009e60e795599'),
(426, 'vanessa', 'murillo', 'salvatierra', 'vmurillosalvatierra@gmail.com', '940240615', '', '42462308', 1, '', NULL, '2020-11-04 12:01:35', NULL, 'f7820ef4a8134853b27a542e3622082a'),
(427, 'WILSON FERNANDO', 'LUCANO', 'HUAMAN', 'wilpacifico@gmail.com', '949478275', '', '41801079', 1, '', NULL, '2020-11-04 12:01:35', NULL, 'cb4529fb5ac6e4cfa096b2b1b8676c54'),
(428, 'JOSE LUIS', 'RODRIGUEZ', 'FLORES', 'jrodriguez1519@yahoo.com', '993507611', '', '21402949', 1, '', NULL, '2020-11-04 12:01:35', NULL, '8862773e2dbef1ee4889787e058d07ac'),
(429, 'lidio daniel', 'cunya', 'ramos', 'dcunya@gmail.com', '944687544', '', '10040824', 1, '', NULL, '2020-11-04 12:01:35', NULL, '9cf2c0b146a67ed52b82fa2636bdc38f'),
(430, 'nickolas', 'aguilar', 'cristobal', 'nilkito_2007@hotmail.com', '999585919', '', '45396674', 1, '', NULL, '2020-11-04 12:01:35', NULL, 'ea699cafd15e9e487c0be6485c7d087e'),
(431, 'Odetty', 'Araujo', 'Paredes', 'odetty12@gmail.com', '949623250', '', '40179079', 1, '', NULL, '2020-11-04 12:01:35', NULL, '2b724b92e0a8237f44483c1d28cdea63'),
(432, 'Daniel', 'arriola', 'Ayala', 'Danielarriola1@hotmail.com', '955377277', '', '9440886', 1, '', NULL, '2020-11-04 12:01:35', NULL, '7b67e324f7fcec2686a68738e3d185d9'),
(433, 'jhosely', 'estrada', 'Vásquez', 'jev.vemy@gmail.com', '969616102', '', '46091538', 1, '', NULL, '2020-11-04 12:01:35', NULL, 'c6dbd12991388bd24d3fbda3e2326009'),
(434, 'Ricardo', 'diaz', 'Valverde', 'rido_54@hotmail.com', '982746215', '', '43913484', 1, '', NULL, '2020-11-04 12:01:35', NULL, '63170ebae0b524ddba203c7b36a63df5'),
(435, 'Jose Luis', 'Tapia', 'Leonardo', 'jltl55@hotmail.com', '999002739', '', '29327263', 1, '', NULL, '2020-11-04 12:01:35', NULL, '706a9635b1fee6cbe20d8f8c83a744f0'),
(436, 'Victor', 'Trigoso', 'Mori', 'fertrimo@gmail.com', '996280669', '', '33429912', 1, '', NULL, '2020-11-04 12:01:35', NULL, 'a4f8e4a5f4c4b8e35094b3c9bc95320d'),
(437, 'Nelson', 'Escalante', 'Pinto', 'nelsonluis286@hotmail.com', '959328219', '', '42479949', 1, '', NULL, '2020-11-04 12:01:35', NULL, '31546906dbd17f2839cf56836afe1dfb'),
(438, 'ricardo', 'chalco', 'tintaya', 'chalcosur@gmail.com', '977232291', '', '41814640', 1, '', NULL, '2020-11-04 12:01:35', NULL, 'cacaffb35548cd8d40280ebeb81ce1ad'),
(439, 'Jose', 'Fonseca', 'Briceño', 'Jfonsecab777@hotmail.com', '978003485', '', '44277200', 1, '', NULL, '2020-11-04 12:01:35', NULL, '865a16b079a541b5b3e8aa71960b4a82'),
(440, 'Sara', 'Verona', 'Ciurlizza', 'saramirella@hotmail.com', '935972624', '', '16701278', 1, '', NULL, '2020-11-04 12:01:35', NULL, '1b0a32bbd674a7d3bad11f0eadf32bd1'),
(441, 'José Carlos', 'Castillo', 'Robles', 'jccastillorobles@gmail.com', '987728957', '', '15843761', 1, '', NULL, '2020-11-04 12:01:35', NULL, 'd0f71201ec9e2298386ead2e784f78b6'),
(442, 'Tomás Carlos', 'Gargurevich', 'Sánchez', 'tgargu@yahoo.es', '999977119', '', '7971362', 1, '', NULL, '2020-11-04 12:01:35', NULL, '995678fedec261f4a6d655350f3f1708'),
(443, 'Lourdes', 'Arrunategui', 'Yamo', 'Lay120377@hotmail.com', '963280323', '', '2891287', 1, '', NULL, '2020-11-04 12:01:35', NULL, '890fd8ec1a99ebf6c2126f885fe40c33'),
(444, 'Jesús', 'machuca', 'Castillo', 'clinicasan_antonio1@hotmail.com', '949197896', '', '42091653', 1, '', NULL, '2020-11-04 12:01:35', NULL, '5972ca73dcf4feb4bfff017da30c7d58'),
(445, 'jose', 'Raymundo', 'Flores', 'jraymundo75@yahoo.es', '985805750', '', '7430916', 1, '', NULL, '2020-11-04 12:01:35', NULL, 'ab91a674f7544ebabc67000972bdb0a9'),
(446, 'lizeth katherine', 'Rodriguez', 'zarate', 'zariet15@hotmail.com', '957222476', '', '46111365', 1, '', NULL, '2020-11-04 12:01:35', NULL, 'e225947b1fe73da71bf2875beca8043b'),
(447, 'Elizabeth', 'Hidalgo', 'Falla', 'elihf30@hotmail.com', '926040306', '', '25589490', 1, '', NULL, '2020-11-04 12:01:35', NULL, 'f61ccada8945c242456224c27ca6f1be'),
(448, 'Maria Luciola', 'Escalante', 'Vargas', 'lucyescalante8@hotmail.com', '979656672', '', '10541512', 1, '', NULL, '2020-11-04 12:01:35', NULL, 'ac7300e9c996140bde2aa03ee6703452'),
(449, 'ericka', 'neira', 'mestas', 'neiraericka@gmail.com', '973981890', '', '41538375', 1, '', NULL, '2020-11-04 12:01:35', NULL, 'ec8a5c8881195c98c2875a4cb17333ab'),
(450, 'dennys hamilton', 'nole', 'guzman', 'hamilton1357@hotmail.com', '993756492', '', '41975756', 1, '', NULL, '2020-11-04 12:01:35', NULL, '9fa792b604090cdaa963eab621e3d555'),
(451, 'Erikson Luis', 'Laurente', 'Barreto', 'eriksonlaurentebarreto@gmail.com', '927990234', '', '41808490', 1, '', NULL, '2020-11-04 12:01:35', NULL, '11d745739a565386ea19dd8c39830480'),
(452, 'José Antonio', 'Vásquez', 'Ojeda', 'javo845@gmail.com', '959710042', '', '42337936', 1, '', NULL, '2020-11-04 12:01:35', NULL, '53436bee8e58c555df5800750bf38277'),
(453, 'oscar', 'panca', 'parillo', 'osper_143@hotmail.com', '958453311', '', '41646323', 1, '', NULL, '2020-11-04 12:01:35', NULL, '8a937d0798e19d3b3085d68b256bea65'),
(454, 'Danicsa fiorela', 'Garcia', 'Ojeda', 'fiorelita19_92@hotmail.com', '977837460', '', '70410543', 1, '', NULL, '2020-11-04 12:01:35', NULL, '46a283aba4ebd54f1de629e8bcdb151f'),
(455, 'Yory', 'Aldoradin', 'Tejeda', 'traumatoreba4@gmail.com', '954648539', '', '21534142', 1, '', NULL, '2020-11-04 12:01:35', NULL, '3b51daba8e0bce674db9d81e2f926a5b'),
(456, 'Ybart', 'Gallegos', 'Orihuela', 'ybartgo@gmail.com', '958335091', '', '29529015', 1, '', NULL, '2020-11-04 12:01:35', NULL, '727e7c1772b3de65cfd0f0017a45ba54'),
(457, 'César', 'Chávez', 'Calderón', 'consultascentauro@veterinarioensanmiguel.com', '991912876', '', '25452485', 1, '', NULL, '2020-11-04 12:01:35', NULL, '6c890cd7d2843a33ee0380637a246b5e'),
(458, 'Omar', 'Valencia', 'Barra', 'omarvb261@hotmail.com', '952601196', '', '9583420', 1, '', NULL, '2020-11-04 12:01:35', NULL, 'a8477753433f6f8d4e8bf2fa6adec0a3'),
(459, 'jesus', 'paz', 'aguirre', 'jpa271@hotmail.com', '969086470', '', '3502229', 1, '', NULL, '2020-11-04 12:01:35', NULL, 'cd8f599f82416dbd15cbeb17ca4f37dd'),
(460, 'jackeline', 'Arana', 'Ruiz', 'jackelinearanaruiz@gmail.com', '989271493', '', '9033879', 1, '', NULL, '2020-11-04 12:01:35', NULL, '5f5006bc733b3a35e29cd12a26b17000'),
(461, 'Javier', 'huancollo', 'rojas', 'javierhuancollo@hotmail.com', '986087792', '', '41850701', 1, '', NULL, '2020-11-04 12:01:35', NULL, '5aa57eb6c416aa5a46ebec34e597609b'),
(462, 'Carlos Enrique', 'Laban', 'Villanueva', 'generalsurgerycarlos@gmail.com', '998748159', '', '42130709', 1, '', NULL, '2020-11-04 12:01:35', NULL, 'b4dbc6e51cdc7b872002fd283f29df4d'),
(463, 'Julio', 'Chambi', 'Alvarez', 'Julioch04@hotmail.com', '994689469', '', '518349', 1, '', NULL, '2020-11-04 12:01:35', NULL, '5ef6b29beb3ed373fb11d9471622c84d'),
(464, 'Luis alberto figueroa fif', 'Figueroa', 'vasquez', 'fivadent01@gmail.com', '961107904', '', '75500883', 1, '', NULL, '2020-11-04 12:01:35', NULL, '6fe2e99fe57ea1a9418cc0cff58c5b41'),
(465, 'mario', 'molina', 'lopez', 'marioluis17@gmail.com', '993652148', '', '42597457', 1, '', NULL, '2020-11-04 12:01:35', NULL, '8a9d84904dc392d9bb04102edd04ae6b'),
(466, 'Gina', 'Chávez', 'López', 'ginaivonia@hotmail.com', '958414040', '', '29658278', 1, '', NULL, '2020-11-04 12:01:35', NULL, '76da021a72bb527ed7bb7ba475fc52c1'),
(467, 'Pedro', 'Temoche', 'Del Castillo', 'temodelc1@gmail.com', '941833581', '', '16010046', 1, '', NULL, '2020-11-04 12:01:35', NULL, '468a55fe381e7e9bf47cd34206e363af'),
(468, 'gustavo', 'herrera', 'salazar', 'gustavoherrerasalazar60@gmail.com', '995676243', '', '15729574', 1, '', NULL, '2020-11-04 12:01:35', NULL, 'dfab39a59735a8c799842298c0837983'),
(469, 'NESTOR RUBEN', 'CONDORI', 'BRIO', 'nestorbrio@gmail.com', '998747477', '', '41791356', 1, '', NULL, '2020-11-04 12:01:35', NULL, '237c11fb658b4967555ca236fb5e7902'),
(470, 'Aurora', 'Valdeiglesias', 'Vallenas', 'avvallenas@gmail.com', '938864868', '', '40757747', 1, '', NULL, '2020-11-04 12:01:35', NULL, '60053f4277bd1e848d91403c07d1fcdd'),
(471, 'Jose luis', 'Quispe', 'Pari', 'jhosluiss12@gmail.com', '952922637', '', '70299957', 1, '', NULL, '2020-11-04 12:01:35', NULL, '31b831be60a2d93766143ff8e8cec603'),
(472, 'franklin', 'prado', 'gutierrez', 'jhossimar@hotmail.com', '999222647', '', '70011318', 1, '', NULL, '2020-11-04 12:01:35', NULL, '3e416e379f4f8c3182cc4bfec1469936'),
(473, 'carlos', 'reyes', 'garcia', 'zkarlosrg@gmail.com', '970821879', '', '46430425', 1, '', NULL, '2020-11-04 12:01:35', NULL, '162f0e50376658b2afcb89115a7312a8'),
(474, 'César Augusto', 'Echevarria', 'De la Cruz', 'cesar26546@yahoo.es', '945473226', '', '22258801', 1, '', NULL, '2020-11-04 12:01:35', NULL, '5d1fda6fc66c2a7e0aa37ed120f84d76'),
(475, 'Wilhelm', 'Guerra', 'Cóndor', 'willvgc@gmail.com', '976085958', '', '41599385', 1, '', NULL, '2020-11-04 12:01:35', NULL, '1e7a7c195d572b549b6173591a8e0e8c'),
(476, 'Maritza', 'Cárdenas', 'Gómez', 'andy_mayli@hotmail.com', '956687482', '', '28444035', 1, '', NULL, '2020-11-04 12:01:35', NULL, '9d8013e1468838db57fea22408908cf9'),
(477, 'diego', 'isayama', 'manrique', 'diego_isayama@yahoo.com', '997933260', '', '40915317', 1, '', NULL, '2020-11-04 12:01:35', NULL, 'd130d012372e6cb74229e2d7092a08f7'),
(478, 'Ricardo', 'Ormeño', 'Roca', 'richi.roca02@gmail.com', '951725335', '', '8385802', 1, '', NULL, '2020-11-04 12:01:35', NULL, 'ee76a081e3a6a81212c9267723600f38'),
(479, 'Freddy', 'Huatuco', 'Manrique', 'freddyfmh@hotmail.com', '959960062', '', '40048902', 1, '', NULL, '2020-11-04 12:01:35', NULL, '15fac2915f6154f09e14daf8b36b3f76'),
(480, 'jorge', 'yengle', 'ventura', 'ecoyen@hotmail.com', '955885259', '', '17899605', 1, '', NULL, '2020-11-04 12:01:35', NULL, '663f5b76f07d4c4720a1d2c9775e6991'),
(481, 'Doris Silvia', 'De La Cruz', 'Prado', 'dsilviadelacruz@yahoo.es', '975357676', '', '9773501', 1, '', NULL, '2020-11-04 12:01:35', NULL, '4739e429341721014b35cf68e3ce0ec6'),
(482, 'selman khadier', 'pumaleque', 'Montesinos', 'spellman20dokzom@gmail.com', '931187337', '', '71716251', 1, '', NULL, '2020-11-04 12:01:35', NULL, '8c53eb522b82590b2c6cf62336f795d0'),
(483, 'Paloma', 'Vega', 'Peña', 'medrinomedic@gmail.com', '948724225', '', '73247020', 1, '', NULL, '2020-11-04 12:01:35', NULL, 'af0d9f9aba4560015fb5ec9bcb4e5883'),
(484, 'jacqueline Vanessa', 'Alarcon', 'Schwan', 'jacquelinealarconschwan@gmail.com', '984377080', '', '40749382', 1, '', NULL, '2020-11-04 12:01:35', NULL, 'ee8dfcccf074e23fbaa54d507b6195b2'),
(485, 'Efrain', 'la torre', 'velarde', 'fisiolatorre5@gmail.com', '997683911', '', '21505480', 1, '', NULL, '2020-11-04 12:01:35', NULL, 'af8253a05fd5a532d8e07604462cd26c'),
(486, 'silvia', 'Neyra', 'Villanueva', 'silnevicd@gmail.com', '987485154', '', '10458842', 1, '', NULL, '2020-11-04 12:01:35', NULL, '2a737eeb9aa66fffaf78579706279c4d'),
(487, 'Yuliana', 'Vera', 'Macedo', 'yuli_lvm@hotmail.com', '955993399', '', '44475663', 1, '', NULL, '2020-11-04 12:01:35', NULL, '013114ac1211c3f0bc767a44d8130521'),
(488, 'Daniel Arturo', 'blanco', 'Rimari', 'dani15artur@hotmail.com', '943704118', '', '41477948', 1, '', NULL, '2020-11-04 12:01:35', NULL, '996344cdd3ee8200501c54792f0722d3'),
(489, 'JESÚS', 'PAUCA', 'CHAVEZ', 'JPMEDICA@HOTMAIL.COM', '959020171', '', '29248159', 1, '', NULL, '2020-11-04 12:01:35', NULL, 'b9e88c7788c0a0a4e171bc418435724a'),
(490, 'maricarmen', 'olivera', 'Gómez', 'maricarmenogm@gmail.com', '944838538', '', '47503775', 1, '', NULL, '2020-11-04 12:01:35', NULL, '7e88d319f6e91e7342967135da460b4c'),
(491, 'jorge', 'mendieta', 'Sánchez', 'jorgemendieta789@hotmail.com', '947003932', '', '17908281', 1, '', NULL, '2020-11-04 12:01:35', NULL, 'b2a6ea05720c913c6456198f56c64fbd'),
(492, 'johana elizabeth', 'ferrel', 'gallegos', 'johana_fg_23@hotmail.com', '958727802', '', '46249274', 1, '', NULL, '2020-11-04 12:01:35', NULL, 'a893adf7098d8ddc3ebe6dbea48f386c'),
(493, 'Maria Elena', 'Toro', 'Lazo', 'lennylab_t50@hotmail.com', '979037389', '', '16583847', 1, '', NULL, '2020-11-04 12:01:35', NULL, '495beae53bb60e039aa741b8d713e9c8'),
(494, 'mayerlin', 'mamani', 'rojas', 'mayerlin1520@gmail.com', '944145244', '', '47581438', 1, '', NULL, '2020-11-04 12:01:35', NULL, '9d275f1e2ff7c14c05c67b72d9216a45'),
(495, 'Elena', 'Zea', 'Serruto', 'kasumy16@gmail.com', '984263520', '', '41981382', 1, '', NULL, '2020-11-04 12:01:35', NULL, '06f0810bfa7b0e99e0a658d4eedb1f14'),
(496, 'Hawer', 'Inocencio', 'Toribio', 'hawerit@hotmail.com', '975558289', '', '40954246', 1, '', NULL, '2020-11-04 12:01:35', NULL, 'd0e67a8bed11f358bf41d88ba81630cf'),
(497, 'lucio', 'Blas', 'Ruiz', 'blas30@hotmail.com', '982612900', '', '15298579', 1, '', NULL, '2020-11-04 12:01:35', NULL, '6c9d7e73504c0a128f2a70b098cf4923'),
(498, 'julio', 'zarate', 'tena', 'julio.zarate@hotmail.com', '999450164', '', '6663162', 1, '', NULL, '2020-11-04 12:01:35', NULL, 'de757804f4e6cac32f21fc159d6fe11d'),
(499, 'karen', 'martinez', 'alcala', 'karenartinez@hotmail.com', '968133469', '', '42213850', 1, '', NULL, '2020-11-04 12:01:35', NULL, '43edf6f6fb11bda359cdff4b4f14dcea'),
(500, 'Araceli', 'Flores', 'Cornejo', 'celiflores38@gmail.com', '950443668', '', '45647779', 1, '', NULL, '2020-11-04 12:01:35', NULL, '03e915e4186db3a8825ab445c3dab566'),
(501, 'Salvattore', 'Coria', 'Céspedes', 'salvatt1087@gmail.com', '992077408', '', '44694978', 1, '', NULL, '2020-11-04 12:01:35', NULL, '0f9aa0961ad39006c6c3df0bd75a7579'),
(502, 'judith', 'espinoza', 'jamanca', 'amandaespinozaj@gmail.com', '941085041', '', '80108209', 1, '', NULL, '2020-11-04 12:01:35', NULL, 'df80229a65bdb8c597973f547ba163ff'),
(503, 'Henry', 'Jines', 'Pecho', 'h.jinesp@gmail.com', '931977556', '', '42942987', 1, '', NULL, '2020-11-04 12:01:35', NULL, 'c3a8dfbcc5d584fb4346581052649b08'),
(504, 'Lida', 'Ramos', 'Betetta', 'lida0428@gmail.com', '999032494', '', '40155856', 1, '', NULL, '2020-11-04 12:01:35', NULL, '0cad822296116e7633308881d970656a'),
(505, 'ENRIQUE BENJAMIN', 'MERCADO', 'PADILLA', 'enriquemercado50@hotmail.com', '998667262', '', '7116877', 1, '', NULL, '2020-11-04 12:01:35', NULL, 'e632162df713933d8e380cee71167537'),
(506, 'Isabel Cristina', 'Pérbuli', 'Ruiz', 'icperbuli@gmail.com', '992631213', '', '46613073', 1, '', NULL, '2020-11-04 12:01:35', NULL, 'b4d653651eb379ae1a75fec3ca8b6f3e'),
(507, 'Hedy Julia', 'Espinoza', 'Luna', 'Hedyespinozaluna@gmail.com', '951316533', '', '8378628', 1, '', NULL, '2020-11-04 12:01:35', NULL, '0459da4ef7b87b32009b6d60c675898a'),
(508, 'Miguel', 'Rivera', 'Tiza', 'miguel.rivera.tiza@gmail.com', '963636421', '', '44494641', 1, '', NULL, '2020-11-04 12:01:35', NULL, '1744cc4ab49fe89afb1a39bbd441c454'),
(509, 'Jhoseli', 'Portella', 'Huaman', 'jhosysaeng@gmail.com', '970631046', '', '72472446', 1, '', NULL, '2020-11-04 12:01:35', NULL, '362f5d7150c8d8bf38b8cae114be7623'),
(510, 'pamela geraldine', 'cachay', 'eslava', 'pamelageraldine17@hotmail.com', '977887695', '', '70263678', 1, '', NULL, '2020-11-04 12:01:35', NULL, 'dd4c2deeafb64d1dd99c42d012e4e344'),
(511, 'Rosa Danitza', 'Moyano', 'Legua', 'danitza409@hotmail.com', '995533666', '', '21409333', 1, '', NULL, '2020-11-04 12:01:35', NULL, '497e8eb65e143d57a94b5a0cb2a21247'),
(512, 'lourdes', 'Huané', 'Jamanca', 'lourdesrocio.h.j@gmail.com', '997059997', '', '7471853', 1, '', NULL, '2020-11-04 12:01:35', NULL, 'd0707c3bcdc9a84975c14b68af90ee5c'),
(513, 'Gilberto Ulises', 'niño', 'Rodriguez', 'gilbertonino32@gmail.com', '982028963', '', '7096533', 1, '', NULL, '2020-11-04 12:01:35', NULL, '292f20273045e90ce6d1851471c9196e'),
(514, 'RENATO', 'MEDINA', 'QUISPE', 'renatomedinaquispe@gmail.com', '975026691', '', '6020189', 1, '', NULL, '2020-11-04 12:01:35', NULL, '6b6b75faa1501ee08e5cfff20826bbd4'),
(515, 'erica narda', 'mejia', 'collazos', 'ericanarda@gmail.com', '932446531', '', '43483723', 1, '', NULL, '2020-11-04 12:01:35', NULL, '148f934168e3f4346e947e377f1bee69'),
(516, 'Jesús', 'Mieses', 'Bendezu', 'jesus.gretel@gmail.com', '990649444', '', '9888194', 1, '', NULL, '2020-11-04 12:01:35', NULL, 'a5d1ac54e0607bcd5dd195ffeaf77d87'),
(517, 'Jacqueline Elizabeth', 'Carrasco', 'Oscanoa', 'jackyeli20@hotmail.com', '993752444', '', '41831929', 1, '', NULL, '2020-11-04 12:01:35', NULL, 'b15c02fd60eeef09934c781b3a945a39'),
(518, 'cindy Mariella', 'Perez', 'Mercado', 'cindyperez786@gmail.com', '988348858', '', '41595239', 1, '', NULL, '2020-11-04 12:01:35', NULL, '59a8fdd538fb1412f479b6db1062ffc0'),
(519, 'Luis', 'Figueroa', 'Montes', 'patologoclinico@gmail.com', '966761401', '', '21560875', 1, '', NULL, '2020-11-04 12:01:35', NULL, '2d252e4a25ef4aebb02090c9e68a927e'),
(520, 'cesar', 'Cumbrera', 'quispe', 'cesarlufarm@gmail.com', '935374192', '', '79013923', 1, '', NULL, '2020-11-04 12:01:35', NULL, 'd66a0e00d088196e1c1c7f1b7200feda'),
(521, 'Lady Liz', 'Candela', 'Nervi', 'layo_229@hotmail.com', '981534308', '', '41283675', 1, '', NULL, '2020-11-04 12:01:35', NULL, '4f8752299fd8fa7a9a773ba483d58ec7'),
(522, 'Jacqueline', 'Pilco', 'Pino', 'Jacqueline.pilco@bbraun.com', '967737153', '', '41170467', 1, '', NULL, '2020-11-04 12:01:35', NULL, '178ace883a10b903140b1891aa92e46f'),
(523, 'Cynthia', 'Correa', 'Pérez', 'yacori1@hotmail.com', '990002107', '', '40030869', 1, '', NULL, '2020-11-04 12:01:35', NULL, 'f190a64c3e0085c49d95756e7dff8212'),
(524, 'Hilda Mercedes', 'Cano', 'Polo', 'oficonta_24@hotmail.com', '977484407', '', '6211075', 1, '', NULL, '2020-11-04 12:01:35', NULL, 'd1d8f62757ffefb5978300148fabf531'),
(525, 'kathleen melissa', 'chavez', 'bautista', 'mercy24-30@hotmail.com', '920096653', '', '44513821', 1, '', NULL, '2020-11-04 12:01:35', NULL, '651b701a6135377e0d0819ce31ccf76b'),
(526, 'Yessenia  lizette', 'Quispe', 'Meza', 'yesy_6dj@hotmail.com', '981291163', '', '45842302', 1, '', NULL, '2020-11-04 12:01:35', NULL, '1069f0494e594d029d551ee290ab62c0'),
(527, 'Pilar', 'Rodriguez', 'Taype', 'pilar.rodrigueztaype@gmail.com', '993981636', '', '48120918', 1, '', NULL, '2020-11-04 12:01:35', NULL, '7325107ae765a24deb6629ef109cba0e'),
(528, 'Jenny', 'Pecho', 'Trigueros', 'jcpt22@yahoo.es', '999438606', '', '7447230', 1, '', NULL, '2020-11-04 12:01:35', NULL, '71a3f5c7700249e0eaeef97a5b99ae2a'),
(529, 'Carolina', 'Muñoz', 'cordero', 'karolinavanee21@gmail.com', '980623239', '', '42937449', 1, '', NULL, '2020-11-04 12:01:35', NULL, '2bfe5dd83e2ab435fe8f955d217fd615'),
(530, 'Eva', 'segura', 'limachi', 'evaseglim@gmail.com', '966401863', '', '46058706', 1, '', NULL, '2020-11-04 12:01:35', NULL, '7a3f728da9a0902cd602f04e510e59e7'),
(531, 'Omar Aarón', 'Añazco', 'Bacalla', 'omar.anazco@gmail.com', '934267391', '', '43459420', 1, '', NULL, '2020-11-04 12:01:35', NULL, 'ae987663e6bf581b24961f5b2e0d8767'),
(532, 'Alex', 'Reyes', 'Vera', 'arv13_3@hotmail.com', '986140605', '', '6774893', 1, '', NULL, '2020-11-04 12:01:35', NULL, '4710b3da29981b46c4f40c67037de104'),
(533, 'johnt', 'huaman', 'ochoa', 'johny3007@hotmail.com', '946898360', '', '9910833', 1, '', NULL, '2020-11-04 12:01:35', NULL, '014e9e5295efece2a6c2011d2e04ffc2'),
(534, 'Yovana', 'Ricapa', 'Dueñas', 'yovanaricapa@hotmail.com', '931793044', '', '9623449', 1, '', NULL, '2020-11-04 12:01:35', NULL, '0671763faa11b7bc88bc6247b4686c4e'),
(535, 'patricia', 'avalos', 'carreño', 'papavalos@yahoo.com', '998172183', '', '7606194', 1, '', NULL, '2020-11-04 12:01:35', NULL, '640a3e5c95d483666e93815cd49de389'),
(536, 'ada elida', 'Mansilla', 'guevara', 'adamansillaguevara@gmail.com', '980735560', '', '44949165', 1, '', NULL, '2020-11-04 12:01:35', NULL, 'e2c07c70ee9fe97484159c9edaf30383'),
(537, 'Andres', 'Caballero', 'Palomino', 'ancapa2016@gmail.com', '987794884', '', '6596670', 1, '', NULL, '2020-11-04 12:01:35', NULL, '93cbd6679b9e1e8252a02bc166e8d45e'),
(538, 'jhonny', 'castro', 'wintong', 'jhoncas66@hotmail.com', '995020339', '', '15714073', 1, '', NULL, '2020-11-04 12:01:35', NULL, 'e8b0e9fdc7df6d5bb813b3697ed9361c'),
(539, 'Victor', 'Márquez', 'Rodriguez', 'vitocho_peru@hotmail.com', '971124777', '', '40494733', 1, '', NULL, '2020-11-04 12:01:35', NULL, 'ecda0ab1970c1e664eb34e60e4a069b4'),
(540, 'CARLOS', 'DAMIÁN', 'PAREDES', 'carlosdj26@hotmail.com', '966714961', '', '42121206', 1, '', NULL, '2020-11-04 12:01:35', NULL, 'd8b3de56f80d2e7479ef483877390825'),
(541, 'Rodolfo Dostoiewski', 'Villarreal', 'Ramirez', 'rodolfinn2005@hotmail.com', '996394166', '', '9330263', 1, '', NULL, '2020-11-04 12:01:35', NULL, 'b259b9d15ec8de6b5fd1b93962fd7536'),
(542, 'Edgar', 'Delgado', 'Rosa', 'edgardoctore@gmail.com', '968138482', '', '9634164', 1, '', NULL, '2020-11-04 12:01:35', NULL, '72049f55048cbc676895f7a436288bae'),
(543, 'José Luis', 'Montoya', 'Ninapaitan', 'joseluismn9@gmail.com', '968489844', '', '10644532', 1, '', NULL, '2020-11-04 12:01:35', NULL, '69d0ac8203b03724d33873e2b0246bdc'),
(544, 'Lusmila', 'Espinoza', 'Cristóbal', 'luescris@hotmail.com', '995178936', '', '4044882', 1, '', NULL, '2020-11-04 12:01:35', NULL, 'd21ff665120496cc8869df355dcf7595'),
(545, 'ALFONSO', 'CHUNGA', 'DE LA CRUZ', 'alfonsochun@hotmail.com', '992476016', '', '41886504', 1, '', NULL, '2020-11-04 12:01:35', NULL, '04711ea7dcf687093ba8ca8eea86139d'),
(546, 'Maria del Carmen', 'Ascasibar', 'Andrade', 'mcascasibara@hotmail.com', '975137060', '', '16006892', 1, '', NULL, '2020-11-04 12:01:35', NULL, 'f0146a361cd0bb1c3ea5a51e94080ae6'),
(547, 'Silvia', 'Martinez', 'Chávez', 'silviamartinez11@hotmail.com', '987925387', '', '42293948', 1, '', NULL, '2020-11-04 12:01:35', NULL, '42884f3f8dd00dc170d86e114b3ce3ab'),
(548, 'Elizabeth Cristina', 'Hernandez', 'Peves', 'hernandezpeves@gmail.com', '962715250', '', '46253791', 1, '', NULL, '2020-11-04 12:01:35', NULL, 'cc8ca91c92c5179a6fe675ae896dd9c6'),
(549, 'Annjeanette', 'Cruz', 'Tantalean', 'angie_9912@hotmail.com', '990856532', '', '9834776', 1, '', NULL, '2020-11-04 12:01:35', NULL, '2a318599ed32af37f7acda14149870ef'),
(550, 'ysabel', 'huallpa', 'ponce', 'hp.camila133@gmail.com', '971627240', '', '10133275', 1, '', NULL, '2020-11-04 12:01:35', NULL, '66e47beec29bedc27126713a5c895d98'),
(551, 'José Luis', 'Guzmán', 'Vargas', 'jlgv64@gmail.com', '999451077', '', '8843338', 1, '', NULL, '2020-11-04 12:01:35', NULL, '6a5b9afa570e3fafcb6617c067414d42'),
(552, 'sonia', 'cuspascua', 'Grandez', 'corporacionfarmacil@hotmail.com', '985081875', '', '10747436', 1, '', NULL, '2020-11-04 12:01:35', NULL, '32348b024c3f606bbd642f43cf1a0a18'),
(553, 'Leodan', 'Cubas', 'Alberca', 'NaymeCubasAlberca@gmail.com', '939147343', '', '70040120', 1, '', NULL, '2020-11-04 12:01:35', NULL, '23c1ff5544dce1ffa45bc6782b96dc7e'),
(554, 'anibal', 'alania', 'povis', 'edalpo2018@gmail.com', '931799758', '', '10119483', 1, '', NULL, '2020-11-04 12:01:35', NULL, '0c17f062bc6bc74b69337a280925d506'),
(555, 'Sarita', 'Córdova', 'Conde', 'chaska_scc@hotmail.com', '900647424', '', '41663123', 1, '', NULL, '2020-11-04 12:01:35', NULL, 'f34e82f5ced078fc870da6154fe6b33c'),
(556, 'wenceslao', 'Quispe', 'Soria', 'wenceslaoquispe@hotmail.com', '964321882', '', '6754186', 1, '', NULL, '2020-11-04 12:01:35', NULL, 'd67db1a6a47bdcf937458746aa0e3be7'),
(557, 'Natalie', 'Tello', 'Gamarra', 'naty85tello@gmail.com', '959594679', '', '42889615', 1, '', NULL, '2020-11-04 12:01:35', NULL, '134da64c54dbfbdada44e058d3f30f9f'),
(558, 'dina', 'melo', 'diaz', 'dinamelodiaz@gmail.com', '955226193', '', '6796412', 1, '', NULL, '2020-11-04 12:01:35', NULL, 'ca0bc856c653fe676dd18d95dce6f996'),
(559, 'milagro', 'Labán', 'cordova', 'milicor7@hotmail.com', '981985851', '', '42414077', 1, '', NULL, '2020-11-04 12:01:35', NULL, 'a3869d88b0201bb7934845bbef512d1c'),
(560, 'Manuel Ismael', 'Ascarza', 'Huando', 'manuel.zahdo@hotmail.com', '999966816', '', '9755355', 1, '', NULL, '2020-11-04 12:01:35', NULL, '10d0f01a91935d46e62d34db536f0321'),
(561, 'Tomasa', 'Nuñez', 'Julca', 'tomi.nunez.j@gmail.com', '913000824', '', '43320076', 1, '', NULL, '2020-11-04 12:01:35', NULL, '0139ea1a824dc9afa2ce59d810db02c5'),
(562, 'Fortunato', 'Leon', 'Leon', 'leonleon_70@hotmail.com', '998540278', '', '21526519', 1, '', NULL, '2020-11-04 12:01:35', NULL, '673798433b1af618072edf1bcf577b21'),
(563, 'Lina', 'Paulino', 'Malqui', 'linapaulinom@gmail.com', '920864530', '', '8835496', 1, '', NULL, '2020-11-04 12:01:35', NULL, '411506035924043846536d0debb39f98'),
(564, 'Houston', 'Ramirez', 'Chapilliquen', 'houston.r89@gmail.com', '982364949', '', '45859217', 1, '', NULL, '2020-11-04 12:01:35', NULL, '83bad4dc853cb8cc07163d43ed895fad'),
(565, 'Juan', 'Morales', 'Medina', 'Jmoralestone@gmail.com', '993832550', '', '41224181', 1, '', NULL, '2020-11-04 12:01:35', NULL, 'd964fa6d79ec0572677c6a1b2bcfe6ee'),
(566, 'Pedro Luis', 'Luyo', 'Sanchez', 'pedro_luisls@hotmail.com', '993104504', '', '43162385', 1, '', NULL, '2020-11-04 12:01:35', NULL, '00f6064848677ca5ca97d83514fcdea2'),
(567, 'Olinda', 'arango', 'roca', 'olinda_kirei@hotmsil.com', '961545339', '', '42325555', 1, '', NULL, '2020-11-04 12:01:35', NULL, 'ad5148030b5d74ad73c498ffbd45e14d'),
(568, 'Antonio', 'Huamán', 'Fernandez', 'delrociofm@gmail.com', '977376411', '', '9625977', 1, '', NULL, '2020-11-04 12:01:35', NULL, 'ac0558e21f1e86f70e93ad351ecbe4b9'),
(569, 'ruth liliana', 'camones', 'lazaro', 'ruthcamones@gmail.com', '981358324', '', '10127992', 1, '', NULL, '2020-11-04 12:01:35', NULL, 'af13b25cd21bdc899d01a0cf6ea76da9'),
(570, 'Paul', 'More', 'Chavez', 'paulmore_upch@hotmail.com', '996604850', '', '10409440', 1, '', NULL, '2020-11-04 12:01:35', NULL, 'cc6cc977d3c7b920b1e7256591473635'),
(571, 'Darly', 'Vásquez', 'Alvarez', 'darlypva@hotmail.com', '996270637', '', '40020530', 1, '', NULL, '2020-11-04 12:01:35', NULL, '1d85de545741d6e1e7bff6276d9fc241'),
(572, 'JULISSA', 'SANCHEZ', 'SALHUANA', 'scorpio22_13@hotmail.com', '968698050', '', '43242063', 1, '', NULL, '2020-11-04 12:01:35', NULL, 'b2e72ce8e26bc0c2e71d65a14b3c7daa'),
(573, 'Letty', 'Sandoval', 'Mendoza', 'lettysandoval_18', '966657608', '', '47271342', 1, '', NULL, '2020-11-04 12:01:35', NULL, '793421b87e4762c05069dca6a910c7c8'),
(574, 'Christian', 'Tarrillo', 'Vasquez', 'Cristianntv@gmail.com', '954908736', '', '46838585', 1, '', NULL, '2020-11-04 12:01:35', NULL, '88a0290a0c5e1eb538c33fafe43beff5'),
(575, 'johanna', 'Malaga', 'Guevara', 'johanna.malaga92@gmail.com', '934329850', '', '71886410', 1, '', NULL, '2020-11-04 12:01:35', NULL, '5729151ecda96a09338b3e3e96535fd3'),
(576, 'sandy', 'Santillan', 'Sánchez', 'tathy7_7@hotmail.com', '996396005', '', '72894077', 1, '', NULL, '2020-11-04 12:01:35', NULL, '054b82fa567e9815e6721c74fc8cf712'),
(577, 'MILUSKA', 'CLEMENTE', 'ROMERO', 'miluskaclemente@gmail.com', '948051510', '', '44643787', 1, '', NULL, '2020-11-04 12:01:35', NULL, '2d3ea2506ea10920a5a29edd0d89c0cb'),
(578, 'YALDY CANDINE', 'QUISPE', 'NEYRA', 'leito_221203@hotmail.com', '981036255', '', '21861613', 1, '', NULL, '2020-11-04 12:01:35', NULL, '609d78b9f1a5171866eb5f550b4775d6'),
(579, 'William', 'Gomez', 'Tuya', 'rgw.medicaldevices@gmail.com', '996875775', '', '15759596', 1, '', NULL, '2020-11-04 12:01:35', NULL, 'e8112997e6c0c850036220e80243507c'),
(580, 'Marilyn Jackie', 'huamani', 'huaroto', 'ytarshabbym@gmail.com', '993107875', '', '42762112', 1, '', NULL, '2020-11-04 12:01:35', NULL, '8a4c89baf449c9f84b40f87f7d0d4df8'),
(581, 'shellah', 'palacios', 'Rodriguez', 'shellahpalaciosr@yahoo.com', '922407029', '', '41298823', 1, '', NULL, '2020-11-04 12:01:35', NULL, '67da4d525ce7586bdcf64534d3441102'),
(582, 'julio', 'contreras', 'Quipan', 'jcontrerasquipan@gmail.com', '933760643', '', '40725010', 1, '', NULL, '2020-11-04 12:01:35', NULL, 'a3e73a3fbef8c7e87bb8d32f1e9abae5'),
(583, 'Juan', 'Cordero', 'Anicama', 'juancordero.anicama@gmail.com', '990691366', '', '40155676', 1, '', NULL, '2020-11-04 12:01:35', NULL, '96c6338cffe64c004c41716abb126fd4');
INSERT INTO `visitantes` (`idvisitantes`, `nombres`, `apellido_paterno`, `apellido_materno`, `correo`, `telefono`, `tipo_documento`, `numero_documento`, `idusuario`, `tipo_visitante`, `terminos_condiciones`, `fecha_creacion`, `fecha_actualizacion`, `contrasena`) VALUES
(584, 'Rosa Helena', 'Carreño', 'Soria', 'rhcsarng@hotmail.com', '991736970', '', '10633032', 1, '', NULL, '2020-11-04 12:01:35', NULL, 'f1022fc5219fbedac73ba3931067d205'),
(585, 'MARÍA', 'LAMPA', 'LIMAS', 'marialampa2016@gmail.com', '987110232', '', '41218533', 1, '', NULL, '2020-11-04 12:01:35', NULL, 'f87c379a2e6a0e9f30450256df1f6913'),
(586, 'brayton', 'luis', 'marcelo', 'brayton_lm@hotmail.com', '956621091', '', '43332396', 1, '', NULL, '2020-11-04 12:01:35', NULL, '5c5bcf140785cd8e61ba04de2f04d079'),
(587, 'Milagros Lady', 'Tantarico', 'Céspedes', 'milatanc@hotmail.com', '988934100', '', '17435226', 1, '', NULL, '2020-11-04 12:01:35', NULL, '9e4a0c7288a8c87211772cfc4e09ba5e'),
(588, 'ronel', 'mestas', 'mamani', 'omaronel@hotmail.com', '940297974', '', '41143015', 1, '', NULL, '2020-11-04 12:01:35', NULL, '75020dda7b6a1715bc4f43457a862e7a'),
(589, 'paulina', 'pinto', 'Manuel', 'linapinto_servmedico@hotmail.com', '997767679', '', '9722444', 1, '', NULL, '2020-11-04 12:01:35', NULL, 'b38b2c2bca627fd2a9d75c05b7ef7aff'),
(590, 'Oswaldo', 'Tasaico', 'Arcos', 'ecotasaico@yahoo.es', '956642847', '', '21797917', 1, '', NULL, '2020-11-04 12:01:35', NULL, 'a3a6fa2714ed1c09ee558aa027cf525f'),
(591, 'oldia', 'perez', 'perez', 'hieg2@hotmail.con', '990916712', '', '47513676', 1, '', NULL, '2020-11-04 12:01:35', NULL, '7cd24823bb503ff83a5ae644ac410b4d'),
(592, 'Rosario Soledad', 'Gálvez', 'Ysique', 'rosgalys@gmail.com', '987187007', '', '17979609', 1, '', NULL, '2020-11-04 12:01:35', NULL, '676e2df74f021ae3b6bf6b057fe529ba'),
(593, 'Juan', 'Sáenz', 'Torres', 'jjst0909@hotmail.com', '980855244', '', '9955312', 1, '', NULL, '2020-11-04 12:01:35', NULL, 'c434b014e92dfdd69af670f1fc88cfff'),
(594, 'Cynthia Lisset', 'Canaza', 'Benavente', 'cynthiacanazabenavente@gmail.com', '991221072', '', '46493332', 1, '', NULL, '2020-11-04 12:01:35', NULL, 'b1949464ae512c471775e7fd5feeff7a'),
(595, 'victoria', 'anampa', 'mitma', 'anampamit_18@hotmail.com', '956438342', '', '44345478', 1, '', NULL, '2020-11-04 12:01:35', NULL, '2ff7a16046343b0bb9610b29668181d9'),
(596, 'Jhon', 'Huarcaya', 'Estrada', 'jhuarcayae@gmail.com', '980995071', '', '43910683', 1, '', NULL, '2020-11-04 12:01:35', NULL, 'c90ca06d8e296097587f151e796a2796'),
(597, 'Jaime', 'Santoyo', 'Huaman', 'jsantoyo2011@hotmail.com', '925163567', '', '23269212', 1, '', NULL, '2020-11-04 12:01:35', NULL, '4b7ef221477ff390dfafa7f56eb94a22'),
(598, 'Gian', 'Majuan', 'López', 'gian.majuan@technology.com.pe', '941993602', '', '41993602', 1, '', NULL, '2020-11-04 12:01:35', NULL, '8f8807397360dda3339d9e44d6f7fa13'),
(599, 'rosa mercedes', 'lozano', 'acuña', 'denistunino.12@gmail.com', '957221042', '', '7687239', 1, '', NULL, '2020-11-04 12:01:35', NULL, '9214091952222ee5ddaa756c3286ee35'),
(600, 'Gloria Margarita', 'flores', 'Valenza', 'gloriamargarita72@hotmail.com', '988887456', '', '9728433', 1, '', NULL, '2020-11-04 12:01:35', NULL, '40161a3f6116261df3ff7a479163449f'),
(601, 'Segundo', 'Diaz', 'Mendo', 'sdiaz2853@hotmail.com', '924160076', '', '17928917', 1, '', NULL, '2020-11-04 12:01:35', NULL, '92b8bd3fd940332feea9f106ae267646'),
(602, 'maxwell', 'castillo', 'paucar', 'castillopaucarmaxwell@gmail.com', '938762824', '', '45723411', 1, '', NULL, '2020-11-04 12:01:35', NULL, '966d80fb5f39720739486c89515f28f5'),
(603, 'vilma', 'villanueva', 'liñan', 'vvillanueva@insn.gob.pe', '942971138', '', '9910880', 1, '', NULL, '2020-11-04 12:01:35', NULL, '7e98bbcdf024f31bf4b0b7ecf6ce2892'),
(604, 'joseli', 'maza', 'melgarejo', 'joseli.s.maza@gmail.com', '924120862', '', '47235554', 1, '', NULL, '2020-11-04 12:01:35', NULL, '0092d51df4e229fa899ef5e21d7badf2'),
(605, 'Karina', 'Manchego', 'Rodriguez', 'maribelkar04@gmail.com', '959313389', '', '40631056', 1, '', NULL, '2020-11-04 12:01:35', NULL, 'f2346dac0508993e982d3facce25085e'),
(606, 'José Antonio', 'Cieza', 'Ruiz', 'joseanto100@hotmail.com', '987208940', '', '16702353', 1, '', NULL, '2020-11-04 12:01:35', NULL, '8040bbde5c26e83f5d63a4c1c2fd39ff'),
(607, 'Fatima Lucia', 'VALVERDE', 'ORTEGA', 'Fati.cancer25@gmail.com', '975532439', '', '46469221', 1, '', NULL, '2020-11-04 12:01:35', NULL, '8907ca41a23eea2dc6d8f3f07f52c35a'),
(608, 'Elizabeth', 'Escobedo', 'A', 'eliesco13@hotmail.com', '994544734', '', '9809008', 1, '', NULL, '2020-11-04 12:01:35', NULL, '1afc2a95877b98b86f875ce75f2fec2b'),
(609, 'Mabel', 'Soto', 'Tito', 'mabelsototito19@gmail.com', '921617623', '', '42228201', 1, '', NULL, '2020-11-04 12:01:35', NULL, 'fd1c57ff783e7ceab46797e87ea32b0a'),
(610, 'Christian', 'Soto', 'Chumpitaz', 'christian80csc@gmail.com', '999784949', '', '40787301', 1, '', NULL, '2020-11-04 12:01:35', NULL, '582e36b80648d38f468cd48bb7aebe10'),
(611, 'Roberto', 'López', 'Chicmana', 'roa1511@hotmail.com', '934363822', '', '42765267', 1, '', NULL, '2020-11-04 12:01:35', NULL, '1e1a65156299b1edbdf82f23d8416cb5'),
(612, 'CYNTHIA ROSA', 'MUÑOZ', 'CABANA', 'crmc_2184@hotmail.com', '993924624', '', '43647919', 1, '', NULL, '2020-11-04 12:01:35', NULL, '823bdfd29d689bf54202be1d6f34d16e'),
(613, 'Magda', 'Collado', 'Huaytalla', 'mag_win@hotmail.com', '985140074', '', '10248387', 1, '', NULL, '2020-11-04 12:01:35', NULL, '33f443739b4e4a90d5a269df7934653e'),
(614, 'Cristhian', 'Núñez', 'Guerra', 'qfcristhian2000@gmail.com', '972886912', '', '45137836', 1, '', NULL, '2020-11-04 12:01:35', NULL, 'b64c73c02235e1c598b00a89b70715fe'),
(615, 'Janet', 'Acosta', 'Retamozo', 'janetpilar24@gmail.com', '967936677', '', '9884455', 1, '', NULL, '2020-11-04 12:01:35', NULL, '8cdfdf0fdb98b46687216f3ea6085e7d'),
(616, 'Judirh Isabel', 'Polo', 'Nicho', 'polonichojudithisabel@gmail.com', '991140712', '', '15694182', 1, '', NULL, '2020-11-04 12:01:35', NULL, '8dda1c94015b28e8395ebb969c8201dd'),
(617, 'MONICA', 'DONAIRE', 'CERQUIN', 'monica27dediciembre@hotmail.com', '995363713', '', '25785957', 1, '', NULL, '2020-11-04 12:01:35', NULL, '08f05678eb35d8f01de81705bd61a675'),
(618, 'Antony', 'De la cruz', 'Napan', 'antony.16.04.90@gmail.com', '989593452', '', '70505082', 1, '', NULL, '2020-11-04 12:01:35', NULL, '271681e48a3bf7d442bf53f7ac2985e0'),
(619, 'Erika', 'Vasquez', 'Guillen', 'akirex201@gmail.com', '983368730', '', '41729226', 1, '', NULL, '2020-11-04 12:01:35', NULL, '12995a23a016eee100cacf54d0fdd3e5'),
(620, 'Arturo Yoshimar', 'Luque', 'Mamani', 'arturitord32@gmail.com', '951154026', '', '47358807', 1, '', NULL, '2020-11-04 12:01:35', NULL, '9feccdff5c2cd0817634589ed296e904'),
(621, 'Gabriel', 'valenzuela', 'Rodriguez', 'valenzuela_2209@hotmail.com', '990881059', '', '9746784', 1, '', NULL, '2020-11-04 12:01:35', NULL, '5d1ebe41b3e6c79daa55d00e268e299c'),
(622, 'rosa', 'Huamani', 'Lima', 'Rosita_23hl@hotmail.com', '992518581', '', '41787949', 1, '', NULL, '2020-11-04 12:01:35', NULL, '596ce282dbb47e8b0ce07401a549b4c7'),
(623, 'Elizabeth', 'Lopez', 'Torres', 'nancy_beth@hotmail.com', '922557455', '', '42416449', 1, '', NULL, '2020-11-04 12:01:35', NULL, 'df972be7d33e4b96e74affde6b37511a'),
(624, 'Jhon Paul', 'Mezarina', 'Mendoza', 'jpmezarina@hotmail.com', '993463746', '', '20053551', 1, '', NULL, '2020-11-04 12:01:35', NULL, 'bf045b7c14710f2705140232f272d931'),
(625, 'lisbeth Milagros', 'Galvan', 'Quintana', 'miligq21@gmail.com', '940322266', '', '46568729', 1, '', NULL, '2020-11-04 12:01:35', NULL, '7cb730d42df0e9cf2b44704fd215d322'),
(626, 'Eduardo', 'Arevalo', 'Ybarra', 'eduardo09439705@gmail.com', '991492960', '', '9439705', 1, '', NULL, '2020-11-04 12:01:35', NULL, '8b9189695fac566f8ae138684262c294'),
(627, 'Ysmael', 'Yarma', 'Pérez', 'ysmael294@hotmail.com', '998499850', '', '10442588', 1, '', NULL, '2020-11-04 12:01:35', NULL, '2d7d50f085bedba7e96c21770662bed1'),
(628, 'José Luis', 'Cornejo', 'Herrera', 'lcornejo.confecciones@gmail.com', '934398719', '', '8112852', 1, '', NULL, '2020-11-04 12:01:35', NULL, '25052c754b69a419e0f8b11fee94ae8d'),
(629, 'Jaquely', 'Escobar', 'Figueroa', 'jesfi7@hotmail.com', '998791416', '', '7267395', 1, '', NULL, '2020-11-04 12:01:35', NULL, 'fe32837b29c65380ce0ac979705ba594'),
(630, 'Maria Cristina', 'Ayala', 'Espinoza', 'cristy_28_9@hotmail.com', '937654374', '', '70494024', 1, '', NULL, '2020-11-04 12:01:35', NULL, '6c792c1d2f0a1c63bfa8e323ac9f09e0'),
(631, 'Mary', 'ayesta', 'vargas', 'maryayestav@hotmail.com', '994983727', '', '7120741', 1, '', NULL, '2020-11-04 12:01:35', NULL, '9de030569e5b7e5cf13e20c7b639d3b3'),
(632, 'Virna', 'Paucar', 'Pérez', 'vi.paucarpe@gmail.com', '991279780', '', '41238286', 1, '', NULL, '2020-11-04 12:01:35', NULL, '6b55f75c7b4737b2e05058847af47156'),
(633, 'Mariella', 'Talla', 'Condezo', 'dr_mariellatalla@yahoo.es', '956494514', '', '7580817', 1, '', NULL, '2020-11-04 12:01:35', NULL, '59e4bd22d2c1795ba389449a4424d20b'),
(634, 'Olga', 'Castillo', 'De la Cruz', 'Ocastilloc76@hotmail.com', '990587472', '', '10401099', 1, '', NULL, '2020-11-04 12:01:35', NULL, '4ccd8776d0186be700e9c7ad6dd021d6'),
(635, 'Eduviges', 'De los Rios', 'Tello', 'telloedu25@gmail.com', '980930136', '', '41680568', 1, '', NULL, '2020-11-04 12:01:35', NULL, '756621d26b6740888898f82c7b0789c7'),
(636, 'Héctor', 'yucra', 'mattos', 'hectoryucra049@gmail.com', '945796523', '', '46082296', 1, '', NULL, '2020-11-04 12:01:35', NULL, '843c37be8ad338a04f5f544891437b8b'),
(637, 'jorge alejandro', 'melgar', 'soto', 'jorgedent02@hotmail.es', '981131496', '', '9668920', 1, '', NULL, '2020-11-04 12:01:35', NULL, 'b52d58266670b61a7a7949b4de5f7c91'),
(638, 'jesus', 'Calagua', 'Quispe', 'jes0889@hotmail.com', '975580200', '', '45898379', 1, '', NULL, '2020-11-04 12:01:35', NULL, 'd9e803482c0d6761ce33013d1a91bec7'),
(639, 'Luis Alberto', 'De La Cruz', 'Garcia', 'albertofacundes@hotmail.com', '934561274', '', '6325362', 1, '', NULL, '2020-11-04 12:01:35', NULL, 'e43cc5e104b1f0744b00824b2cff2388'),
(640, 'David Israel', 'Romero', 'Ccasani', 'israelquimico@hotmail.com', '924360991', '', '25858876', 1, '', NULL, '2020-11-04 12:01:35', NULL, '50f195afc847cf989eaa096e96c3ff4f'),
(641, 'july', 'bustamante', 'susano', 'judit0486@gmail.com', '902972109', '', '44471456', 1, '', NULL, '2020-11-04 12:01:35', NULL, '3bf56409bf9dba012a806633d53ebe44'),
(642, 'Ruth Marisol', 'Trinidad', 'Collazos', 'mary.tc.1086@gmail.com', '966412057', '', '44645612', 1, '', NULL, '2020-11-04 12:01:35', NULL, 'd10935ef09464d85cf3922109b248918'),
(643, 'mildred', 'segovia', 'rayme', 'mildred.segovia@igf.com.pe', '994202414', '', '20339979', 1, '', NULL, '2020-11-04 12:01:35', NULL, '2168748445a718ba9040011c3f8cd192'),
(644, 'Pilar', 'González', 'Flores', 'gpilar885@gmail.com', '992814273', '', '40164522', 1, '', NULL, '2020-11-04 12:01:35', NULL, '11bcd27a813acc700aff524f25fa7c7e'),
(645, 'Carmen esperanza', 'Cordova', 'Eyguana', 'feli_es@hotmail.com', '923020210', '', '46307083', 1, '', NULL, '2020-11-04 12:01:35', NULL, '189e4d5a97b82b882242c62204f7e70f'),
(646, 'Coral', 'Hinojosa', 'Sanalia', 'coraldalilahs@gmail.com', '925954216', '', '45231949', 1, '', NULL, '2020-11-04 12:01:35', NULL, 'd0c592f73999aec5f38dbd386a1bdda5'),
(647, 'jairo', 'Ildefonso', 'Vargas', 'ilvasa@hotmail.com', '999970789', '', '80444907', 1, '', NULL, '2020-11-04 12:01:35', NULL, '02921360e5631c0f5faa3e81e6d3fc85'),
(648, 'katerin lesly', 'chambi', 'macedo', 'katerinchambi49@gmail.com', '950320773', '', '46689614', 1, '', NULL, '2020-11-04 12:01:35', NULL, '6d160e2b9c753c16653fd1cd23461f36'),
(649, 'Raquel', 'Espinoza', 'Chiara', 'raquelpez@hotmail.com', '993363181', '', '41283824', 1, '', NULL, '2020-11-04 12:01:35', NULL, '5d13586d619ed25da3b04c169aa91e8b'),
(650, 'Arturo', 'lazarte', 'Remisio', 'arturo.lazarte@gmail.com', '931953304', '', '43846818', 1, '', NULL, '2020-11-04 12:01:35', NULL, 'a32bedf60544d958158700d7025ba077'),
(651, 'cinthya', 'Anto', 'Ocampo', 'cinthyakatherin15@gmail.com', '999249102', '', '44188765', 1, '', NULL, '2020-11-04 12:01:35', NULL, 'fe007d87a92fa236b9eb2131b5fb0683'),
(652, 'Julio cesar', 'Gutarra', 'Ramos', 'Juliogutarra2018@gmail.com', '923264620', '', '10037109', 1, '', NULL, '2020-11-04 12:01:35', NULL, '15fed1d144841e1e334560a6903f3805'),
(653, 'Renee', 'Aguirre', 'Davila', 'renee.aguirre@outlook.com', '976366507', '', '10499527', 1, '', NULL, '2020-11-04 12:01:35', NULL, '29f6adf1a56a4864ca96a6d5eb103e90'),
(654, 'ghina', 'Rodriguez', 'Tello', 'ghinart@hotmail.com', '981047082', '', '9913007', 1, '', NULL, '2020-11-04 12:01:35', NULL, '90177fbae53c8d7d84fe12e536ce3b67'),
(655, 'Yuri', 'Mascaro', 'Rivera', 'yuri.mascaro@gmail.com', '988075583', '', '45565384', 1, '', NULL, '2020-11-04 12:01:35', NULL, '55cb239424e39b9f519d129d3012128f'),
(656, 'Carlo', 'Tartarini', 'Giorffino', 'Ctartarini@icloud.com', '970026743', '', '44418688', 1, '', NULL, '2020-11-04 12:01:35', NULL, '991ea252d98e696ed8b6c55b10c1e7b6'),
(657, 'Karen', 'Gallegos', 'Quispe', 'griskaren_20@hotmail.com', '956752044', '', '41957593', 1, '', NULL, '2020-11-04 12:01:35', NULL, '9908fac5a129c0e83506d7370495c904'),
(658, 'Rosa', 'Rivas', 'Artezano', 'rosa.nataly@hotmail.com', '931841544', '', '44095492', 1, '', NULL, '2020-11-04 12:01:35', NULL, 'acdfa74a3343b515093941b9c96160dd'),
(659, 'katycsa yulianna', 'luyo', 'candela', 'yul_0212@hotmail.com', '993772158', '', '70059952', 1, '', NULL, '2020-11-04 12:01:35', NULL, 'ed57ec559b37b00496798c9e4629ba84'),
(660, 'Erick', 'Romero', 'Lemos', 'incamedic@gmail.com', '956767568', '', '7268080', 1, '', NULL, '2020-11-04 12:01:35', NULL, '5c525f5a6d4075275550cc531a338c84'),
(661, 'Mónica', 'Miranda', 'chipana', 'mirandalopez080815@gmail.com', '991350965', '', '41104982', 1, '', NULL, '2020-11-04 12:01:35', NULL, '0ad3d06efc442977e42610f0b1eb2c77'),
(662, 'Lydia', 'Pizarro', 'Pahuacho', 'fat-y04@hotmail.com', '957283860', '', '44258353', 1, '', NULL, '2020-11-04 12:01:35', NULL, '3be2b3158c992b9f84936e7ef9b8261e'),
(663, 'Ivan', 'Cuenca', 'Cabrera', 'yicc11@hotmail.com', '947035659', '', '42870352', 1, '', NULL, '2020-11-04 12:01:35', NULL, '0132a1c683f87e64789fbccc19fc33c2'),
(664, 'luisa Hellyn', 'Gamarra', 'Lozano', 'dentistgamarra@hotmail.es', '957204879', '', '46581517', 1, '', NULL, '2020-11-04 12:01:35', NULL, '345df19bcaef6f12e82b8fa360e8cca5'),
(665, 'Marilu', 'Condori', 'Fernández', 'marilucf16@gmail.com', '960095071', '', '43221810', 1, '', NULL, '2020-11-04 12:01:35', NULL, 'bca7aeb22600e60b718c3273b5f9e51d'),
(666, 'Janet', 'Rodriguez', 'Puente', 'jaisarodriguez@gmail.com', '997794911', '', '41688331', 1, '', NULL, '2020-11-04 12:01:35', NULL, '58b9914ac53e71c86cbe64dbf146454e'),
(667, 'claudia joana', 'Villanueva', 'salas', 'villanueva23749@gmail.com', '993431311', '', '43960315', 1, '', NULL, '2020-11-04 12:01:35', NULL, '0819bb5bc48ef86fe47c539b490ae178'),
(668, 'Carmen Rosa', 'Gómez', 'Benavides', 'carosa07@hotmail.com', '993755389', '', '8953924', 1, '', NULL, '2020-11-04 12:01:35', NULL, '82a3998f8ddcdfdef754ea082f3d7777'),
(669, 'Carlos', 'Palma', 'Fuentes', 'cslamolina@hotmail.com', '964395907', '', '9398700', 1, '', NULL, '2020-11-04 12:01:35', NULL, '8b7934301fca7b1cfc87599affd53250'),
(670, 'Elka', 'Villar', 'Churampi', 'eyvillar@gmail.com', '990417691', '', '20112479', 1, '', NULL, '2020-11-04 12:01:35', NULL, '815028de9d879b9c7e8960d75cccdbb7'),
(671, 'Victor Manuel', 'Garcia', 'Vara', 'vgvhot@gmail.com', '930872629', '', '9727971', 1, '', NULL, '2020-11-04 12:01:35', NULL, '27e80c5d709cfe5b2a859e20f7341352'),
(672, 'Guadalupe', 'Mayorca', 'Pascua', 'mayorcapascua@gmail.com', '953790877', '', '40507930', 1, '', NULL, '2020-11-04 12:01:35', NULL, 'e8adcf6613a539d422645d0f51e1d629'),
(673, 'sandy', 'leiva', 'quispe', 'sleivaq@gmail.com', '985028400', '', '41779305', 1, '', NULL, '2020-11-04 12:01:35', NULL, '20f5e1d009e1f0c56214f6fcc9d25c6b'),
(674, 'ERIKA LOURDES', 'PAHUACHO', 'SEDANO', 'erila_2884@hotmail.com', '962238468', '', '42240541', 1, '', NULL, '2020-11-04 12:01:35', NULL, 'f5ecbce65ada1e7efc79bd9ebfe9366f'),
(675, 'Katerinne', 'Campos', 'Hito', 'camposkaterinne4@gmail.com', '922086812', '', '42965428', 1, '', NULL, '2020-11-04 12:01:35', NULL, '6be3a1c759399957a3c8e507628002a3'),
(676, 'Susana Betty', 'Lay', 'Vergara', 'susanalayv@gmail.com', '998870201', '', '40066044', 1, '', NULL, '2020-11-04 12:01:35', NULL, 'f69a51d251189ca4883c079e4d714d72'),
(677, 'Maria', 'Velasquez', 'Vasquez', 'mrvelav@yahoo.', '952886886', '', '7226087', 1, '', NULL, '2020-11-04 12:01:35', NULL, 'f0d88aa794e3bd7c68b43377a0bce8b5'),
(678, 'gissela', 'morales', 'lopeZ', 'gissela.morales.lopez@gmail.com', '990206663', '', '47483167', 1, '', NULL, '2020-11-04 12:01:35', NULL, 'c85d03bba39e5f450e05a22994f4f003'),
(679, 'catty', 'meneses', 'palomino', 'catiepalomeee@gmail.com', '985043455', '', '42828247', 1, '', NULL, '2020-11-04 12:01:35', NULL, 'ebdb56a903a955aa01ba2335da0a5ae6'),
(680, 'karol yulissa', 'yanac', 'abarca', 'karolyanac@gmail.com', '921280356', '', '40981671', 1, '', NULL, '2020-11-04 12:01:35', NULL, 'f30e5d1c755a649ca9740a04270120d6'),
(681, 'Yoshelin', 'Rua', 'Enciso', 'yoshelin_ruen@hotmail.com', '992098334', '', '47161189', 1, '', NULL, '2020-11-04 12:01:35', NULL, 'e3ad1d868f332d84ca408aeaf92abc81'),
(682, 'Yeny Maribel', 'JERI', 'CANCHARI', 'jeriyeny@hotmail.com', '966509999', '', '40312743', 1, '', NULL, '2020-11-04 12:01:35', NULL, 'cc51c18c90f894a66579d31b18163d67'),
(683, 'Dulmer Johnn', 'Sánchez', 'Alfaro', 'dulmer_18@hotmail.com', '980368620', '', '8935296', 1, '', NULL, '2020-11-04 12:01:35', NULL, '2a4a03e3922c38b4463c069643b134de'),
(684, 'Esteban', 'Bravo', 'Abanto', 'ebravoab@hotmail.com', '969869813', '', '8859585', 1, '', NULL, '2020-11-04 12:01:35', NULL, 'c501d87a1363528a48d08b1c6c10ae98'),
(685, 'Leticia', 'Trigoso', 'Gonzales', 'lemi18@hotmail.com', '997844814', '', '41266286', 1, '', NULL, '2020-11-04 12:01:35', NULL, '24e7cd1db0742e092c32492744c8cd02'),
(686, 'Yuri', 'Vasquez', 'Alcca', 'luna2811@gmail.com', '992516095', '', '43989348', 1, '', NULL, '2020-11-04 12:01:35', NULL, '4555476e7f3b9e17b8619738251986bf'),
(687, 'Viviana', 'Sarazú', 'Valverde', 'vsarazu@gmail.com', '986897471', '', '45933488', 1, '', NULL, '2020-11-04 12:01:35', NULL, 'debc55cbf2c3a3e54c3f00f813f3d896'),
(688, 'Gabriela', 'Ramirez', 'Mejia', 'dgaby259@gmail.com', '989819063', '', '9402509', 1, '', NULL, '2020-11-04 12:01:35', NULL, 'ec729b3aa0fb8425fd30fc8c919d2461'),
(689, 'David', 'Maguiña', 'Ramirez', 'Leodeyvis2@gmail.com', '967750961', '', '10359009', 1, '', NULL, '2020-11-04 12:01:35', NULL, '8a24d9b0cf2b582a2716948f11e07b09'),
(690, 'Juan Carlos', 'Sipión', 'Fernandez', 'coritotuman212@hotmail.com', '945759349', '', '16714546', 1, '', NULL, '2020-11-04 12:01:35', NULL, 'c8dcd7fb90d8a9b20051d3b33e51d544'),
(691, 'Miguel Angel', 'Inocente', 'Camones', 'contacto@iayru.com', '998602255', '', '42789461', 1, '', NULL, '2020-11-04 12:01:35', NULL, '8a1ee434e07c7469969c3a4d28b549c5'),
(692, 'Lilian', 'Sanchez', 'Zelaya', 'lsz.lilian@gmail.com', '942761993', '', '6445184', 1, '', NULL, '2020-11-04 12:01:35', NULL, 'a9fe20350b59d4e59b3504a40984e276'),
(693, 'marleny', 'arias', 'vicuña', 'marlenylizariasv@gmail.com', '999869256', '', '9647113', 1, '', NULL, '2020-11-04 12:01:35', NULL, '9ff7b778599cdaad56f008d5b4212084'),
(694, 'lias', 'siso', 'vasquez', 'lias.siso@gmail.com', '988885521', '', '1216660', 1, '', NULL, '2020-11-04 12:01:35', NULL, '4267f760928857961f53e374692080a1'),
(695, 'evelyn', 'alvarez', 'ramos', 'evelyn.alvarez.ramos@gmail.com', '936303918', '', '44136328', 1, '', NULL, '2020-11-04 12:01:35', NULL, '69cc67521abff03a44965e54c5ccc521'),
(696, 'David', 'Huacause', 'Ochante', 'dhuacause@hotmail.com', '997594258', '', '25775415', 1, '', NULL, '2020-11-04 12:01:35', NULL, '827171d28fac39fc63c16269ff94b982'),
(697, 'ana', 'soto', 'carrion', 'anitarsc92@gmail.com', '939285480', '', '15865459', 1, '', NULL, '2020-11-04 12:01:35', NULL, 'c831c5c16c032e52f2a631bc2b1b0893'),
(698, 'jeremy', 'Nuñez', 'Diaz', 'jeremex@gmail.com', '987519582', '', '41594275', 1, '', NULL, '2020-11-04 12:01:35', NULL, 'ffe19befa3530d19178878d393c8dac9'),
(699, 'Yansen', 'Aquino', 'Neira', 'yansen26@gmail.com', '976852002', '', '40620472', 1, '', NULL, '2020-11-04 12:01:35', NULL, '059a444f91733b1b9998e86a3a2eb318'),
(700, 'Cristobal', 'Palomino', 'Zegarra', 'cristobaljpz@gmail.com', '993335002', '', '41659683', 1, '', NULL, '2020-11-04 12:01:35', NULL, '329c4341c19592979845669b68241f4f');

-- --------------------------------------------------------

--
-- Estructura de tabla para la tabla `zonas`
--

CREATE TABLE `zonas` (
  `idzonas` int(11) NOT NULL,
  `nombre` varchar(200) DEFAULT NULL,
  `imagen` varchar(200) DEFAULT NULL,
  `idferias` int(10) NOT NULL DEFAULT 0
) ENGINE=InnoDB DEFAULT CHARSET=utf8mb4;

--
-- Volcado de datos para la tabla `zonas`
--

INSERT INTO `zonas` (`idzonas`, `nombre`, `imagen`, `idferias`) VALUES
(4, 'Equipamiento Médico', NULL, 13),
(5, 'Material Médico', NULL, 13),
(6, 'Zona Conexas', NULL, 13),
(7, 'Zona Internacional', NULL, 13);

--
-- Índices para tablas volcadas
--

--
-- Indices de la tabla `clientes`
--
ALTER TABLE `clientes`
  ADD PRIMARY KEY (`idclientes`);

--
-- Indices de la tabla `conferencias`
--
ALTER TABLE `conferencias`
  ADD PRIMARY KEY (`idconferencias`);

--
-- Indices de la tabla `cronogramas`
--
ALTER TABLE `cronogramas`
  ADD PRIMARY KEY (`idcronogramas`);

--
-- Indices de la tabla `empresas`
--
ALTER TABLE `empresas`
  ADD PRIMARY KEY (`idempresas`);

--
-- Indices de la tabla `expositores`
--
ALTER TABLE `expositores`
  ADD PRIMARY KEY (`idexpositores`);

--
-- Indices de la tabla `expositores_conferencias`
--
ALTER TABLE `expositores_conferencias`
  ADD PRIMARY KEY (`idexpositoresconferencias`);

--
-- Indices de la tabla `fd_modulos`
--
ALTER TABLE `fd_modulos`
  ADD PRIMARY KEY (`idmodulos`);

--
-- Indices de la tabla `fd_perfiles`
--
ALTER TABLE `fd_perfiles`
  ADD PRIMARY KEY (`idperfil`);

--
-- Indices de la tabla `fd_perfiles_modulos`
--
ALTER TABLE `fd_perfiles_modulos`
  ADD PRIMARY KEY (`idperfilmodulo`),
  ADD KEY `sys_perfiles_modulos_fk0` (`idperfil`),
  ADD KEY `sys_perfiles_modulos_fk1` (`idsubmodulo`);

--
-- Indices de la tabla `fd_submodulos`
--
ALTER TABLE `fd_submodulos`
  ADD PRIMARY KEY (`idsubmodulo`),
  ADD KEY `sys_submodulos_fk0` (`idmodulo`);

--
-- Indices de la tabla `fd_usuarios`
--
ALTER TABLE `fd_usuarios`
  ADD PRIMARY KEY (`idusuario`);

--
-- Indices de la tabla `ferias`
--
ALTER TABLE `ferias`
  ADD PRIMARY KEY (`idferias`);

--
-- Indices de la tabla `paginas`
--
ALTER TABLE `paginas`
  ADD PRIMARY KEY (`idpaginas`);

--
-- Indices de la tabla `paginas_ferias`
--
ALTER TABLE `paginas_ferias`
  ADD PRIMARY KEY (`idpaginasferias`);

--
-- Indices de la tabla `planes`
--
ALTER TABLE `planes`
  ADD PRIMARY KEY (`idplanes`);

--
-- Indices de la tabla `planes_paginas`
--
ALTER TABLE `planes_paginas`
  ADD PRIMARY KEY (`idplanespaginas`);

--
-- Indices de la tabla `productos`
--
ALTER TABLE `productos`
  ADD PRIMARY KEY (`idproductos`);

--
-- Indices de la tabla `stand`
--
ALTER TABLE `stand`
  ADD PRIMARY KEY (`idstand`);

--
-- Indices de la tabla `visitantes`
--
ALTER TABLE `visitantes`
  ADD PRIMARY KEY (`idvisitantes`);

--
-- Indices de la tabla `zonas`
--
ALTER TABLE `zonas`
  ADD PRIMARY KEY (`idzonas`);

--
-- AUTO_INCREMENT de las tablas volcadas
--

--
-- AUTO_INCREMENT de la tabla `clientes`
--
ALTER TABLE `clientes`
  MODIFY `idclientes` int(10) NOT NULL AUTO_INCREMENT, AUTO_INCREMENT=19;

--
-- AUTO_INCREMENT de la tabla `conferencias`
--
ALTER TABLE `conferencias`
  MODIFY `idconferencias` int(10) NOT NULL AUTO_INCREMENT, AUTO_INCREMENT=3;

--
-- AUTO_INCREMENT de la tabla `cronogramas`
--
ALTER TABLE `cronogramas`
  MODIFY `idcronogramas` int(10) NOT NULL AUTO_INCREMENT, AUTO_INCREMENT=9;

--
-- AUTO_INCREMENT de la tabla `empresas`
--
ALTER TABLE `empresas`
  MODIFY `idempresas` int(11) NOT NULL AUTO_INCREMENT, AUTO_INCREMENT=3;

--
-- AUTO_INCREMENT de la tabla `expositores`
--
ALTER TABLE `expositores`
  MODIFY `idexpositores` int(10) NOT NULL AUTO_INCREMENT, AUTO_INCREMENT=3;

--
-- AUTO_INCREMENT de la tabla `expositores_conferencias`
--
ALTER TABLE `expositores_conferencias`
  MODIFY `idexpositoresconferencias` int(10) NOT NULL AUTO_INCREMENT, AUTO_INCREMENT=12;

--
-- AUTO_INCREMENT de la tabla `fd_modulos`
--
ALTER TABLE `fd_modulos`
  MODIFY `idmodulos` int(10) NOT NULL AUTO_INCREMENT, AUTO_INCREMENT=32;

--
-- AUTO_INCREMENT de la tabla `fd_perfiles`
--
ALTER TABLE `fd_perfiles`
  MODIFY `idperfil` int(10) NOT NULL AUTO_INCREMENT, AUTO_INCREMENT=8;

--
-- AUTO_INCREMENT de la tabla `fd_perfiles_modulos`
--
ALTER TABLE `fd_perfiles_modulos`
  MODIFY `idperfilmodulo` int(10) NOT NULL AUTO_INCREMENT, AUTO_INCREMENT=1129;

--
-- AUTO_INCREMENT de la tabla `fd_submodulos`
--
ALTER TABLE `fd_submodulos`
  MODIFY `idsubmodulo` int(10) NOT NULL AUTO_INCREMENT, AUTO_INCREMENT=101;

--
-- AUTO_INCREMENT de la tabla `fd_usuarios`
--
ALTER TABLE `fd_usuarios`
  MODIFY `idusuario` int(10) NOT NULL AUTO_INCREMENT, AUTO_INCREMENT=194;

--
-- AUTO_INCREMENT de la tabla `ferias`
--
ALTER TABLE `ferias`
  MODIFY `idferias` int(10) NOT NULL AUTO_INCREMENT, AUTO_INCREMENT=16;

--
-- AUTO_INCREMENT de la tabla `paginas`
--
ALTER TABLE `paginas`
  MODIFY `idpaginas` int(11) NOT NULL AUTO_INCREMENT, AUTO_INCREMENT=16;

--
-- AUTO_INCREMENT de la tabla `paginas_ferias`
--
ALTER TABLE `paginas_ferias`
  MODIFY `idpaginasferias` int(11) NOT NULL AUTO_INCREMENT, AUTO_INCREMENT=72;

--
-- AUTO_INCREMENT de la tabla `planes`
--
ALTER TABLE `planes`
  MODIFY `idplanes` int(10) NOT NULL AUTO_INCREMENT, AUTO_INCREMENT=11;

--
-- AUTO_INCREMENT de la tabla `planes_paginas`
--
ALTER TABLE `planes_paginas`
  MODIFY `idplanespaginas` int(11) NOT NULL AUTO_INCREMENT, AUTO_INCREMENT=20;

--
-- AUTO_INCREMENT de la tabla `productos`
--
ALTER TABLE `productos`
  MODIFY `idproductos` int(10) NOT NULL AUTO_INCREMENT, AUTO_INCREMENT=32;

--
-- AUTO_INCREMENT de la tabla `stand`
--
ALTER TABLE `stand`
  MODIFY `idstand` int(11) NOT NULL AUTO_INCREMENT, AUTO_INCREMENT=4;

--
-- AUTO_INCREMENT de la tabla `visitantes`
--
ALTER TABLE `visitantes`
  MODIFY `idvisitantes` int(10) NOT NULL AUTO_INCREMENT, AUTO_INCREMENT=701;

--
-- AUTO_INCREMENT de la tabla `zonas`
--
ALTER TABLE `zonas`
  MODIFY `idzonas` int(11) NOT NULL AUTO_INCREMENT, AUTO_INCREMENT=8;
COMMIT;

